[Thu Jul 30 08:33:35.791048 2026] [core:error] [pid 2412505:tid 2412505] [client 20.104.16.169:48313] AH00124: Request exceeded the limit of 10 internal redirects due to probable configuration error. Use 'LimitInternalRecursion' to increase the limit if necessary. Use 'LogLevel debug' to get a backtrace.
[Thu Jul 30 08:33:35.941583 2026] [ssl:error] [pid 2411614:tid 2411614] (70014)End of file found: [client 216.73.216.199:63149] AH02013: coalesce failed to read from data bucket
[Thu Jul 30 08:33:36.190687 2026] [access_compat:error] [pid 2411373:tid 2411373] [client 20.48.234.177:34904] AH01797: client denied by server configuration: /home/thepryor/public_html/11PJcpMFsD8B.php
[Thu Jul 30 08:33:36.699622 2026] [ssl:error] [pid 2411410:tid 2411410] (EAI 2)Name or service not known: [client 144.76.19.72:20806] AH01972: could not resolve address of OCSP responder r10.o.lencr.org
[Thu Jul 30 08:33:36.699648 2026] [ssl:error] [pid 2411410:tid 2411410] AH01941: stapling_renew_response: responder error
[Thu Jul 30 08:33:36.757437 2026] [ssl:error] [pid 2411366:tid 2411366] (EAI 2)Name or service not known: [client 144.76.19.72:20820] AH01972: could not resolve address of OCSP responder r10.o.lencr.org
[Thu Jul 30 08:33:36.757470 2026] [ssl:error] [pid 2411366:tid 2411366] AH01941: stapling_renew_response: responder error
[Thu Jul 30 08:33:36.926179 2026] [access_compat:error] [pid 2411373:tid 2411373] [client 20.48.234.177:34904] AH01797: client denied by server configuration: /home/thepryor/public_html/8.php
[Thu Jul 30 08:33:37.332973 2026] [access_compat:error] [pid 2411128:tid 2411128] [client 106.215.157.145:15383] AH01797: client denied by server configuration: /home/thepryor/public_html/xmlrpc.php
[Thu Jul 30 08:33:37.759211 2026] [access_compat:error] [pid 2411373:tid 2411373] [client 20.48.234.177:34904] AH01797: client denied by server configuration: /home/thepryor/public_html/fnstall.php
[Thu Jul 30 08:33:37.857197 2026] [authz_core:error] [pid 2411412:tid 2411412] [client 57.141.0.20:39088] AH01630: client denied by server configuration: /home/candidejacobs/public_html/error_log
[Thu Jul 30 08:33:37.857844 2026] [authz_core:error] [pid 2411412:tid 2411412] [client 57.141.0.20:39088] AH01630: client denied by server configuration: /home/candidejacobs/public_html/php.ini
[Thu Jul 30 08:33:38.687599 2026] [access_compat:error] [pid 2411373:tid 2411373] [client 20.48.234.177:34904] AH01797: client denied by server configuration: /home/thepryor/public_html/edorxrr.php
[Thu Jul 30 08:33:39.168433 2026] [authz_core:error] [pid 2411410:tid 2411410] [client 57.141.0.19:46940] AH01630: client denied by server configuration: /home/candidejacobs/public_html/error_log
[Thu Jul 30 08:33:39.169055 2026] [authz_core:error] [pid 2411410:tid 2411410] [client 57.141.0.19:46940] AH01630: client denied by server configuration: /home/candidejacobs/public_html/php.ini
[Thu Jul 30 08:33:39.393151 2026] [security2:error] [pid 2410998:tid 2410998] [client 114.119.150.101:34177] ModSecurity: Access denied with code 403 (phase 1). Matched phrase "PetalBot" at REQUEST_HEADERS:User-Agent. [file "/etc/apache2/conf.d/modsec/modsec2.user.conf"] [line "2"] [id "1000001"] [msg "Bad Bot Blocked"] [hostname "www.localhero.org.uk"] [uri "/wp-content/uploads/2011/06/edin120001.jpg"] [unique_id "amr-U2bO7Ve-VHuiZF2ZcAAAABU"], referer: http://www.localhero.org.uk/2000/12/scotland-irc-channel-meet-edinburgh-22122000/edin120001/?ak_action=reject_mobile
[Thu Jul 30 08:33:39.481654 2026] [access_compat:error] [pid 2411373:tid 2411373] [client 20.48.234.177:34904] AH01797: client denied by server configuration: /home/thepryor/public_html/setup.php
[Thu Jul 30 08:33:39.814913 2026] [ssl:error] [pid 2412504:tid 2412504] (EAI 2)Name or service not known: [client 144.76.19.72:41590] AH01972: could not resolve address of OCSP responder r10.o.lencr.org
[Thu Jul 30 08:33:39.814944 2026] [ssl:error] [pid 2412504:tid 2412504] AH01941: stapling_renew_response: responder error
[Thu Jul 30 08:33:39.871005 2026] [ssl:error] [pid 2411410:tid 2411410] (EAI 2)Name or service not known: [client 144.76.19.72:41596] AH01972: could not resolve address of OCSP responder r10.o.lencr.org
[Thu Jul 30 08:33:39.871033 2026] [ssl:error] [pid 2411410:tid 2411410] AH01941: stapling_renew_response: responder error
[Thu Jul 30 08:33:39.925225 2026] [lsapi:warn] [pid 2412506:tid 2412506] [client 109.152.115.77:64773] [host brodie-engineering.co.uk] Backend log: PHP Warning: Unknown: write failed: Disk quota exceeded (122) in Unknown on line 0\n, referer: https://brodie-engineering.co.uk/vacancies/
[Thu Jul 30 08:33:39.925267 2026] [lsapi:warn] [pid 2412506:tid 2412506] [client 109.152.115.77:64773] [host brodie-engineering.co.uk] Backend log: PHP Warning: Unknown: Failed to write session data (files). Please verify that the current setting of session.save_path is correct (/tmp) in Unknown on line 0\n, referer: https://brodie-engineering.co.uk/vacancies/
[Thu Jul 30 08:33:40.255481 2026] [access_compat:error] [pid 2411373:tid 2411373] [client 20.48.234.177:34904] AH01797: client denied by server configuration: /home/thepryor/public_html/6.php
[Thu Jul 30 08:33:40.489016 2026] [core:error] [pid 2412502:tid 2412502] (13)Permission denied: [client 216.73.216.199:12501] AH00132: file permissions deny server access: /home/healthki/public_html/wp-includes/js/swfupload/1/2/sys/dev/char/4:40/subsystem/ttyS2/iomem_base
[Thu Jul 30 08:33:41.025797 2026] [access_compat:error] [pid 2411373:tid 2411373] [client 20.48.234.177:34904] AH01797: client denied by server configuration: /home/thepryor/public_html/w3lls.php
[Thu Jul 30 08:33:41.587016 2026] [ssl:error] [pid 2411149:tid 2411149] (70014)End of file found: [client 216.73.216.199:12648] AH02013: coalesce failed to read from data bucket
[Thu Jul 30 08:33:41.821963 2026] [access_compat:error] [pid 2411373:tid 2411373] [client 20.48.234.177:34904] AH01797: client denied by server configuration: /home/thepryor/public_html/99.php
[Thu Jul 30 08:33:42.182135 2026] [cgi:error] [pid 2412509:tid 2412509] [client 66.249.70.163:60248] AH02812: stderr from /home/eznoyveg/public_html/cgi-bin/: attempt to invoke directory as script
[Thu Jul 30 08:33:43.177166 2026] [access_compat:error] [pid 2414117:tid 2414117] [client 20.104.16.169:48304] AH01797: client denied by server configuration: /home/thepryor/public_html/dev2/ws78.php
[Thu Jul 30 08:33:43.177573 2026] [core:error] [pid 2414117:tid 2414117] [client 20.104.16.169:48304] AH00124: Request exceeded the limit of 10 internal redirects due to probable configuration error. Use 'LimitInternalRecursion' to increase the limit if necessary. Use 'LogLevel debug' to get a backtrace.
[Thu Jul 30 08:33:43.334724 2026] [access_compat:error] [pid 2411373:tid 2411373] [client 20.48.234.177:34904] AH01797: client denied by server configuration: /home/thepryor/public_html/media.php
[Thu Jul 30 08:33:43.427060 2026] [ssl:error] [pid 2411023:tid 2411023] (EAI 2)Name or service not known: [client 144.76.19.72:41610] AH01972: could not resolve address of OCSP responder r10.o.lencr.org
[Thu Jul 30 08:33:43.427105 2026] [ssl:error] [pid 2411023:tid 2411023] AH01941: stapling_renew_response: responder error
[Thu Jul 30 08:33:43.440234 2026] [lsapi:warn] [pid 2411128:tid 2411128] [client 217.165.124.222:0] [host revoracing.org.uk] Backend log: PHP Deprecated: Automatically populating $HTTP_RAW_POST_DATA is deprecated and will be removed in a future version. To avoid this warning set 'always_populate_raw_post_data' to '-1' in php.ini and use the php://input stream instead. in Unknown on line 0\n
[Thu Jul 30 08:33:43.622960 2026] [ssl:error] [pid 2412429:tid 2412429] (EAI 2)Name or service not known: [client 144.76.19.72:41626] AH01972: could not resolve address of OCSP responder r10.o.lencr.org
[Thu Jul 30 08:33:43.622989 2026] [ssl:error] [pid 2412429:tid 2412429] AH01941: stapling_renew_response: responder error
[Thu Jul 30 08:33:44.075773 2026] [access_compat:error] [pid 2412429:tid 2412429] [client 106.215.157.145:16909] AH01797: client denied by server configuration: /home/thepryor/public_html/xmlrpc.php
[Thu Jul 30 08:33:44.181359 2026] [authz_core:error] [pid 2411413:tid 2411413] [client 57.141.0.34:41178] AH01630: client denied by server configuration: /home/candidejacobs/public_html/error_log
[Thu Jul 30 08:33:44.181976 2026] [authz_core:error] [pid 2411413:tid 2411413] [client 57.141.0.34:41178] AH01630: client denied by server configuration: /home/candidejacobs/public_html/php.ini
[Thu Jul 30 08:33:44.266652 2026] [core:error] [pid 2414117:tid 2414117] (13)Permission denied: [client 216.73.216.199:31939] AH00132: file permissions deny server access: /home/healthki/public_html/wp-includes/js/swfupload/1/2/sys/class/tty/console/subsystem/ttyS2/custom_divisor
[Thu Jul 30 08:33:44.567137 2026] [ssl:error] [pid 2414117:tid 2414117] (5)Input/output error: [client 216.73.216.199:31939] AH02013: coalesce failed to read from data bucket
[Thu Jul 30 08:33:44.868609 2026] [ssl:error] [pid 2412502:tid 2412502] (70014)End of file found: [client 216.73.216.199:12501] AH02013: coalesce failed to read from data bucket
[Thu Jul 30 08:33:45.092104 2026] [access_compat:error] [pid 2411373:tid 2411373] [client 20.48.234.177:34904] AH01797: client denied by server configuration: /home/thepryor/public_html/222.php
[Thu Jul 30 08:33:45.835045 2026] [access_compat:error] [pid 2411373:tid 2411373] [client 20.48.234.177:34904] AH01797: client denied by server configuration: /home/thepryor/public_html/wp-load.php
[Thu Jul 30 08:33:46.195449 2026] [access_compat:error] [pid 2414920:tid 2414920] [client 20.104.16.169:48293] AH01797: client denied by server configuration: /home/thepryor/public_html/dev2/elp.php
[Thu Jul 30 08:33:46.195816 2026] [core:error] [pid 2414920:tid 2414920] [client 20.104.16.169:48293] AH00124: Request exceeded the limit of 10 internal redirects due to probable configuration error. Use 'LimitInternalRecursion' to increase the limit if necessary. Use 'LogLevel debug' to get a backtrace.
[Thu Jul 30 08:33:46.680483 2026] [ssl:error] [pid 2411128:tid 2411128] (EAI 2)Name or service not known: [client 144.76.19.72:41630] AH01972: could not resolve address of OCSP responder r10.o.lencr.org
[Thu Jul 30 08:33:46.680510 2026] [ssl:error] [pid 2411128:tid 2411128] AH01941: stapling_renew_response: responder error
[Thu Jul 30 08:33:46.796235 2026] [ssl:error] [pid 2410998:tid 2410998] (EAI 2)Name or service not known: [client 144.76.19.72:41638] AH01972: could not resolve address of OCSP responder r10.o.lencr.org
[Thu Jul 30 08:33:46.796260 2026] [ssl:error] [pid 2410998:tid 2410998] AH01941: stapling_renew_response: responder error
[Thu Jul 30 08:33:46.838011 2026] [authz_core:error] [pid 2411149:tid 2411149] [client 57.141.0.71:48052] AH01630: client denied by server configuration: /home/candidejacobs/public_html/error_log
[Thu Jul 30 08:33:46.838657 2026] [authz_core:error] [pid 2411149:tid 2411149] [client 57.141.0.71:48052] AH01630: client denied by server configuration: /home/candidejacobs/public_html/php.ini
[Thu Jul 30 08:33:47.131191 2026] [authz_core:error] [pid 2410998:tid 2410998] [client 57.141.0.17:39554] AH01630: client denied by server configuration: /home/candidejacobs/public_html/error_log
[Thu Jul 30 08:33:47.131819 2026] [authz_core:error] [pid 2410998:tid 2410998] [client 57.141.0.17:39554] AH01630: client denied by server configuration: /home/candidejacobs/public_html/php.ini
[Thu Jul 30 08:33:47.179259 2026] [access_compat:error] [pid 2411373:tid 2411373] [client 20.48.234.177:34904] AH01797: client denied by server configuration: /home/thepryor/public_html/memberfuns.php
[Thu Jul 30 08:33:47.743344 2026] [authz_core:error] [pid 2412471:tid 2412471] [client 66.249.66.35:38021] AH01630: client denied by server configuration: /home/healthki/public_html/error_log
[Thu Jul 30 08:33:47.746002 2026] [authz_core:error] [pid 2412471:tid 2412471] [client 66.249.66.35:38021] AH01630: client denied by server configuration: /home/healthki/public_html/php.ini
[Thu Jul 30 08:33:47.876241 2026] [access_compat:error] [pid 2411149:tid 2411149] [client 106.215.157.145:14521] AH01797: client denied by server configuration: /home/thepryor/public_html/xmlrpc.php
[Thu Jul 30 08:33:47.933798 2026] [access_compat:error] [pid 2411373:tid 2411373] [client 20.48.234.177:34904] AH01797: client denied by server configuration: /home/thepryor/public_html/orange3.php
[Thu Jul 30 08:33:48.201256 2026] [ssl:error] [pid 2414864:tid 2414864] (70014)End of file found: [client 216.73.216.199:55247] AH02013: coalesce failed to read from data bucket
[Thu Jul 30 08:33:48.349592 2026] [security2:error] [pid 2411023:tid 2411023] [client 74.7.242.5:40300] ModSecurity: Access denied with code 403 (phase 1). Matched phrase "GPTBot" at REQUEST_HEADERS:user-agent. [file "/etc/apache2/conf.d/modsec/modsec2.user.conf"] [line "2"] [id "1000001"] [msg "Bad Bot Blocked"] [hostname "liberator-no-email.com"] [uri "/"] [unique_id "amr-XL8HysstHLiPhJVFDwAAAAA"], referer: https://pagesearch.net
[Thu Jul 30 08:33:49.738279 2026] [access_compat:error] [pid 2411314:tid 2411314] [client 20.104.16.169:60786] AH01797: client denied by server configuration: /home/thepryor/public_html/dev2/atomlib.php
[Thu Jul 30 08:33:49.738637 2026] [core:error] [pid 2411314:tid 2411314] [client 20.104.16.169:60786] AH00124: Request exceeded the limit of 10 internal redirects due to probable configuration error. Use 'LimitInternalRecursion' to increase the limit if necessary. Use 'LogLevel debug' to get a backtrace.
[Thu Jul 30 08:33:49.765619 2026] [authz_core:error] [pid 2411585:tid 2411585] [client 57.141.0.4:20928] AH01630: client denied by server configuration: /home/candidejacobs/public_html/error_log
[Thu Jul 30 08:33:49.766253 2026] [authz_core:error] [pid 2411585:tid 2411585] [client 57.141.0.4:20928] AH01630: client denied by server configuration: /home/candidejacobs/public_html/php.ini
[Thu Jul 30 08:33:49.838095 2026] [access_compat:error] [pid 2411373:tid 2411373] [client 20.48.234.177:34904] AH01797: client denied by server configuration: /home/thepryor/public_html/wp-the.php
[Thu Jul 30 08:33:49.851340 2026] [ssl:error] [pid 2412503:tid 2412503] (EAI 2)Name or service not known: [client 144.76.19.72:46696] AH01972: could not resolve address of OCSP responder r10.o.lencr.org
[Thu Jul 30 08:33:49.851364 2026] [ssl:error] [pid 2412503:tid 2412503] AH01941: stapling_renew_response: responder error
[Thu Jul 30 08:33:49.903121 2026] [ssl:error] [pid 2411221:tid 2411221] (EAI 2)Name or service not known: [client 144.76.19.72:46698] AH01972: could not resolve address of OCSP responder r10.o.lencr.org
[Thu Jul 30 08:33:49.903149 2026] [ssl:error] [pid 2411221:tid 2411221] AH01941: stapling_renew_response: responder error
[Thu Jul 30 08:33:49.905348 2026] [ssl:error] [pid 2411317:tid 2411317] (70014)End of file found: [client 216.73.216.199:4048] AH02013: coalesce failed to read from data bucket
[Thu Jul 30 08:33:50.197118 2026] [ssl:error] [pid 2411613:tid 2411613] (70014)End of file found: [client 216.73.216.199:62830] AH02013: coalesce failed to read from data bucket
[Thu Jul 30 08:33:50.573028 2026] [access_compat:error] [pid 2411373:tid 2411373] [client 20.48.234.177:34904] AH01797: client denied by server configuration: /home/thepryor/public_html/crgio.php
[Thu Jul 30 08:33:51.039723 2026] [autoindex:error] [pid 2411614:tid 2411614] [client 20.220.15.170:17245] AH01276: Cannot serve directory /home/banskoex/public_html/blackseaexpress.com/.well-known/: No matching DirectoryIndex (index.php) found, and server-generated directory index forbidden by Options directive
[Thu Jul 30 08:33:51.066607 2026] [access_compat:error] [pid 2412504:tid 2412504] [client 45.158.164.139:44976] AH01797: client denied by server configuration: /home/thepryor/public_html/wp-cron.php
[Thu Jul 30 08:33:51.511705 2026] [access_compat:error] [pid 2412502:tid 2412502] [client 20.104.16.169:48299] AH01797: client denied by server configuration: /home/thepryor/public_html/dev2/wyzer3.php
[Thu Jul 30 08:33:51.512048 2026] [core:error] [pid 2412502:tid 2412502] [client 20.104.16.169:48299] AH00124: Request exceeded the limit of 10 internal redirects due to probable configuration error. Use 'LimitInternalRecursion' to increase the limit if necessary. Use 'LogLevel debug' to get a backtrace.
[Thu Jul 30 08:33:51.686387 2026] [access_compat:error] [pid 2411373:tid 2411373] [client 20.48.234.177:34904] AH01797: client denied by server configuration: /home/thepryor/public_html/ws13.php
[Thu Jul 30 08:33:52.260258 2026] [core:error] [pid 2412505:tid 2412505] [client 66.249.66.8:39714] AH00124: Request exceeded the limit of 10 internal redirects due to probable configuration error. Use 'LimitInternalRecursion' to increase the limit if necessary. Use 'LogLevel debug' to get a backtrace.
[Thu Jul 30 08:33:52.260284 2026] [core:error] [pid 2412505:tid 2412505] [client 66.249.66.8:39714] AH00124: Request exceeded the limit of 10 internal redirects due to probable configuration error. Use 'LimitInternalRecursion' to increase the limit if necessary. Use 'LogLevel debug' to get a backtrace.
[Thu Jul 30 08:33:52.428662 2026] [access_compat:error] [pid 2411373:tid 2411373] [client 20.48.234.177:34904] AH01797: client denied by server configuration: /home/thepryor/public_html/srontol.php
[Thu Jul 30 08:33:52.957989 2026] [ssl:error] [pid 2414117:tid 2414117] (EAI 2)Name or service not known: [client 144.76.19.72:46700] AH01972: could not resolve address of OCSP responder r10.o.lencr.org
[Thu Jul 30 08:33:52.958021 2026] [ssl:error] [pid 2414117:tid 2414117] AH01941: stapling_renew_response: responder error
[Thu Jul 30 08:33:52.960710 2026] [core:error] [pid 2411128:tid 2411128] [client 66.249.64.170:61409] AH00124: Request exceeded the limit of 10 internal redirects due to probable configuration error. Use 'LimitInternalRecursion' to increase the limit if necessary. Use 'LogLevel debug' to get a backtrace.
[Thu Jul 30 08:33:52.960733 2026] [core:error] [pid 2411128:tid 2411128] [client 66.249.64.170:61409] AH00124: Request exceeded the limit of 10 internal redirects due to probable configuration error. Use 'LimitInternalRecursion' to increase the limit if necessary. Use 'LogLevel debug' to get a backtrace.
[Thu Jul 30 08:33:53.015487 2026] [ssl:error] [pid 2411221:tid 2411221] (EAI 2)Name or service not known: [client 144.76.19.72:46712] AH01972: could not resolve address of OCSP responder r10.o.lencr.org
[Thu Jul 30 08:33:53.015529 2026] [ssl:error] [pid 2411221:tid 2411221] AH01941: stapling_renew_response: responder error
[Thu Jul 30 08:33:53.071286 2026] [lsapi:warn] [pid 2411419:tid 2411419] [client 217.165.124.222:0] [host revoracing.org.uk] Backend log: PHP Deprecated: Automatically populating $HTTP_RAW_POST_DATA is deprecated and will be removed in a future version. To avoid this warning set 'always_populate_raw_post_data' to '-1' in php.ini and use the php://input stream instead. in Unknown on line 0\n
[Thu Jul 30 08:33:53.171817 2026] [access_compat:error] [pid 2411373:tid 2411373] [client 20.48.234.177:34904] AH01797: client denied by server configuration: /home/thepryor/public_html/miru3.php
[Thu Jul 30 08:33:53.228004 2026] [authz_core:error] [pid 2412505:tid 2412505] [client 57.141.0.19:52960] AH01630: client denied by server configuration: /home/candidejacobs/public_html/error_log
[Thu Jul 30 08:33:53.228639 2026] [authz_core:error] [pid 2412505:tid 2412505] [client 57.141.0.19:52960] AH01630: client denied by server configuration: /home/candidejacobs/public_html/php.ini
[Thu Jul 30 08:33:53.935929 2026] [access_compat:error] [pid 2411373:tid 2411373] [client 20.48.234.177:34904] AH01797: client denied by server configuration: /home/thepryor/public_html/ingfo.php
[Thu Jul 30 08:33:54.239046 2026] [core:error] [pid 2412504:tid 2412504] (13)Permission denied: [client 216.73.216.199:60121] AH00132: file permissions deny server access: /home/healthki/public_html/wp-includes/js/swfupload/1/2/sys/kernel/slab/fanotify_event/order
[Thu Jul 30 08:33:54.580037 2026] [access_compat:error] [pid 2411373:tid 2411373] [client 20.48.234.177:34904] AH01797: client denied by server configuration: /home/thepryor/public_html/ey5.php
[Thu Jul 30 08:33:54.840491 2026] [ssl:error] [pid 2412504:tid 2412504] (70014)End of file found: [client 216.73.216.199:60121] AH02013: coalesce failed to read from data bucket
[Thu Jul 30 08:33:54.953189 2026] [access_compat:error] [pid 2412505:tid 2412505] [client 20.104.16.169:55495] AH01797: client denied by server configuration: /home/thepryor/public_html/dev2/max.php
[Thu Jul 30 08:33:54.953521 2026] [core:error] [pid 2412505:tid 2412505] [client 20.104.16.169:55495] AH00124: Request exceeded the limit of 10 internal redirects due to probable configuration error. Use 'LimitInternalRecursion' to increase the limit if necessary. Use 'LogLevel debug' to get a backtrace.
[Thu Jul 30 08:33:55.247969 2026] [access_compat:error] [pid 2411373:tid 2411373] [client 20.48.234.177:34904] AH01797: client denied by server configuration: /home/thepryor/public_html/fine.php
[Thu Jul 30 08:33:56.068625 2026] [ssl:error] [pid 2411614:tid 2411614] (EAI 2)Name or service not known: [client 144.76.19.72:46726] AH01972: could not resolve address of OCSP responder r10.o.lencr.org
[Thu Jul 30 08:33:56.068650 2026] [ssl:error] [pid 2411614:tid 2411614] AH01941: stapling_renew_response: responder error
[Thu Jul 30 08:33:56.125780 2026] [ssl:error] [pid 2411316:tid 2411316] (EAI 2)Name or service not known: [client 144.76.19.72:46742] AH01972: could not resolve address of OCSP responder r10.o.lencr.org
[Thu Jul 30 08:33:56.125805 2026] [ssl:error] [pid 2411316:tid 2411316] AH01941: stapling_renew_response: responder error
[Thu Jul 30 08:33:56.202314 2026] [core:error] [pid 2412472:tid 2412472] (13)Permission denied: [client 216.73.216.199:59473] AH00132: file permissions deny server access: /home/healthki/public_html/wp-includes/js/swfupload/1/2/sys/dev/char/5:0/subsystem/ttyS2/iomem_base
[Thu Jul 30 08:33:57.418299 2026] [access_compat:error] [pid 2411317:tid 2411317] [client 20.104.16.169:65447] AH01797: client denied by server configuration: /home/thepryor/public_html/dev2/ftde.php
[Thu Jul 30 08:33:57.418662 2026] [core:error] [pid 2411317:tid 2411317] [client 20.104.16.169:65447] AH00124: Request exceeded the limit of 10 internal redirects due to probable configuration error. Use 'LimitInternalRecursion' to increase the limit if necessary. Use 'LogLevel debug' to get a backtrace.
[Thu Jul 30 08:33:57.541872 2026] [cgi:error] [pid 2415485:tid 2415485] [client 20.220.15.170:17383] AH02812: stderr from /home/banskoex/public_html/blackseaexpress.com/cgi-bin/: attempt to invoke directory as script
[Thu Jul 30 08:33:57.846739 2026] [core:error] [pid 2412472:tid 2412472] (13)Permission denied: [client 216.73.216.199:59473] AH00132: file permissions deny server access: /home/healthki/public_html/wp-includes/js/swfupload/1/2/sys/module/drm_kms_helper/sections/__kcrctab
[Thu Jul 30 08:33:57.945874 2026] [authz_core:error] [pid 2414117:tid 2414117] [client 57.141.0.50:56566] AH01630: client denied by server configuration: /home/candidejacobs/public_html/error_log
[Thu Jul 30 08:33:57.946496 2026] [authz_core:error] [pid 2414117:tid 2414117] [client 57.141.0.50:56566] AH01630: client denied by server configuration: /home/candidejacobs/public_html/php.ini
[Thu Jul 30 08:33:58.320916 2026] [access_compat:error] [pid 2411613:tid 2411613] [client 106.215.157.145:31887] AH01797: client denied by server configuration: /home/thepryor/public_html/xmlrpc.php
[Thu Jul 30 08:34:00.184543 2026] [ssl:error] [pid 2412506:tid 2412506] (EAI 2)Name or service not known: [client 144.76.19.72:46754] AH01972: could not resolve address of OCSP responder r10.o.lencr.org
[Thu Jul 30 08:34:00.184579 2026] [ssl:error] [pid 2412506:tid 2412506] AH01941: stapling_renew_response: responder error
[Thu Jul 30 08:34:00.420955 2026] [authz_core:error] [pid 2412471:tid 2412471] [client 57.141.0.49:45228] AH01630: client denied by server configuration: /home/candidejacobs/public_html/error_log
[Thu Jul 30 08:34:00.421587 2026] [authz_core:error] [pid 2412471:tid 2412471] [client 57.141.0.49:45228] AH01630: client denied by server configuration: /home/candidejacobs/public_html/php.ini
[Thu Jul 30 08:34:01.143240 2026] [ssl:error] [pid 2411585:tid 2411585] (EAI 2)Name or service not known: [client 144.76.19.72:26774] AH01972: could not resolve address of OCSP responder r10.o.lencr.org
[Thu Jul 30 08:34:01.143265 2026] [ssl:error] [pid 2411585:tid 2411585] AH01941: stapling_renew_response: responder error
[Thu Jul 30 08:34:01.458578 2026] [ssl:error] [pid 2412472:tid 2412472] (70014)End of file found: [client 216.73.216.199:59473] AH02013: coalesce failed to read from data bucket
[Thu Jul 30 08:34:02.194774 2026] [security2:error] [pid 2411314:tid 2411314] [client 43.153.135.208:47306] ModSecurity: Warning. Pattern match "\\\\b(keep-alive|close),\\\\s?(keep-alive|close)\\\\b" at REQUEST_HEADERS:Connection. [file "/etc/apache2/conf.d/modsec_vendor_configs/OWASP3/rules/REQUEST-920-PROTOCOL-ENFORCEMENT.conf"] [line "198"] [id "920210"] [rev "2"] [msg "Multiple/Conflicting Connection Header Data Found."] [data "keep-alive, close"] [severity "WARNING"] [ver "OWASP_CRS/3.0.0"] [maturity "6"] [accuracy "8"] [tag "application-multi"] [tag "language-multi"] [tag "platform-multi"] [tag "attack-protocol"] [tag "OWASP_CRS/PROTOCOL_VIOLATION/INVALID_HREQ"] [hostname "borovetsexpress.com"] [uri "/"] [unique_id "amr-am7CcAQ8GcgVcTbhpwAAAA8"]
[Thu Jul 30 08:34:03.157036 2026] [security2:error] [pid 2412509:tid 2412509] [client 86.97.184.146:32812] ModSecurity: Warning. Operator EQ matched 0 at REQUEST_HEADERS. [file "/etc/apache2/conf.d/modsec_vendor_configs/OWASP3/rules/REQUEST-943-APPLICATION-ATTACK-SESSION-FIXATION.conf"] [line "38"] [id "943120"] [rev "2"] [msg "Possible Session Fixation Attack: SessionID Parameter Name with No Referer"] [data "Matched Data: phpsessid found within REQUEST_HEADERS: 0"] [severity "CRITICAL"] [ver "OWASP_CRS/3.0.0"] [maturity "2"] [accuracy "7"] [tag "application-multi"] [tag "language-multi"] [tag "platform-multi"] [tag "attack-fixation"] [tag "OWASP_CRS/WEB_ATTACK/SESSION_FIXATION"] [tag "WASCTC/WASC-37"] [tag "CAPEC-61"] [hostname "www.bigbangburgerbar.co.uk"] [uri "/Forum/index.php"] [unique_id "amr-aykbiwJMJ1lx9MIWCwAAADc"]
[Thu Jul 30 08:34:03.157093 2026] [security2:error] [pid 2412509:tid 2412509] [client 86.97.184.146:32812] ModSecurity: Access denied with code 403 (phase 2). Operator GE matched 5 at TX:anomaly_score. [file "/etc/apache2/conf.d/modsec_vendor_configs/OWASP3/rules/REQUEST-949-BLOCKING-EVALUATION.conf"] [line "30"] [id "949110"] [msg "Inbound Anomaly Score Exceeded (Total Score: 5)"] [severity "CRITICAL"] [tag "application-multi"] [tag "language-multi"] [tag "platform-multi"] [tag "attack-generic"] [hostname "www.bigbangburgerbar.co.uk"] [uri "/Forum/index.php"] [unique_id "amr-aykbiwJMJ1lx9MIWCwAAADc"]
[Thu Jul 30 08:34:03.157342 2026] [security2:error] [pid 2412509:tid 2412509] [client 86.97.184.146:32812] ModSecurity: Warning. Operator GE matched 5 at TX:inbound_anomaly_score. [file "/etc/apache2/conf.d/modsec_vendor_configs/OWASP3/rules/RESPONSE-980-CORRELATION.conf"] [line "37"] [id "980130"] [msg "Inbound Anomaly Score Exceeded (Total Inbound Score: 5 - SQLI=0,XSS=0,RFI=0,LFI=0,RCE=0,PHPI=0,HTTP=0,SESS=5): Possible Session Fixation Attack: SessionID Parameter Name with No Referer"] [tag "event-correlation"] [hostname "www.bigbangburgerbar.co.uk"] [uri "/403.shtml"] [unique_id "amr-aykbiwJMJ1lx9MIWCwAAADc"]
[Thu Jul 30 08:34:03.671312 2026] [lsapi:warn] [pid 2412505:tid 2412505] [client 217.165.124.222:0] [host revoracing.org.uk] Backend log: PHP Deprecated: Automatically populating $HTTP_RAW_POST_DATA is deprecated and will be removed in a future version. To avoid this warning set 'always_populate_raw_post_data' to '-1' in php.ini and use the php://input stream instead. in Unknown on line 0\n
[Thu Jul 30 08:34:03.689951 2026] [authz_core:error] [pid 2414864:tid 2414864] [client 57.141.0.46:32852] AH01630: client denied by server configuration: /home/candidejacobs/public_html/error_log
[Thu Jul 30 08:34:03.690580 2026] [authz_core:error] [pid 2414864:tid 2414864] [client 57.141.0.46:32852] AH01630: client denied by server configuration: /home/candidejacobs/public_html/php.ini
[Thu Jul 30 08:34:03.926306 2026] [authz_core:error] [pid 2415708:tid 2415708] [client 57.141.0.59:44796] AH01630: client denied by server configuration: /home/candidejacobs/public_html/error_log
[Thu Jul 30 08:34:03.926924 2026] [authz_core:error] [pid 2415708:tid 2415708] [client 57.141.0.59:44796] AH01630: client denied by server configuration: /home/candidejacobs/public_html/php.ini
[Thu Jul 30 08:34:03.955619 2026] [security2:error] [pid 2411373:tid 2411373] [client 43.153.135.208:50060] ModSecurity: Warning. Pattern match "\\\\b(keep-alive|close),\\\\s?(keep-alive|close)\\\\b" at REQUEST_HEADERS:Connection. [file "/etc/apache2/conf.d/modsec_vendor_configs/OWASP3/rules/REQUEST-920-PROTOCOL-ENFORCEMENT.conf"] [line "198"] [id "920210"] [rev "2"] [msg "Multiple/Conflicting Connection Header Data Found."] [data "keep-alive, close"] [severity "WARNING"] [ver "OWASP_CRS/3.0.0"] [maturity "6"] [accuracy "8"] [tag "application-multi"] [tag "language-multi"] [tag "platform-multi"] [tag "attack-protocol"] [tag "OWASP_CRS/PROTOCOL_VIOLATION/INVALID_HREQ"] [hostname "www.borovetsexpress.com"] [uri "/"] [unique_id "amr-a9EWCml9g6o0NKfG3wAAABw"], referer: http://borovetsexpress.com
[Thu Jul 30 08:34:04.094672 2026] [security2:error] [pid 2411314:tid 2411314] [client 114.119.136.69:31473] ModSecurity: Access denied with code 403 (phase 1). Matched phrase "PetalBot" at REQUEST_HEADERS:User-Agent. [file "/etc/apache2/conf.d/modsec/modsec2.user.conf"] [line "2"] [id "1000001"] [msg "Bad Bot Blocked"] [hostname "jeansandcasual.devwebsitehub.com"] [uri "/sitemap-item-803.xml"] [unique_id "amr-bG7CcAQ8GcgVcTbhqwAAAA8"]
[Thu Jul 30 08:34:04.231179 2026] [ssl:error] [pid 2415708:tid 2415708] (EAI 2)Name or service not known: [client 144.76.19.72:26788] AH01972: could not resolve address of OCSP responder r10.o.lencr.org
[Thu Jul 30 08:34:04.231228 2026] [ssl:error] [pid 2415708:tid 2415708] AH01941: stapling_renew_response: responder error
[Thu Jul 30 08:34:04.285404 2026] [ssl:error] [pid 2411221:tid 2411221] (EAI 2)Name or service not known: [client 144.76.19.72:26792] AH01972: could not resolve address of OCSP responder r10.o.lencr.org
[Thu Jul 30 08:34:04.285435 2026] [ssl:error] [pid 2411221:tid 2411221] AH01941: stapling_renew_response: responder error
[Thu Jul 30 08:34:04.776937 2026] [ssl:error] [pid 2415331:tid 2415331] (70014)End of file found: [client 216.73.216.199:40604] AH02013: coalesce failed to read from data bucket
[Thu Jul 30 08:34:05.033641 2026] [security2:error] [pid 2414832:tid 2414832] [client 123.25.147.57:45261] ModSecurity: Warning. Operator EQ matched 0 at REQUEST_HEADERS. [file "/etc/apache2/conf.d/modsec_vendor_configs/OWASP3/rules/REQUEST-943-APPLICATION-ATTACK-SESSION-FIXATION.conf"] [line "38"] [id "943120"] [rev "2"] [msg "Possible Session Fixation Attack: SessionID Parameter Name with No Referer"] [data "Matched Data: phpsessid found within REQUEST_HEADERS: 0"] [severity "CRITICAL"] [ver "OWASP_CRS/3.0.0"] [maturity "2"] [accuracy "7"] [tag "application-multi"] [tag "language-multi"] [tag "platform-multi"] [tag "attack-fixation"] [tag "OWASP_CRS/WEB_ATTACK/SESSION_FIXATION"] [tag "WASCTC/WASC-37"] [tag "CAPEC-61"] [hostname "www.bigbangburgerbar.co.uk"] [uri "/Forum/index.php"] [unique_id "amr-bXfoJAK2FyzpXel-RgAAAAs"]
[Thu Jul 30 08:34:05.033688 2026] [security2:error] [pid 2414832:tid 2414832] [client 123.25.147.57:45261] ModSecurity: Access denied with code 403 (phase 2). Operator GE matched 5 at TX:anomaly_score. [file "/etc/apache2/conf.d/modsec_vendor_configs/OWASP3/rules/REQUEST-949-BLOCKING-EVALUATION.conf"] [line "30"] [id "949110"] [msg "Inbound Anomaly Score Exceeded (Total Score: 5)"] [severity "CRITICAL"] [tag "application-multi"] [tag "language-multi"] [tag "platform-multi"] [tag "attack-generic"] [hostname "www.bigbangburgerbar.co.uk"] [uri "/Forum/index.php"] [unique_id "amr-bXfoJAK2FyzpXel-RgAAAAs"]
[Thu Jul 30 08:34:05.033928 2026] [security2:error] [pid 2414832:tid 2414832] [client 123.25.147.57:45261] ModSecurity: Warning. Operator GE matched 5 at TX:inbound_anomaly_score. [file "/etc/apache2/conf.d/modsec_vendor_configs/OWASP3/rules/RESPONSE-980-CORRELATION.conf"] [line "37"] [id "980130"] [msg "Inbound Anomaly Score Exceeded (Total Inbound Score: 5 - SQLI=0,XSS=0,RFI=0,LFI=0,RCE=0,PHPI=0,HTTP=0,SESS=5): Possible Session Fixation Attack: SessionID Parameter Name with No Referer"] [tag "event-correlation"] [hostname "www.bigbangburgerbar.co.uk"] [uri "/403.shtml"] [unique_id "amr-bXfoJAK2FyzpXel-RgAAAAs"]
[Thu Jul 30 08:34:05.078227 2026] [ssl:error] [pid 2415778:tid 2415778] (70014)End of file found: [client 216.73.216.199:57169] AH02013: coalesce failed to read from data bucket
[Thu Jul 30 08:34:06.578770 2026] [security2:error] [pid 2411023:tid 2411023] [client 216.73.216.199:47053] ModSecurity: Warning. String match within ".asa/ .asax/ .ascx/ .axd/ .backup/ .bak/ .bat/ .cdx/ .cer/ .cfg/ .cmd/ .com/ .config/ .conf/ .cs/ .csproj/ .csr/ .dat/ .db/ .dbf/ .dll/ .dos/ .htr/ .htw/ .ida/ .idc/ .idq/ .inc/ .ini/ .key/ .licx/ .lnk/ .log/ .mdb/ .old/ .pass/ .pdb/ .pol/ .printer/ .pwd/ .resources/ .resx/ .sql/ .sys/ .vb/ .vbs/ .vbproj/ .vsdisco/ .webinfo/ .xsd/ .xsx/" at TX:extension. [file "/etc/apache2/conf.d/modsec_vendor_configs/OWASP3/rules/REQUEST-920-PROTOCOL-ENFORCEMENT.conf"] [line "452"] [id "920440"] [rev "2"] [msg "URL file extension is restricted by policy"] [data ".conf"] [severity "CRITICAL"] [ver "OWASP_CRS/3.0.0"] [maturity "9"] [accuracy "9"] [tag "application-multi"] [tag "language-multi"] [tag "platform-multi"] [tag "attack-protocol"] [tag "OWASP_CRS/POLICY/EXT_RESTRICTED"] [tag "WASCTC/WASC-15"] [tag "OWASP_TOP_10/A7"] [tag "PCI/6.5.10"] [hostname "kinesiologylondon.co.uk"] [uri "/wp-includes/js/swfupload/1/2/proc/thread-self/root/etc/resolv.conf"] [unique_id "amr-br8HysstHLiPhJVFFQAAAAA"]
[Thu Jul 30 08:34:06.579059 2026] [security2:error] [pid 2411023:tid 2411023] [client 216.73.216.199:47053] ModSecurity: Access denied with code 403 (phase 2). Operator GE matched 5 at TX:anomaly_score. [file "/etc/apache2/conf.d/modsec_vendor_configs/OWASP3/rules/REQUEST-949-BLOCKING-EVALUATION.conf"] [line "30"] [id "949110"] [msg "Inbound Anomaly Score Exceeded (Total Score: 5)"] [severity "CRITICAL"] [tag "application-multi"] [tag "language-multi"] [tag "platform-multi"] [tag "attack-generic"] [hostname "kinesiologylondon.co.uk"] [uri "/wp-includes/js/swfupload/1/2/proc/thread-self/root/etc/resolv.conf"] [unique_id "amr-br8HysstHLiPhJVFFQAAAAA"]
[Thu Jul 30 08:34:06.579310 2026] [security2:error] [pid 2411023:tid 2411023] [client 216.73.216.199:47053] ModSecurity: Warning. Operator GE matched 5 at TX:inbound_anomaly_score. [file "/etc/apache2/conf.d/modsec_vendor_configs/OWASP3/rules/RESPONSE-980-CORRELATION.conf"] [line "37"] [id "980130"] [msg "Inbound Anomaly Score Exceeded (Total Inbound Score: 5 - SQLI=0,XSS=0,RFI=0,LFI=0,RCE=0,PHPI=0,HTTP=0,SESS=0): URL file extension is restricted by policy"] [tag "event-correlation"] [hostname "kinesiologylondon.co.uk"] [uri "/wp-includes/js/swfupload/1/2/proc/thread-self/root/etc/resolv.conf"] [unique_id "amr-br8HysstHLiPhJVFFQAAAAA"]
[Thu Jul 30 08:34:06.878648 2026] [core:error] [pid 2411023:tid 2411023] (13)Permission denied: [client 216.73.216.199:47053] AH00132: file permissions deny server access: /home/healthki/public_html/wp-includes/js/swfupload/1/2/sys/devices/system/memory/memory138/subsystem/uevent
[Thu Jul 30 08:34:07.340114 2026] [ssl:error] [pid 2414832:tid 2414832] (EAI 2)Name or service not known: [client 144.76.19.72:26804] AH01972: could not resolve address of OCSP responder r10.o.lencr.org
[Thu Jul 30 08:34:07.340151 2026] [ssl:error] [pid 2414832:tid 2414832] AH01941: stapling_renew_response: responder error
[Thu Jul 30 08:34:07.406141 2026] [ssl:error] [pid 2415833:tid 2415833] (EAI 2)Name or service not known: [client 144.76.19.72:26818] AH01972: could not resolve address of OCSP responder r10.o.lencr.org
[Thu Jul 30 08:34:07.406171 2026] [ssl:error] [pid 2415833:tid 2415833] AH01941: stapling_renew_response: responder error
[Thu Jul 30 08:34:07.783104 2026] [ssl:error] [pid 2411023:tid 2411023] (70014)End of file found: [client 216.73.216.199:47053] AH02013: coalesce failed to read from data bucket
[Thu Jul 30 08:34:08.121466 2026] [security2:error] [pid 2415708:tid 2415708] [client 114.119.130.183:32277] ModSecurity: Access denied with code 403 (phase 1). Matched phrase "PetalBot" at REQUEST_HEADERS:User-Agent. [file "/etc/apache2/conf.d/modsec/modsec2.user.conf"] [line "2"] [id "1000001"] [msg "Bad Bot Blocked"] [hostname "www.tyredandmotional.co.uk"] [uri "/sitemap.html"] [unique_id "amr-cOPouJ5_BOrIab5qjQAAACQ"]
[Thu Jul 30 08:34:08.325382 2026] [authz_core:error] [pid 2414864:tid 2414864] [client 57.141.0.56:22408] AH01630: client denied by server configuration: /home/candidejacobs/public_html/error_log
[Thu Jul 30 08:34:08.326194 2026] [authz_core:error] [pid 2414864:tid 2414864] [client 57.141.0.56:22408] AH01630: client denied by server configuration: /home/candidejacobs/public_html/php.ini
[Thu Jul 30 08:34:09.100807 2026] [security2:error] [pid 2412509:tid 2412509] [client 190.80.51.126:38143] ModSecurity: Warning. Operator EQ matched 0 at REQUEST_HEADERS. [file "/etc/apache2/conf.d/modsec_vendor_configs/OWASP3/rules/REQUEST-943-APPLICATION-ATTACK-SESSION-FIXATION.conf"] [line "38"] [id "943120"] [rev "2"] [msg "Possible Session Fixation Attack: SessionID Parameter Name with No Referer"] [data "Matched Data: phpsessid found within REQUEST_HEADERS: 0"] [severity "CRITICAL"] [ver "OWASP_CRS/3.0.0"] [maturity "2"] [accuracy "7"] [tag "application-multi"] [tag "language-multi"] [tag "platform-multi"] [tag "attack-fixation"] [tag "OWASP_CRS/WEB_ATTACK/SESSION_FIXATION"] [tag "WASCTC/WASC-37"] [tag "CAPEC-61"] [hostname "www.bigbangburgerbar.co.uk"] [uri "/Forum/index.php"] [unique_id "amr-cSkbiwJMJ1lx9MIWDAAAADc"]
[Thu Jul 30 08:34:09.100851 2026] [security2:error] [pid 2412509:tid 2412509] [client 190.80.51.126:38143] ModSecurity: Access denied with code 403 (phase 2). Operator GE matched 5 at TX:anomaly_score. [file "/etc/apache2/conf.d/modsec_vendor_configs/OWASP3/rules/REQUEST-949-BLOCKING-EVALUATION.conf"] [line "30"] [id "949110"] [msg "Inbound Anomaly Score Exceeded (Total Score: 5)"] [severity "CRITICAL"] [tag "application-multi"] [tag "language-multi"] [tag "platform-multi"] [tag "attack-generic"] [hostname "www.bigbangburgerbar.co.uk"] [uri "/Forum/index.php"] [unique_id "amr-cSkbiwJMJ1lx9MIWDAAAADc"]
[Thu Jul 30 08:34:09.101088 2026] [security2:error] [pid 2412509:tid 2412509] [client 190.80.51.126:38143] ModSecurity: Warning. Operator GE matched 5 at TX:inbound_anomaly_score. [file "/etc/apache2/conf.d/modsec_vendor_configs/OWASP3/rules/RESPONSE-980-CORRELATION.conf"] [line "37"] [id "980130"] [msg "Inbound Anomaly Score Exceeded (Total Inbound Score: 5 - SQLI=0,XSS=0,RFI=0,LFI=0,RCE=0,PHPI=0,HTTP=0,SESS=5): Possible Session Fixation Attack: SessionID Parameter Name with No Referer"] [tag "event-correlation"] [hostname "www.bigbangburgerbar.co.uk"] [uri "/403.shtml"] [unique_id "amr-cSkbiwJMJ1lx9MIWDAAAADc"]
[Thu Jul 30 08:34:09.101234 2026] [authz_core:error] [pid 2411149:tid 2411149] [client 57.141.0.51:22576] AH01630: client denied by server configuration: /home/candidejacobs/public_html/error_log
[Thu Jul 30 08:34:09.101929 2026] [authz_core:error] [pid 2411149:tid 2411149] [client 57.141.0.51:22576] AH01630: client denied by server configuration: /home/candidejacobs/public_html/php.ini
[Thu Jul 30 08:34:09.386746 2026] [security2:error] [pid 2415707:tid 2415707] [client 114.119.149.90:47047] ModSecurity: Access denied with code 403 (phase 1). Matched phrase "PetalBot" at REQUEST_HEADERS:User-Agent. [file "/etc/apache2/conf.d/modsec/modsec2.user.conf"] [line "2"] [id "1000001"] [msg "Bad Bot Blocked"] [hostname "tripodhome.co.uk"] [uri "/products/tin-parrot/"] [unique_id "amr-cdGMPIzkW9Q8EWcjlQAAACM"], referer: http://tripodhome.co.uk/product-category/figures
[Thu Jul 30 08:34:09.820033 2026] [security2:error] [pid 2415836:tid 2415836] [client 114.119.130.183:32287] ModSecurity: Access denied with code 403 (phase 1). Matched phrase "PetalBot" at REQUEST_HEADERS:User-Agent. [file "/etc/apache2/conf.d/modsec/modsec2.user.conf"] [line "2"] [id "1000001"] [msg "Bad Bot Blocked"] [hostname "www.tyredandmotional.co.uk"] [uri "/"] [unique_id "amr-cSTayAtUclV38DFDgwAAAD0"]
[Thu Jul 30 08:34:10.081589 2026] [access_compat:error] [pid 2412472:tid 2412472] [client 106.215.157.145:26208] AH01797: client denied by server configuration: /home/thepryor/public_html/xmlrpc.php
[Thu Jul 30 08:34:10.459879 2026] [ssl:error] [pid 2415331:tid 2415331] (EAI 2)Name or service not known: [client 144.76.19.72:32254] AH01972: could not resolve address of OCSP responder r10.o.lencr.org
[Thu Jul 30 08:34:10.459923 2026] [ssl:error] [pid 2415331:tid 2415331] AH01941: stapling_renew_response: responder error
[Thu Jul 30 08:34:10.517255 2026] [ssl:error] [pid 2411614:tid 2411614] (EAI 2)Name or service not known: [client 144.76.19.72:32266] AH01972: could not resolve address of OCSP responder r10.o.lencr.org
[Thu Jul 30 08:34:10.517283 2026] [ssl:error] [pid 2411614:tid 2411614] AH01941: stapling_renew_response: responder error
[Thu Jul 30 08:34:10.974284 2026] [authz_core:error] [pid 2411409:tid 2411409] [client 57.141.0.36:63960] AH01630: client denied by server configuration: /home/candidejacobs/public_html/error_log
[Thu Jul 30 08:34:10.975000 2026] [authz_core:error] [pid 2411409:tid 2411409] [client 57.141.0.36:63960] AH01630: client denied by server configuration: /home/candidejacobs/public_html/php.ini
[Thu Jul 30 08:34:13.298934 2026] [authz_core:error] [pid 2414918:tid 2414918] [client 57.141.0.20:46142] AH01630: client denied by server configuration: /home/candidejacobs/public_html/error_log
[Thu Jul 30 08:34:13.299556 2026] [authz_core:error] [pid 2414918:tid 2414918] [client 57.141.0.20:46142] AH01630: client denied by server configuration: /home/candidejacobs/public_html/php.ini
[Thu Jul 30 08:34:13.573456 2026] [ssl:error] [pid 2411023:tid 2411023] (EAI 2)Name or service not known: [client 144.76.19.72:32282] AH01972: could not resolve address of OCSP responder r10.o.lencr.org
[Thu Jul 30 08:34:13.573482 2026] [ssl:error] [pid 2411023:tid 2411023] AH01941: stapling_renew_response: responder error
[Thu Jul 30 08:34:13.625253 2026] [ssl:error] [pid 2414920:tid 2414920] (EAI 2)Name or service not known: [client 144.76.19.72:32296] AH01972: could not resolve address of OCSP responder r10.o.lencr.org
[Thu Jul 30 08:34:13.625298 2026] [ssl:error] [pid 2414920:tid 2414920] AH01941: stapling_renew_response: responder error
[Thu Jul 30 08:34:13.988395 2026] [authz_core:error] [pid 2411293:tid 2411293] [client 66.249.66.34:42910] AH01630: client denied by server configuration: /home/healthki/public_html/error_log
[Thu Jul 30 08:34:13.991224 2026] [authz_core:error] [pid 2411293:tid 2411293] [client 66.249.66.34:42910] AH01630: client denied by server configuration: /home/healthki/public_html/php.ini
[Thu Jul 30 08:34:14.247567 2026] [lsapi:warn] [pid 2413521:tid 2413521] [client 217.165.124.222:0] [host revoracing.org.uk] Backend log: PHP Deprecated: Automatically populating $HTTP_RAW_POST_DATA is deprecated and will be removed in a future version. To avoid this warning set 'always_populate_raw_post_data' to '-1' in php.ini and use the php://input stream instead. in Unknown on line 0\n
[Thu Jul 30 08:34:14.583530 2026] [authz_core:error] [pid 2414741:tid 2414741] [client 57.141.0.58:23330] AH01630: client denied by server configuration: /home/candidejacobs/public_html/error_log
[Thu Jul 30 08:34:14.584234 2026] [authz_core:error] [pid 2414741:tid 2414741] [client 57.141.0.58:23330] AH01630: client denied by server configuration: /home/candidejacobs/public_html/php.ini
[Thu Jul 30 08:34:14.585487 2026] [core:error] [pid 2412509:tid 2412509] (13)Permission denied: [client 216.73.216.199:25009] AH00132: file permissions deny server access: /home/healthki/public_html/wp-includes/js/swfupload/1/2/sys/kernel/slab/bio-280/slabs
[Thu Jul 30 08:34:14.684234 2026] [security2:error] [pid 2414920:tid 2414920] [client 101.33.81.73:41570] ModSecurity: Warning. Pattern match "\\\\b(keep-alive|close),\\\\s?(keep-alive|close)\\\\b" at REQUEST_HEADERS:Connection. [file "/etc/apache2/conf.d/modsec_vendor_configs/OWASP3/rules/REQUEST-920-PROTOCOL-ENFORCEMENT.conf"] [line "198"] [id "920210"] [rev "2"] [msg "Multiple/Conflicting Connection Header Data Found."] [data "keep-alive, close"] [severity "WARNING"] [ver "OWASP_CRS/3.0.0"] [maturity "6"] [accuracy "8"] [tag "application-multi"] [tag "language-multi"] [tag "platform-multi"] [tag "attack-protocol"] [tag "OWASP_CRS/PROTOCOL_VIOLATION/INVALID_HREQ"] [hostname "ogsoil.com"] [uri "/"] [unique_id "amr-dv5-Q52M3ddN8cOitgAAACk"]
[Thu Jul 30 08:34:14.885259 2026] [ssl:error] [pid 2412509:tid 2412509] (70014)End of file found: [client 216.73.216.199:25009] AH02013: coalesce failed to read from data bucket
[Thu Jul 30 08:34:14.951837 2026] [security2:error] [pid 2410998:tid 2410998] [client 47.128.41.94:13426] ModSecurity: Access denied with code 403 (phase 1). Matched phrase "Bytespider" at REQUEST_HEADERS:User-Agent. [file "/etc/apache2/conf.d/modsec/modsec2.user.conf"] [line "2"] [id "1000001"] [msg "Bad Bot Blocked"] [hostname "www.wmsfirearmstraining.com"] [uri "/tag/blog/"] [unique_id "amr-dmbO7Ve-VHuiZF2Z3AAAABU"]
[Thu Jul 30 08:34:16.677963 2026] [ssl:error] [pid 2411417:tid 2411417] (EAI 2)Name or service not known: [client 144.76.19.72:32298] AH01972: could not resolve address of OCSP responder r10.o.lencr.org
[Thu Jul 30 08:34:16.678024 2026] [ssl:error] [pid 2411417:tid 2411417] AH01941: stapling_renew_response: responder error
[Thu Jul 30 08:34:16.730241 2026] [ssl:error] [pid 2415776:tid 2415776] (EAI 2)Name or service not known: [client 144.76.19.72:32304] AH01972: could not resolve address of OCSP responder r10.o.lencr.org
[Thu Jul 30 08:34:16.730277 2026] [ssl:error] [pid 2415776:tid 2415776] AH01941: stapling_renew_response: responder error
[Thu Jul 30 08:34:17.159257 2026] [security2:error] [pid 2415660:tid 2415660] [client 47.128.41.94:16066] ModSecurity: Access denied with code 403 (phase 1). Matched phrase "Bytespider" at REQUEST_HEADERS:User-Agent. [file "/etc/apache2/conf.d/modsec/modsec2.user.conf"] [line "2"] [id "1000001"] [msg "Bad Bot Blocked"] [hostname "www.wmsfirearmstraining.com"] [uri "/wmsrb/wp-content/cache/wpfc-minified/k2bvsfnt/2m72k.css"] [unique_id "amr-eR5RGmrH_6Ekk1DvFAAAACE"], referer: https://www.wmsfirearmstraining.com/tag/blog/
[Thu Jul 30 08:34:17.302104 2026] [core:error] [pid 2412429:tid 2412429] (13)Permission denied: [client 216.73.216.199:6519] AH00132: file permissions deny server access: /home/healthki/public_html/wp-includes/js/swfupload/1/2/sys/kernel/slab/UDPLITEv6/destroy_by_rcu
[Thu Jul 30 08:34:17.412218 2026] [authz_core:error] [pid 2415836:tid 2415836] [client 57.141.0.29:23658] AH01630: client denied by server configuration: /home/candidejacobs/public_html/error_log
[Thu Jul 30 08:34:17.412844 2026] [authz_core:error] [pid 2415836:tid 2415836] [client 57.141.0.29:23658] AH01630: client denied by server configuration: /home/candidejacobs/public_html/php.ini
[Thu Jul 30 08:34:17.827423 2026] [security2:error] [pid 2415707:tid 2415707] [client 47.128.41.94:16902] ModSecurity: Access denied with code 403 (phase 1). Matched phrase "Bytespider" at REQUEST_HEADERS:User-Agent. [file "/etc/apache2/conf.d/modsec/modsec2.user.conf"] [line "2"] [id "1000001"] [msg "Bad Bot Blocked"] [hostname "www.wmsfirearmstraining.com"] [uri "/wmsrb/wp-content/uploads/2023/10/WMS-Logo-2023-3.jpg"] [unique_id "amr-edGMPIzkW9Q8EWcjlwAAACM"], referer: https://www.wmsfirearmstraining.com/tag/blog/
[Thu Jul 30 08:34:17.898715 2026] [core:error] [pid 2412429:tid 2412429] (13)Permission denied: [client 216.73.216.199:6519] AH00132: file permissions deny server access: /home/healthki/public_html/wp-includes/js/swfupload/1/2/sys/devices/system/memory/memory206/subsystem/uevent
[Thu Jul 30 08:34:18.199608 2026] [core:error] [pid 2412429:tid 2412429] (13)Permission denied: [client 216.73.216.199:6519] AH00132: file permissions deny server access: /home/healthki/public_html/wp-includes/js/swfupload/1/2/sys/devices/system/memory/memory141/subsystem/uevent
[Thu Jul 30 08:34:18.833403 2026] [security2:error] [pid 2413521:tid 2413521] [client 47.128.41.94:17904] ModSecurity: Access denied with code 403 (phase 1). Matched phrase "Bytespider" at REQUEST_HEADERS:User-Agent. [file "/etc/apache2/conf.d/modsec/modsec2.user.conf"] [line "2"] [id "1000001"] [msg "Bad Bot Blocked"] [hostname "www.wmsfirearmstraining.com"] [uri "/wmsrb/wp-content/uploads/2019/02/gallery-hero-1.jpg"] [unique_id "amr-emQh2bFfAbwnLtrgvwAAAAI"], referer: https://www.wmsfirearmstraining.com/tag/blog/
[Thu Jul 30 08:34:19.108356 2026] [core:error] [pid 2412429:tid 2412429] (13)Permission denied: [client 216.73.216.199:6519] AH00132: file permissions deny server access: /home/healthki/public_html/wp-includes/js/swfupload/1/2/sys/kernel/slab/audit_tree_mark/destroy_by_rcu
[Thu Jul 30 08:34:19.358582 2026] [access_compat:error] [pid 2411409:tid 2411409] [client 106.215.157.145:29729] AH01797: client denied by server configuration: /home/thepryor/public_html/xmlrpc.php
