[Thu Jul 30 08:32:45.946488 2026] [core:error] [pid 2411613:tid 2411613] (13)Permission denied: [client 216.73.216.199:38460] AH00132: file permissions deny server access: /home/healthki/public_html/wp-includes/js/swfupload/1/2/sys/kernel/slab/nf-frags/min_partial
[Thu Jul 30 08:32:46.273311 2026] [access_compat:error] [pid 2411023:tid 2411023] [client 20.48.234.177:34821] AH01797: client denied by server configuration: /home/thepryor/public_html/nano.php
[Thu Jul 30 08:32:46.481734 2026] [ssl:error] [pid 2411149:tid 2411149] (EAI 2)Name or service not known: [client 144.76.19.72:57430] AH01972: could not resolve address of OCSP responder r10.o.lencr.org
[Thu Jul 30 08:32:46.481760 2026] [ssl:error] [pid 2411149:tid 2411149] AH01941: stapling_renew_response: responder error
[Thu Jul 30 08:32:46.538926 2026] [ssl:error] [pid 2411412:tid 2411412] (EAI 2)Name or service not known: [client 144.76.19.72:57446] AH01972: could not resolve address of OCSP responder r10.o.lencr.org
[Thu Jul 30 08:32:46.538960 2026] [ssl:error] [pid 2411412:tid 2411412] AH01941: stapling_renew_response: responder error
[Thu Jul 30 08:32:46.689323 2026] [security2:error] [pid 2411416:tid 2411416] [client 43.157.156.190:55224] ModSecurity: Warning. Pattern match "\\\\b(keep-alive|close),\\\\s?(keep-alive|close)\\\\b" at REQUEST_HEADERS:Connection. [file "/etc/apache2/conf.d/modsec_vendor_configs/OWASP3/rules/REQUEST-920-PROTOCOL-ENFORCEMENT.conf"] [line "198"] [id "920210"] [rev "2"] [msg "Multiple/Conflicting Connection Header Data Found."] [data "keep-alive, close"] [severity "WARNING"] [ver "OWASP_CRS/3.0.0"] [maturity "6"] [accuracy "8"] [tag "application-multi"] [tag "language-multi"] [tag "platform-multi"] [tag "attack-protocol"] [tag "OWASP_CRS/PROTOCOL_VIOLATION/INVALID_HREQ"] [hostname "edwardkensington.com"] [uri "/"] [unique_id "amr-HpOP9e_1H840t9Gb-wAAACk"]
[Thu Jul 30 08:32:46.692053 2026] [core:crit] [pid 2411416:tid 2411416] (13)Permission denied: [client 43.157.156.190:55224] AH00529: /home/edbear/public_html/s2016__7af9720/.htaccess pcfg_openfile: unable to check htaccess file, ensure it is readable and that '/home/edbear/public_html/s2016__7af9720/' is executable
[Thu Jul 30 08:32:46.908536 2026] [core:error] [pid 2411417:tid 2411417] [client 20.104.16.169:48273] AH00124: Request exceeded the limit of 10 internal redirects due to probable configuration error. Use 'LimitInternalRecursion' to increase the limit if necessary. Use 'LogLevel debug' to get a backtrace.
[Thu Jul 30 08:32:46.908573 2026] [core:error] [pid 2411417:tid 2411417] [client 20.104.16.169:48273] AH00124: Request exceeded the limit of 10 internal redirects due to probable configuration error. Use 'LimitInternalRecursion' to increase the limit if necessary. Use 'LogLevel debug' to get a backtrace.
[Thu Jul 30 08:32:46.960677 2026] [core:error] [pid 2411243:tid 2411243] [client 66.249.64.172:64960] AH00124: Request exceeded the limit of 10 internal redirects due to probable configuration error. Use 'LimitInternalRecursion' to increase the limit if necessary. Use 'LogLevel debug' to get a backtrace.
[Thu Jul 30 08:32:46.960704 2026] [core:error] [pid 2411243:tid 2411243] [client 66.249.64.172:64960] AH00124: Request exceeded the limit of 10 internal redirects due to probable configuration error. Use 'LimitInternalRecursion' to increase the limit if necessary. Use 'LogLevel debug' to get a backtrace.
[Thu Jul 30 08:32:47.025980 2026] [access_compat:error] [pid 2411023:tid 2411023] [client 20.48.234.177:34821] AH01797: client denied by server configuration: /home/thepryor/public_html/moon.php
[Thu Jul 30 08:32:47.739865 2026] [authz_core:error] [pid 2411243:tid 2411243] [client 57.141.0.51:45880] AH01630: client denied by server configuration: /home/candidejacobs/public_html/error_log
[Thu Jul 30 08:32:47.740484 2026] [authz_core:error] [pid 2411243:tid 2411243] [client 57.141.0.51:45880] AH01630: client denied by server configuration: /home/candidejacobs/public_html/php.ini
[Thu Jul 30 08:32:47.802179 2026] [access_compat:error] [pid 2411023:tid 2411023] [client 20.48.234.177:34821] AH01797: client denied by server configuration: /home/thepryor/public_html/wp-info.php
[Thu Jul 30 08:32:48.194136 2026] [authz_core:error] [pid 2411317:tid 2411317] [client 57.141.0.31:57778] AH01630: client denied by server configuration: /home/candidejacobs/public_html/error_log
[Thu Jul 30 08:32:48.194782 2026] [authz_core:error] [pid 2411317:tid 2411317] [client 57.141.0.31:57778] AH01630: client denied by server configuration: /home/candidejacobs/public_html/php.ini
[Thu Jul 30 08:32:48.356306 2026] [ssl:error] [pid 2411613:tid 2411613] (70014)End of file found: [client 216.73.216.199:38460] AH02013: coalesce failed to read from data bucket
[Thu Jul 30 08:32:48.574281 2026] [access_compat:error] [pid 2411023:tid 2411023] [client 20.48.234.177:34821] AH01797: client denied by server configuration: /home/thepryor/public_html/file5.php
[Thu Jul 30 08:32:48.965179 2026] [core:error] [pid 2411415:tid 2411415] (13)Permission denied: [client 216.73.216.199:61352] AH00132: file permissions deny server access: /home/healthki/public_html/wp-includes/js/swfupload/1/2/sys/kernel/slab/dmaengine-unmap-128/aliases
[Thu Jul 30 08:32:49.121954 2026] [lsapi:warn] [pid 2411410:tid 2411410] [client 217.165.124.222:0] [host revoracing.org.uk] Backend log: PHP Deprecated: Automatically populating $HTTP_RAW_POST_DATA is deprecated and will be removed in a future version. To avoid this warning set 'always_populate_raw_post_data' to '-1' in php.ini and use the php://input stream instead. in Unknown on line 0\n
[Thu Jul 30 08:32:49.336273 2026] [access_compat:error] [pid 2411023:tid 2411023] [client 20.48.234.177:34821] AH01797: client denied by server configuration: /home/thepryor/public_html/2000.php
[Thu Jul 30 08:32:49.592613 2026] [ssl:error] [pid 2411538:tid 2411538] (EAI 2)Name or service not known: [client 144.76.19.72:51634] AH01972: could not resolve address of OCSP responder r10.o.lencr.org
[Thu Jul 30 08:32:49.592647 2026] [ssl:error] [pid 2411538:tid 2411538] AH01941: stapling_renew_response: responder error
[Thu Jul 30 08:32:49.647725 2026] [ssl:error] [pid 2411585:tid 2411585] (EAI 2)Name or service not known: [client 144.76.19.72:51650] AH01972: could not resolve address of OCSP responder r10.o.lencr.org
[Thu Jul 30 08:32:49.647759 2026] [ssl:error] [pid 2411585:tid 2411585] AH01941: stapling_renew_response: responder error
[Thu Jul 30 08:32:49.986796 2026] [access_compat:error] [pid 2411023:tid 2411023] [client 20.48.234.177:34821] AH01797: client denied by server configuration: /home/thepryor/public_html/122.php
[Thu Jul 30 08:32:50.501548 2026] [authz_core:error] [pid 2411370:tid 2411370] [client 57.141.0.40:24586] AH01630: client denied by server configuration: /home/candidejacobs/public_html/error_log
[Thu Jul 30 08:32:50.502214 2026] [authz_core:error] [pid 2411370:tid 2411370] [client 57.141.0.40:24586] AH01630: client denied by server configuration: /home/candidejacobs/public_html/php.ini
[Thu Jul 30 08:32:50.539955 2026] [access_compat:error] [pid 2411410:tid 2411410] [client 45.158.164.139:45006] AH01797: client denied by server configuration: /home/thepryor/public_html/wp-cron.php
[Thu Jul 30 08:32:51.063329 2026] [ssl:error] [pid 2411412:tid 2411412] (70014)End of file found: [client 216.73.216.199:8559] AH02013: coalesce failed to read from data bucket
[Thu Jul 30 08:32:51.111183 2026] [access_compat:error] [pid 2411023:tid 2411023] [client 20.48.234.177:34821] AH01797: client denied by server configuration: /home/thepryor/public_html/mds.php
[Thu Jul 30 08:32:51.365571 2026] [access_compat:error] [pid 2411585:tid 2411585] [client 106.215.157.145:10873] AH01797: client denied by server configuration: /home/thepryor/public_html/xmlrpc.php
[Thu Jul 30 08:32:51.665276 2026] [ssl:error] [pid 2411415:tid 2411415] (70014)End of file found: [client 216.73.216.199:61352] AH02013: coalesce failed to read from data bucket
[Thu Jul 30 08:32:52.066393 2026] [access_compat:error] [pid 2411023:tid 2411023] [client 20.48.234.177:34821] AH01797: client denied by server configuration: /home/thepryor/public_html/zc-208.php
[Thu Jul 30 08:32:52.213831 2026] [access_compat:error] [pid 2411000:tid 2411000] [client 20.104.16.169:60775] AH01797: client denied by server configuration: /home/thepryor/public_html/dev2/wp-class.php
[Thu Jul 30 08:32:52.214199 2026] [core:error] [pid 2411000:tid 2411000] [client 20.104.16.169:60775] AH00124: Request exceeded the limit of 10 internal redirects due to probable configuration error. Use 'LimitInternalRecursion' to increase the limit if necessary. Use 'LogLevel debug' to get a backtrace.
[Thu Jul 30 08:32:52.703111 2026] [ssl:error] [pid 2410998:tid 2410998] (EAI 2)Name or service not known: [client 144.76.19.72:51656] AH01972: could not resolve address of OCSP responder r10.o.lencr.org
[Thu Jul 30 08:32:52.703142 2026] [ssl:error] [pid 2410998:tid 2410998] AH01941: stapling_renew_response: responder error
[Thu Jul 30 08:32:52.758969 2026] [ssl:error] [pid 2411410:tid 2411410] (EAI 2)Name or service not known: [client 144.76.19.72:51672] AH01972: could not resolve address of OCSP responder r10.o.lencr.org
[Thu Jul 30 08:32:52.759004 2026] [ssl:error] [pid 2411410:tid 2411410] AH01941: stapling_renew_response: responder error
[Thu Jul 30 08:32:52.922431 2026] [access_compat:error] [pid 2411023:tid 2411023] [client 20.48.234.177:34821] AH01797: client denied by server configuration: /home/thepryor/public_html/sid4.php
[Thu Jul 30 08:32:53.693273 2026] [access_compat:error] [pid 2411023:tid 2411023] [client 20.48.234.177:34821] AH01797: client denied by server configuration: /home/thepryor/public_html/wp-includes/l10n/class-wp-translation-controller.php
[Thu Jul 30 08:32:53.693328 2026] [access_compat:error] [pid 2411023:tid 2411023] [client 20.48.234.177:34821] AH01797: client denied by server configuration: /home/thepryor/public_html/wp-includes/l10n/class-wp-translation-file.php
[Thu Jul 30 08:32:53.693353 2026] [authz_core:error] [pid 2411023:tid 2411023] [client 20.48.234.177:34821] AH01630: client denied by server configuration: /home/thepryor/public_html/wp-includes/l10n/error_log
[Thu Jul 30 08:32:53.693380 2026] [access_compat:error] [pid 2411023:tid 2411023] [client 20.48.234.177:34821] AH01797: client denied by server configuration: /home/thepryor/public_html/wp-includes/l10n/class-wp-translations.php
[Thu Jul 30 08:32:53.693414 2026] [access_compat:error] [pid 2411023:tid 2411023] [client 20.48.234.177:34821] AH01797: client denied by server configuration: /home/thepryor/public_html/wp-includes/l10n/class-wp-translation-file-php.php
[Thu Jul 30 08:32:53.693442 2026] [access_compat:error] [pid 2411023:tid 2411023] [client 20.48.234.177:34821] AH01797: client denied by server configuration: /home/thepryor/public_html/wp-includes/l10n/class-wp-translation-file-mo.php
[Thu Jul 30 08:32:53.732931 2026] [authz_core:error] [pid 2411585:tid 2411585] [client 57.141.0.44:23578] AH01630: client denied by server configuration: /home/candidejacobs/public_html/error_log
[Thu Jul 30 08:32:53.733556 2026] [authz_core:error] [pid 2411585:tid 2411585] [client 57.141.0.44:23578] AH01630: client denied by server configuration: /home/candidejacobs/public_html/php.ini
[Thu Jul 30 08:32:53.779451 2026] [access_compat:error] [pid 2411023:tid 2411023] [client 20.48.234.177:34821] AH01797: client denied by server configuration: /home/thepryor/public_html/wmore1.php
[Thu Jul 30 08:32:54.358311 2026] [security2:error] [pid 2411585:tid 2411585] [client 119.28.177.175:55806] ModSecurity: Warning. Pattern match "\\\\b(keep-alive|close),\\\\s?(keep-alive|close)\\\\b" at REQUEST_HEADERS:Connection. [file "/etc/apache2/conf.d/modsec_vendor_configs/OWASP3/rules/REQUEST-920-PROTOCOL-ENFORCEMENT.conf"] [line "198"] [id "920210"] [rev "2"] [msg "Multiple/Conflicting Connection Header Data Found."] [data "keep-alive, close"] [severity "WARNING"] [ver "OWASP_CRS/3.0.0"] [maturity "6"] [accuracy "8"] [tag "application-multi"] [tag "language-multi"] [tag "platform-multi"] [tag "attack-protocol"] [tag "OWASP_CRS/PROTOCOL_VIOLATION/INVALID_HREQ"] [hostname "annawelshagent.com"] [uri "/"] [unique_id "amr-JlgsytfYuBgF9tFdaAAAABY"]
[Thu Jul 30 08:32:54.527752 2026] [access_compat:error] [pid 2411023:tid 2411023] [client 20.48.234.177:34821] AH01797: client denied by server configuration: /home/thepryor/public_html/solo1.php
[Thu Jul 30 08:32:55.114994 2026] [security2:error] [pid 2411585:tid 2411585] [client 94.130.32.121:42714] ModSecurity: Warning. Operator EQ matched 0 at REQUEST_HEADERS. [file "/etc/apache2/conf.d/modsec_vendor_configs/OWASP3/rules/REQUEST-920-PROTOCOL-ENFORCEMENT.conf"] [line "368"] [id "920340"] [rev "3"] [msg "Request Containing Content, but Missing Content-Type header"] [severity "NOTICE"] [ver "OWASP_CRS/3.0.0"] [maturity "9"] [accuracy "9"] [tag "application-multi"] [tag "language-multi"] [tag "platform-multi"] [tag "attack-protocol"] [hostname "hornsey-town-hall.org.uk"] [uri "/xmlrpc.php"] [unique_id "amr-J1gsytfYuBgF9tFdaQAAABY"]
[Thu Jul 30 08:32:55.181621 2026] [access_compat:error] [pid 2411023:tid 2411023] [client 20.48.234.177:34821] AH01797: client denied by server configuration: /home/thepryor/public_html/wp-includes/assets/icon-library-manifest.php
[Thu Jul 30 08:32:55.181657 2026] [access_compat:error] [pid 2411023:tid 2411023] [client 20.48.234.177:34821] AH01797: client denied by server configuration: /home/thepryor/public_html/wp-includes/assets/script-modules-packages.php
[Thu Jul 30 08:32:55.181677 2026] [access_compat:error] [pid 2411023:tid 2411023] [client 20.48.234.177:34821] AH01797: client denied by server configuration: /home/thepryor/public_html/wp-includes/assets/script-loader-packages.php
[Thu Jul 30 08:32:55.330099 2026] [access_compat:error] [pid 2411317:tid 2411317] [client 106.215.157.145:12012] AH01797: client denied by server configuration: /home/thepryor/public_html/xmlrpc.php
[Thu Jul 30 08:32:55.437172 2026] [authz_core:error] [pid 2411128:tid 2411128] [client 57.141.0.30:34852] AH01630: client denied by server configuration: /home/candidejacobs/public_html/error_log
[Thu Jul 30 08:32:55.437793 2026] [authz_core:error] [pid 2411128:tid 2411128] [client 57.141.0.30:34852] AH01630: client denied by server configuration: /home/candidejacobs/public_html/php.ini
[Thu Jul 30 08:32:55.904136 2026] [ssl:error] [pid 2411419:tid 2411419] (EAI 2)Name or service not known: [client 144.76.19.72:51686] AH01972: could not resolve address of OCSP responder r10.o.lencr.org
[Thu Jul 30 08:32:55.904169 2026] [ssl:error] [pid 2411419:tid 2411419] AH01941: stapling_renew_response: responder error
[Thu Jul 30 08:32:56.164507 2026] [ssl:error] [pid 2411416:tid 2411416] (EAI 2)Name or service not known: [client 144.76.19.72:51690] AH01972: could not resolve address of OCSP responder r10.o.lencr.org
[Thu Jul 30 08:32:56.164541 2026] [ssl:error] [pid 2411416:tid 2411416] AH01941: stapling_renew_response: responder error
[Thu Jul 30 08:32:56.494587 2026] [access_compat:error] [pid 2411023:tid 2411023] [client 20.48.234.177:34821] AH01797: client denied by server configuration: /home/thepryor/public_html/output.php
[Thu Jul 30 08:32:56.920178 2026] [authz_core:error] [pid 2411002:tid 2411002] [client 57.141.0.44:23590] AH01630: client denied by server configuration: /home/candidejacobs/public_html/error_log
[Thu Jul 30 08:32:56.920800 2026] [authz_core:error] [pid 2411002:tid 2411002] [client 57.141.0.44:23590] AH01630: client denied by server configuration: /home/candidejacobs/public_html/php.ini
[Thu Jul 30 08:32:57.244340 2026] [access_compat:error] [pid 2411023:tid 2411023] [client 20.48.234.177:34821] AH01797: client denied by server configuration: /home/thepryor/public_html/wp-file-120.php
[Thu Jul 30 08:32:57.987886 2026] [ssl:error] [pid 2411370:tid 2411370] (70014)End of file found: [client 216.73.216.199:29846] AH02013: coalesce failed to read from data bucket
[Thu Jul 30 08:32:58.037858 2026] [access_compat:error] [pid 2411314:tid 2411314] [client 20.104.16.169:1668] AH01797: client denied by server configuration: /home/thepryor/public_html/dev2/as.php
[Thu Jul 30 08:32:58.038193 2026] [core:error] [pid 2411314:tid 2411314] [client 20.104.16.169:1668] AH00124: Request exceeded the limit of 10 internal redirects due to probable configuration error. Use 'LimitInternalRecursion' to increase the limit if necessary. Use 'LogLevel debug' to get a backtrace.
[Thu Jul 30 08:32:58.300674 2026] [access_compat:error] [pid 2411585:tid 2411585] [client 20.104.16.169:1531] AH01797: client denied by server configuration: /home/thepryor/public_html/dev2/k.php
[Thu Jul 30 08:32:58.300979 2026] [core:error] [pid 2411585:tid 2411585] [client 20.104.16.169:1531] AH00124: Request exceeded the limit of 10 internal redirects due to probable configuration error. Use 'LimitInternalRecursion' to increase the limit if necessary. Use 'LogLevel debug' to get a backtrace.
[Thu Jul 30 08:32:58.390279 2026] [authz_core:error] [pid 2411316:tid 2411316] [client 66.249.66.33:60832] AH01630: client denied by server configuration: /home/healthki/public_html/error_log
[Thu Jul 30 08:32:58.392977 2026] [authz_core:error] [pid 2411316:tid 2411316] [client 66.249.66.33:60832] AH01630: client denied by server configuration: /home/healthki/public_html/php.ini
[Thu Jul 30 08:32:58.574654 2026] [access_compat:error] [pid 2412471:tid 2412471] [client 20.104.16.169:1535] AH01797: client denied by server configuration: /home/thepryor/public_html/dev2/system_log.php
[Thu Jul 30 08:32:58.575104 2026] [core:error] [pid 2412471:tid 2412471] [client 20.104.16.169:1535] AH00124: Request exceeded the limit of 10 internal redirects due to probable configuration error. Use 'LimitInternalRecursion' to increase the limit if necessary. Use 'LogLevel debug' to get a backtrace.
[Thu Jul 30 08:32:58.593960 2026] [authz_core:error] [pid 2411264:tid 2411264] [client 57.141.0.63:38946] AH01630: client denied by server configuration: /home/candidejacobs/public_html/error_log
[Thu Jul 30 08:32:58.594590 2026] [authz_core:error] [pid 2411264:tid 2411264] [client 57.141.0.63:38946] AH01630: client denied by server configuration: /home/candidejacobs/public_html/php.ini
[Thu Jul 30 08:32:58.674348 2026] [core:error] [pid 2411314:tid 2411314] (13)Permission denied: [client 216.73.216.199:2369] AH00132: file permissions deny server access: /home/healthki/public_html/wp-includes/js/swfupload/1/2/sys/module/ata_piix/uevent
[Thu Jul 30 08:32:58.897981 2026] [access_compat:error] [pid 2411293:tid 2411293] [client 20.104.16.169:1490] AH01797: client denied by server configuration: /home/thepryor/public_html/dev2/x.php
[Thu Jul 30 08:32:58.898312 2026] [core:error] [pid 2411293:tid 2411293] [client 20.104.16.169:1490] AH00124: Request exceeded the limit of 10 internal redirects due to probable configuration error. Use 'LimitInternalRecursion' to increase the limit if necessary. Use 'LogLevel debug' to get a backtrace.
[Thu Jul 30 08:32:59.155033 2026] [access_compat:error] [pid 2411149:tid 2411149] [client 20.104.16.169:1685] AH01797: client denied by server configuration: /home/thepryor/public_html/dev2/autoload_classmap.php
[Thu Jul 30 08:32:59.155359 2026] [core:error] [pid 2411149:tid 2411149] [client 20.104.16.169:1685] AH00124: Request exceeded the limit of 10 internal redirects due to probable configuration error. Use 'LimitInternalRecursion' to increase the limit if necessary. Use 'LogLevel debug' to get a backtrace.
[Thu Jul 30 08:32:59.232540 2026] [access_compat:error] [pid 2411023:tid 2411023] [client 20.48.234.177:34821] AH01797: client denied by server configuration: /home/thepryor/public_html/as.php
[Thu Jul 30 08:32:59.242363 2026] [ssl:error] [pid 2411293:tid 2411293] (EAI 2)Name or service not known: [client 144.76.19.72:51706] AH01972: could not resolve address of OCSP responder r10.o.lencr.org
[Thu Jul 30 08:32:59.242403 2026] [ssl:error] [pid 2411293:tid 2411293] AH01941: stapling_renew_response: responder error
[Thu Jul 30 08:32:59.299957 2026] [ssl:error] [pid 2412471:tid 2412471] (EAI 2)Name or service not known: [client 144.76.19.72:51708] AH01972: could not resolve address of OCSP responder r10.o.lencr.org
[Thu Jul 30 08:32:59.299992 2026] [ssl:error] [pid 2412471:tid 2412471] AH01941: stapling_renew_response: responder error
[Thu Jul 30 08:32:59.321809 2026] [access_compat:error] [pid 2411585:tid 2411585] [client 20.104.16.169:65426] AH01797: client denied by server configuration: /home/thepryor/public_html/dev2/8.php
[Thu Jul 30 08:32:59.322150 2026] [core:error] [pid 2411585:tid 2411585] [client 20.104.16.169:65426] AH00124: Request exceeded the limit of 10 internal redirects due to probable configuration error. Use 'LimitInternalRecursion' to increase the limit if necessary. Use 'LogLevel debug' to get a backtrace.
[Thu Jul 30 08:32:59.411700 2026] [access_compat:error] [pid 2411149:tid 2411149] [client 20.104.16.169:1478] AH01797: client denied by server configuration: /home/thepryor/public_html/dev2/hosty.php
[Thu Jul 30 08:32:59.412018 2026] [core:error] [pid 2411149:tid 2411149] [client 20.104.16.169:1478] AH00124: Request exceeded the limit of 10 internal redirects due to probable configuration error. Use 'LimitInternalRecursion' to increase the limit if necessary. Use 'LogLevel debug' to get a backtrace.
[Thu Jul 30 08:32:59.700390 2026] [access_compat:error] [pid 2412473:tid 2412473] [client 20.104.16.169:1670] AH01797: client denied by server configuration: /home/thepryor/public_html/dev2/test1.php
[Thu Jul 30 08:32:59.700724 2026] [core:error] [pid 2412473:tid 2412473] [client 20.104.16.169:1670] AH00124: Request exceeded the limit of 10 internal redirects due to probable configuration error. Use 'LimitInternalRecursion' to increase the limit if necessary. Use 'LogLevel debug' to get a backtrace.
[Thu Jul 30 08:32:59.870492 2026] [lsapi:warn] [pid 2411149:tid 2411149] [client 217.165.124.222:0] [host revoracing.org.uk] Backend log: PHP Deprecated: Automatically populating $HTTP_RAW_POST_DATA is deprecated and will be removed in a future version. To avoid this warning set 'always_populate_raw_post_data' to '-1' in php.ini and use the php://input stream instead. in Unknown on line 0\n
[Thu Jul 30 08:32:59.968659 2026] [access_compat:error] [pid 2412503:tid 2412503] [client 20.104.16.169:1485] AH01797: client denied by server configuration: /home/thepryor/public_html/dev2/zwso.php
[Thu Jul 30 08:32:59.969116 2026] [core:error] [pid 2412503:tid 2412503] [client 20.104.16.169:1485] AH00124: Request exceeded the limit of 10 internal redirects due to probable configuration error. Use 'LimitInternalRecursion' to increase the limit if necessary. Use 'LogLevel debug' to get a backtrace.
[Thu Jul 30 08:33:00.233609 2026] [access_compat:error] [pid 2412473:tid 2412473] [client 20.104.16.169:1694] AH01797: client denied by server configuration: /home/thepryor/public_html/dev2/fpwch.php
[Thu Jul 30 08:33:00.233939 2026] [core:error] [pid 2412473:tid 2412473] [client 20.104.16.169:1694] AH00124: Request exceeded the limit of 10 internal redirects due to probable configuration error. Use 'LimitInternalRecursion' to increase the limit if necessary. Use 'LogLevel debug' to get a backtrace.
[Thu Jul 30 08:33:00.504330 2026] [core:error] [pid 2411373:tid 2411373] [client 20.104.16.169:1118] AH00124: Request exceeded the limit of 10 internal redirects due to probable configuration error. Use 'LimitInternalRecursion' to increase the limit if necessary. Use 'LogLevel debug' to get a backtrace.
[Thu Jul 30 08:33:00.504356 2026] [core:error] [pid 2411373:tid 2411373] [client 20.104.16.169:1118] AH00124: Request exceeded the limit of 10 internal redirects due to probable configuration error. Use 'LimitInternalRecursion' to increase the limit if necessary. Use 'LogLevel debug' to get a backtrace.
[Thu Jul 30 08:33:00.772569 2026] [access_compat:error] [pid 2411585:tid 2411585] [client 20.104.16.169:1094] AH01797: client denied by server configuration: /home/thepryor/public_html/dev2/wp-blog-header.php
[Thu Jul 30 08:33:00.772890 2026] [core:error] [pid 2411585:tid 2411585] [client 20.104.16.169:1094] AH00124: Request exceeded the limit of 10 internal redirects due to probable configuration error. Use 'LimitInternalRecursion' to increase the limit if necessary. Use 'LogLevel debug' to get a backtrace.
[Thu Jul 30 08:33:00.884428 2026] [authz_core:error] [pid 2410998:tid 2410998] [client 57.141.0.36:55632] AH01630: client denied by server configuration: /home/candidejacobs/public_html/error_log
[Thu Jul 30 08:33:00.885046 2026] [authz_core:error] [pid 2410998:tid 2410998] [client 57.141.0.36:55632] AH01630: client denied by server configuration: /home/candidejacobs/public_html/php.ini
[Thu Jul 30 08:33:01.035906 2026] [core:error] [pid 2412506:tid 2412506] [client 20.104.16.169:1530] AH00124: Request exceeded the limit of 10 internal redirects due to probable configuration error. Use 'LimitInternalRecursion' to increase the limit if necessary. Use 'LogLevel debug' to get a backtrace.
[Thu Jul 30 08:33:01.035942 2026] [core:error] [pid 2412506:tid 2412506] [client 20.104.16.169:1530] AH00124: Request exceeded the limit of 10 internal redirects due to probable configuration error. Use 'LimitInternalRecursion' to increase the limit if necessary. Use 'LogLevel debug' to get a backtrace.
[Thu Jul 30 08:33:01.297103 2026] [security2:error] [pid 2412505:tid 2412505] [client 43.157.149.188:53010] ModSecurity: Warning. Pattern match "\\\\b(keep-alive|close),\\\\s?(keep-alive|close)\\\\b" at REQUEST_HEADERS:Connection. [file "/etc/apache2/conf.d/modsec_vendor_configs/OWASP3/rules/REQUEST-920-PROTOCOL-ENFORCEMENT.conf"] [line "198"] [id "920210"] [rev "2"] [msg "Multiple/Conflicting Connection Header Data Found."] [data "keep-alive, close"] [severity "WARNING"] [ver "OWASP_CRS/3.0.0"] [maturity "6"] [accuracy "8"] [tag "application-multi"] [tag "language-multi"] [tag "platform-multi"] [tag "attack-protocol"] [tag "OWASP_CRS/PROTOCOL_VIOLATION/INVALID_HREQ"] [hostname "kirmond.com"] [uri "/"] [unique_id "amr-LY6lzEsOlVYAOAYgVwAAAC0"]
[Thu Jul 30 08:33:01.300754 2026] [authz_core:error] [pid 2412505:tid 2412505] [client 43.157.149.188:53010] AH01630: client denied by server configuration: /home/spampcou/public_html/php.ini
[Thu Jul 30 08:33:01.321492 2026] [core:error] [pid 2411366:tid 2411366] [client 20.104.16.169:1484] AH00124: Request exceeded the limit of 10 internal redirects due to probable configuration error. Use 'LimitInternalRecursion' to increase the limit if necessary. Use 'LogLevel debug' to get a backtrace.
[Thu Jul 30 08:33:01.321512 2026] [core:error] [pid 2411366:tid 2411366] [client 20.104.16.169:1484] AH00124: Request exceeded the limit of 10 internal redirects due to probable configuration error. Use 'LimitInternalRecursion' to increase the limit if necessary. Use 'LogLevel debug' to get a backtrace.
[Thu Jul 30 08:33:01.338477 2026] [access_compat:error] [pid 2411023:tid 2411023] [client 20.48.234.177:34821] AH01797: client denied by server configuration: /home/thepryor/public_html/w1px.php
[Thu Jul 30 08:33:01.589269 2026] [access_compat:error] [pid 2411373:tid 2411373] [client 20.104.16.169:1512] AH01797: client denied by server configuration: /home/thepryor/public_html/dev2/wp-signin.php
[Thu Jul 30 08:33:01.589607 2026] [core:error] [pid 2411373:tid 2411373] [client 20.104.16.169:1512] AH00124: Request exceeded the limit of 10 internal redirects due to probable configuration error. Use 'LimitInternalRecursion' to increase the limit if necessary. Use 'LogLevel debug' to get a backtrace.
[Thu Jul 30 08:33:01.862803 2026] [access_compat:error] [pid 2411317:tid 2411317] [client 20.104.16.169:1509] AH01797: client denied by server configuration: /home/thepryor/public_html/dev2/f35.php
[Thu Jul 30 08:33:01.863135 2026] [core:error] [pid 2411317:tid 2411317] [client 20.104.16.169:1509] AH00124: Request exceeded the limit of 10 internal redirects due to probable configuration error. Use 'LimitInternalRecursion' to increase the limit if necessary. Use 'LogLevel debug' to get a backtrace.
[Thu Jul 30 08:33:01.879148 2026] [access_compat:error] [pid 2411023:tid 2411023] [client 20.48.234.177:34821] AH01797: client denied by server configuration: /home/thepryor/public_html/w1px.php
[Thu Jul 30 08:33:02.134248 2026] [access_compat:error] [pid 2410998:tid 2410998] [client 20.104.16.169:1677] AH01797: client denied by server configuration: /home/thepryor/public_html/dev2/gg.php
[Thu Jul 30 08:33:02.134600 2026] [core:error] [pid 2410998:tid 2410998] [client 20.104.16.169:1677] AH00124: Request exceeded the limit of 10 internal redirects due to probable configuration error. Use 'LimitInternalRecursion' to increase the limit if necessary. Use 'LogLevel debug' to get a backtrace.
[Thu Jul 30 08:33:02.373272 2026] [ssl:error] [pid 2411315:tid 2411315] (EAI 2)Name or service not known: [client 144.76.19.72:34302] AH01972: could not resolve address of OCSP responder r10.o.lencr.org
[Thu Jul 30 08:33:02.373308 2026] [ssl:error] [pid 2411315:tid 2411315] AH01941: stapling_renew_response: responder error
[Thu Jul 30 08:33:02.403958 2026] [access_compat:error] [pid 2411414:tid 2411414] [client 20.104.16.169:1686] AH01797: client denied by server configuration: /home/thepryor/public_html/dev2/class.php
[Thu Jul 30 08:33:02.404320 2026] [core:error] [pid 2411414:tid 2411414] [client 20.104.16.169:1686] AH00124: Request exceeded the limit of 10 internal redirects due to probable configuration error. Use 'LimitInternalRecursion' to increase the limit if necessary. Use 'LogLevel debug' to get a backtrace.
[Thu Jul 30 08:33:02.427125 2026] [ssl:error] [pid 2412507:tid 2412507] (EAI 2)Name or service not known: [client 144.76.19.72:34312] AH01972: could not resolve address of OCSP responder r10.o.lencr.org
[Thu Jul 30 08:33:02.427150 2026] [ssl:error] [pid 2412507:tid 2412507] AH01941: stapling_renew_response: responder error
[Thu Jul 30 08:33:02.551947 2026] [authz_core:error] [pid 2411000:tid 2411000] [client 57.141.0.25:29904] AH01630: client denied by server configuration: /home/candidejacobs/public_html/error_log
[Thu Jul 30 08:33:02.552584 2026] [authz_core:error] [pid 2411000:tid 2411000] [client 57.141.0.25:29904] AH01630: client denied by server configuration: /home/candidejacobs/public_html/php.ini
[Thu Jul 30 08:33:02.658635 2026] [access_compat:error] [pid 2411023:tid 2411023] [client 20.48.234.177:34821] AH01797: client denied by server configuration: /home/thepryor/public_html/js.php
[Thu Jul 30 08:33:02.682458 2026] [access_compat:error] [pid 2412505:tid 2412505] [client 20.104.16.169:1493] AH01797: client denied by server configuration: /home/thepryor/public_html/dev2/flower.php
[Thu Jul 30 08:33:02.682796 2026] [core:error] [pid 2412505:tid 2412505] [client 20.104.16.169:1493] AH00124: Request exceeded the limit of 10 internal redirects due to probable configuration error. Use 'LimitInternalRecursion' to increase the limit if necessary. Use 'LogLevel debug' to get a backtrace.
[Thu Jul 30 08:33:02.969504 2026] [access_compat:error] [pid 2411128:tid 2411128] [client 20.104.16.169:1506] AH01797: client denied by server configuration: /home/thepryor/public_html/dev2/motu.php
[Thu Jul 30 08:33:02.969838 2026] [core:error] [pid 2411128:tid 2411128] [client 20.104.16.169:1506] AH00124: Request exceeded the limit of 10 internal redirects due to probable configuration error. Use 'LimitInternalRecursion' to increase the limit if necessary. Use 'LogLevel debug' to get a backtrace.
[Thu Jul 30 08:33:03.266792 2026] [access_compat:error] [pid 2411317:tid 2411317] [client 20.104.16.169:1522] AH01797: client denied by server configuration: /home/thepryor/public_html/dev2/404.php
[Thu Jul 30 08:33:03.267139 2026] [core:error] [pid 2411317:tid 2411317] [client 20.104.16.169:1522] AH00124: Request exceeded the limit of 10 internal redirects due to probable configuration error. Use 'LimitInternalRecursion' to increase the limit if necessary. Use 'LogLevel debug' to get a backtrace.
[Thu Jul 30 08:33:03.418913 2026] [access_compat:error] [pid 2411023:tid 2411023] [client 20.48.234.177:34821] AH01797: client denied by server configuration: /home/thepryor/public_html/core.php
[Thu Jul 30 08:33:03.528251 2026] [access_compat:error] [pid 2411413:tid 2411413] [client 20.104.16.169:1481] AH01797: client denied by server configuration: /home/thepryor/public_html/dev2/lite.php
[Thu Jul 30 08:33:03.528607 2026] [core:error] [pid 2411413:tid 2411413] [client 20.104.16.169:1481] AH00124: Request exceeded the limit of 10 internal redirects due to probable configuration error. Use 'LimitInternalRecursion' to increase the limit if necessary. Use 'LogLevel debug' to get a backtrace.
[Thu Jul 30 08:33:03.774543 2026] [access_compat:error] [pid 2412507:tid 2412507] [client 20.104.16.169:65469] AH01797: client denied by server configuration: /home/thepryor/public_html/dev2/bootstrap.php
[Thu Jul 30 08:33:03.774898 2026] [core:error] [pid 2412507:tid 2412507] [client 20.104.16.169:65469] AH00124: Request exceeded the limit of 10 internal redirects due to probable configuration error. Use 'LimitInternalRecursion' to increase the limit if necessary. Use 'LogLevel debug' to get a backtrace.
[Thu Jul 30 08:33:03.792496 2026] [access_compat:error] [pid 2411002:tid 2411002] [client 20.104.16.169:1088] AH01797: client denied by server configuration: /home/thepryor/public_html/dev2/lock360.php
[Thu Jul 30 08:33:03.792844 2026] [core:error] [pid 2411002:tid 2411002] [client 20.104.16.169:1088] AH00124: Request exceeded the limit of 10 internal redirects due to probable configuration error. Use 'LimitInternalRecursion' to increase the limit if necessary. Use 'LogLevel debug' to get a backtrace.
[Thu Jul 30 08:33:04.065786 2026] [core:error] [pid 2411406:tid 2411406] [client 20.104.16.169:1495] AH00124: Request exceeded the limit of 10 internal redirects due to probable configuration error. Use 'LimitInternalRecursion' to increase the limit if necessary. Use 'LogLevel debug' to get a backtrace.
[Thu Jul 30 08:33:04.065810 2026] [core:error] [pid 2411406:tid 2411406] [client 20.104.16.169:1495] AH00124: Request exceeded the limit of 10 internal redirects due to probable configuration error. Use 'LimitInternalRecursion' to increase the limit if necessary. Use 'LogLevel debug' to get a backtrace.
[Thu Jul 30 08:33:04.125972 2026] [security2:error] [pid 2411000:tid 2411000] [client 47.77.234.25:18563] ModSecurity: Warning. Operator EQ matched 0 at REQUEST_HEADERS. [file "/etc/apache2/conf.d/modsec_vendor_configs/OWASP3/rules/REQUEST-943-APPLICATION-ATTACK-SESSION-FIXATION.conf"] [line "38"] [id "943120"] [rev "2"] [msg "Possible Session Fixation Attack: SessionID Parameter Name with No Referer"] [data "Matched Data: phpsessid found within REQUEST_HEADERS: 0"] [severity "CRITICAL"] [ver "OWASP_CRS/3.0.0"] [maturity "2"] [accuracy "7"] [tag "application-multi"] [tag "language-multi"] [tag "platform-multi"] [tag "attack-fixation"] [tag "OWASP_CRS/WEB_ATTACK/SESSION_FIXATION"] [tag "WASCTC/WASC-37"] [tag "CAPEC-61"] [hostname "www.bigbangburgerbar.co.uk"] [uri "/Forum/index.php"] [unique_id "amr-MHg21ljbNlDE1VglHgAAACo"]
[Thu Jul 30 08:33:04.126048 2026] [security2:error] [pid 2411000:tid 2411000] [client 47.77.234.25:18563] ModSecurity: Access denied with code 403 (phase 2). Operator GE matched 5 at TX:anomaly_score. [file "/etc/apache2/conf.d/modsec_vendor_configs/OWASP3/rules/REQUEST-949-BLOCKING-EVALUATION.conf"] [line "30"] [id "949110"] [msg "Inbound Anomaly Score Exceeded (Total Score: 5)"] [severity "CRITICAL"] [tag "application-multi"] [tag "language-multi"] [tag "platform-multi"] [tag "attack-generic"] [hostname "www.bigbangburgerbar.co.uk"] [uri "/Forum/index.php"] [unique_id "amr-MHg21ljbNlDE1VglHgAAACo"]
[Thu Jul 30 08:33:04.126335 2026] [security2:error] [pid 2411000:tid 2411000] [client 47.77.234.25:18563] ModSecurity: Warning. Operator GE matched 5 at TX:inbound_anomaly_score. [file "/etc/apache2/conf.d/modsec_vendor_configs/OWASP3/rules/RESPONSE-980-CORRELATION.conf"] [line "37"] [id "980130"] [msg "Inbound Anomaly Score Exceeded (Total Inbound Score: 5 - SQLI=0,XSS=0,RFI=0,LFI=0,RCE=0,PHPI=0,HTTP=0,SESS=5): Possible Session Fixation Attack: SessionID Parameter Name with No Referer"] [tag "event-correlation"] [hostname "www.bigbangburgerbar.co.uk"] [uri "/403.shtml"] [unique_id "amr-MHg21ljbNlDE1VglHgAAACo"]
[Thu Jul 30 08:33:04.160620 2026] [access_compat:error] [pid 2411023:tid 2411023] [client 20.48.234.177:34821] AH01797: client denied by server configuration: /home/thepryor/public_html/fffm.php
[Thu Jul 30 08:33:04.226468 2026] [ssl:error] [pid 2411408:tid 2411408] (70014)End of file found: [client 216.73.216.199:65506] AH02013: coalesce failed to read from data bucket
[Thu Jul 30 08:33:04.326044 2026] [access_compat:error] [pid 2411316:tid 2411316] [client 20.104.16.169:1703] AH01797: client denied by server configuration: /home/thepryor/public_html/dev2/wp-links-opml.php
[Thu Jul 30 08:33:04.326375 2026] [core:error] [pid 2411316:tid 2411316] [client 20.104.16.169:1703] AH00124: Request exceeded the limit of 10 internal redirects due to probable configuration error. Use 'LimitInternalRecursion' to increase the limit if necessary. Use 'LogLevel debug' to get a backtrace.
[Thu Jul 30 08:33:04.610490 2026] [access_compat:error] [pid 2411370:tid 2411370] [client 20.104.16.169:1691] AH01797: client denied by server configuration: /home/thepryor/public_html/dev2/.alf.php
[Thu Jul 30 08:33:04.610839 2026] [core:error] [pid 2411370:tid 2411370] [client 20.104.16.169:1691] AH00124: Request exceeded the limit of 10 internal redirects due to probable configuration error. Use 'LimitInternalRecursion' to increase the limit if necessary. Use 'LogLevel debug' to get a backtrace.
[Thu Jul 30 08:33:04.886299 2026] [access_compat:error] [pid 2412507:tid 2412507] [client 20.104.16.169:1488] AH01797: client denied by server configuration: /home/thepryor/public_html/dev2/ws.php
[Thu Jul 30 08:33:04.886767 2026] [core:error] [pid 2412507:tid 2412507] [client 20.104.16.169:1488] AH00124: Request exceeded the limit of 10 internal redirects due to probable configuration error. Use 'LimitInternalRecursion' to increase the limit if necessary. Use 'LogLevel debug' to get a backtrace.
[Thu Jul 30 08:33:04.909317 2026] [access_compat:error] [pid 2411023:tid 2411023] [client 20.48.234.177:34821] AH01797: client denied by server configuration: /home/thepryor/public_html/ww.php
[Thu Jul 30 08:33:05.159273 2026] [core:error] [pid 2412472:tid 2412472] [client 20.104.16.169:1489] AH00124: Request exceeded the limit of 10 internal redirects due to probable configuration error. Use 'LimitInternalRecursion' to increase the limit if necessary. Use 'LogLevel debug' to get a backtrace.
[Thu Jul 30 08:33:05.159304 2026] [core:error] [pid 2412472:tid 2412472] [client 20.104.16.169:1489] AH00124: Request exceeded the limit of 10 internal redirects due to probable configuration error. Use 'LimitInternalRecursion' to increase the limit if necessary. Use 'LogLevel debug' to get a backtrace.
[Thu Jul 30 08:33:05.214291 2026] [ssl:error] [pid 2411406:tid 2411406] (70014)End of file found: [client 216.73.216.199:10916] AH02013: coalesce failed to read from data bucket
[Thu Jul 30 08:33:05.418055 2026] [access_compat:error] [pid 2411613:tid 2411613] [client 20.104.16.169:1413] AH01797: client denied by server configuration: /home/thepryor/public_html/dev2/ioxi-o.php
[Thu Jul 30 08:33:05.418393 2026] [core:error] [pid 2411613:tid 2411613] [client 20.104.16.169:1413] AH00124: Request exceeded the limit of 10 internal redirects due to probable configuration error. Use 'LimitInternalRecursion' to increase the limit if necessary. Use 'LogLevel debug' to get a backtrace.
[Thu Jul 30 08:33:05.485318 2026] [ssl:error] [pid 2411316:tid 2411316] (EAI 2)Name or service not known: [client 144.76.19.72:34320] AH01972: could not resolve address of OCSP responder r10.o.lencr.org
[Thu Jul 30 08:33:05.485346 2026] [ssl:error] [pid 2411316:tid 2411316] AH01941: stapling_renew_response: responder error
[Thu Jul 30 08:33:05.504656 2026] [ssl:error] [pid 2410999:tid 2410999] (70014)End of file found: [client 216.73.216.199:22163] AH02013: coalesce failed to read from data bucket
[Thu Jul 30 08:33:05.541543 2026] [ssl:error] [pid 2412506:tid 2412506] (EAI 2)Name or service not known: [client 144.76.19.72:34328] AH01972: could not resolve address of OCSP responder r10.o.lencr.org
[Thu Jul 30 08:33:05.541586 2026] [ssl:error] [pid 2412506:tid 2412506] AH01941: stapling_renew_response: responder error
[Thu Jul 30 08:33:05.553596 2026] [access_compat:error] [pid 2411023:tid 2411023] [client 20.48.234.177:34821] AH01797: client denied by server configuration: /home/thepryor/public_html/domvf.php
[Thu Jul 30 08:33:05.680216 2026] [access_compat:error] [pid 2412429:tid 2412429] [client 20.104.16.169:1673] AH01797: client denied by server configuration: /home/thepryor/public_html/dev2/ws54.php
[Thu Jul 30 08:33:05.680905 2026] [core:error] [pid 2412429:tid 2412429] [client 20.104.16.169:1673] AH00124: Request exceeded the limit of 10 internal redirects due to probable configuration error. Use 'LimitInternalRecursion' to increase the limit if necessary. Use 'LogLevel debug' to get a backtrace.
[Thu Jul 30 08:33:05.919527 2026] [access_compat:error] [pid 2412471:tid 2412471] [client 106.215.157.145:21160] AH01797: client denied by server configuration: /home/thepryor/public_html/xmlrpc.php
[Thu Jul 30 08:33:05.945875 2026] [access_compat:error] [pid 2411417:tid 2411417] [client 20.104.16.169:1681] AH01797: client denied by server configuration: /home/thepryor/public_html/dev2/155.php
[Thu Jul 30 08:33:05.946229 2026] [core:error] [pid 2411417:tid 2411417] [client 20.104.16.169:1681] AH00124: Request exceeded the limit of 10 internal redirects due to probable configuration error. Use 'LimitInternalRecursion' to increase the limit if necessary. Use 'LogLevel debug' to get a backtrace.
[Thu Jul 30 08:33:06.002623 2026] [access_compat:error] [pid 2411409:tid 2411409] [client 20.104.16.169:21774] AH01797: client denied by server configuration: /home/thepryor/public_html/dev2/wp-blog-header.php
[Thu Jul 30 08:33:06.002971 2026] [core:error] [pid 2411409:tid 2411409] [client 20.104.16.169:21774] AH00124: Request exceeded the limit of 10 internal redirects due to probable configuration error. Use 'LimitInternalRecursion' to increase the limit if necessary. Use 'LogLevel debug' to get a backtrace.
[Thu Jul 30 08:33:06.202997 2026] [core:error] [pid 2411420:tid 2411420] [client 20.104.16.169:1520] AH00124: Request exceeded the limit of 10 internal redirects due to probable configuration error. Use 'LimitInternalRecursion' to increase the limit if necessary. Use 'LogLevel debug' to get a backtrace.
[Thu Jul 30 08:33:06.203021 2026] [core:error] [pid 2411420:tid 2411420] [client 20.104.16.169:1520] AH00124: Request exceeded the limit of 10 internal redirects due to probable configuration error. Use 'LimitInternalRecursion' to increase the limit if necessary. Use 'LogLevel debug' to get a backtrace.
[Thu Jul 30 08:33:06.372178 2026] [access_compat:error] [pid 2411023:tid 2411023] [client 20.48.234.177:34821] AH01797: client denied by server configuration: /home/thepryor/public_html/echkm.php
[Thu Jul 30 08:33:06.411809 2026] [ssl:error] [pid 2410998:tid 2410998] (70014)End of file found: [client 216.73.216.199:15974] AH02013: coalesce failed to read from data bucket
[Thu Jul 30 08:33:06.470686 2026] [access_compat:error] [pid 2412472:tid 2412472] [client 20.104.16.169:1688] AH01797: client denied by server configuration: /home/thepryor/public_html/dev2/xmlrpc.php
[Thu Jul 30 08:33:06.471188 2026] [core:error] [pid 2412472:tid 2412472] [client 20.104.16.169:1688] AH00124: Request exceeded the limit of 10 internal redirects due to probable configuration error. Use 'LimitInternalRecursion' to increase the limit if necessary. Use 'LogLevel debug' to get a backtrace.
[Thu Jul 30 08:33:06.762029 2026] [authz_core:error] [pid 2411316:tid 2411316] [client 57.141.0.43:55296] AH01630: client denied by server configuration: /home/candidejacobs/public_html/error_log
[Thu Jul 30 08:33:06.762667 2026] [authz_core:error] [pid 2411316:tid 2411316] [client 57.141.0.43:55296] AH01630: client denied by server configuration: /home/candidejacobs/public_html/php.ini
[Thu Jul 30 08:33:06.783013 2026] [access_compat:error] [pid 2412506:tid 2412506] [client 20.104.16.169:1690] AH01797: client denied by server configuration: /home/thepryor/public_html/dev2/tinyfilemanager.php
[Thu Jul 30 08:33:06.783350 2026] [core:error] [pid 2412506:tid 2412506] [client 20.104.16.169:1690] AH00124: Request exceeded the limit of 10 internal redirects due to probable configuration error. Use 'LimitInternalRecursion' to increase the limit if necessary. Use 'LogLevel debug' to get a backtrace.
[Thu Jul 30 08:33:07.043689 2026] [access_compat:error] [pid 2411149:tid 2411149] [client 20.104.16.169:1687] AH01797: client denied by server configuration: /home/thepryor/public_html/dev2/hplfuns.php
[Thu Jul 30 08:33:07.044002 2026] [core:error] [pid 2411149:tid 2411149] [client 20.104.16.169:1687] AH00124: Request exceeded the limit of 10 internal redirects due to probable configuration error. Use 'LimitInternalRecursion' to increase the limit if necessary. Use 'LogLevel debug' to get a backtrace.
[Thu Jul 30 08:33:07.273749 2026] [access_compat:error] [pid 2411023:tid 2411023] [client 20.48.234.177:34821] AH01797: client denied by server configuration: /home/thepryor/public_html/ano.php
[Thu Jul 30 08:33:07.312433 2026] [access_compat:error] [pid 2412474:tid 2412474] [client 20.104.16.169:1496] AH01797: client denied by server configuration: /home/thepryor/public_html/dev2/bthil.php
[Thu Jul 30 08:33:07.312792 2026] [core:error] [pid 2412474:tid 2412474] [client 20.104.16.169:1496] AH00124: Request exceeded the limit of 10 internal redirects due to probable configuration error. Use 'LimitInternalRecursion' to increase the limit if necessary. Use 'LogLevel debug' to get a backtrace.
[Thu Jul 30 08:33:07.577659 2026] [access_compat:error] [pid 2411149:tid 2411149] [client 20.104.16.169:1675] AH01797: client denied by server configuration: /home/thepryor/public_html/dev2/cv.php
[Thu Jul 30 08:33:07.577971 2026] [core:error] [pid 2411149:tid 2411149] [client 20.104.16.169:1675] AH00124: Request exceeded the limit of 10 internal redirects due to probable configuration error. Use 'LimitInternalRecursion' to increase the limit if necessary. Use 'LogLevel debug' to get a backtrace.
[Thu Jul 30 08:33:07.858402 2026] [access_compat:error] [pid 2411293:tid 2411293] [client 20.104.16.169:1671] AH01797: client denied by server configuration: /home/thepryor/public_html/dev2/sf.php
[Thu Jul 30 08:33:07.858743 2026] [core:error] [pid 2411293:tid 2411293] [client 20.104.16.169:1671] AH00124: Request exceeded the limit of 10 internal redirects due to probable configuration error. Use 'LimitInternalRecursion' to increase the limit if necessary. Use 'LogLevel debug' to get a backtrace.
[Thu Jul 30 08:33:08.042828 2026] [authz_core:error] [pid 2411316:tid 2411316] [client 57.141.0.46:32354] AH01630: client denied by server configuration: /home/candidejacobs/public_html/error_log
[Thu Jul 30 08:33:08.043450 2026] [authz_core:error] [pid 2411316:tid 2411316] [client 57.141.0.46:32354] AH01630: client denied by server configuration: /home/candidejacobs/public_html/php.ini
[Thu Jul 30 08:33:08.050797 2026] [access_compat:error] [pid 2411023:tid 2411023] [client 20.48.234.177:34821] AH01797: client denied by server configuration: /home/thepryor/public_html/ah25.php
[Thu Jul 30 08:33:08.115033 2026] [access_compat:error] [pid 2411170:tid 2411170] [client 20.104.16.169:1518] AH01797: client denied by server configuration: /home/thepryor/public_html/dev2/wp-content.php
[Thu Jul 30 08:33:08.115398 2026] [core:error] [pid 2411170:tid 2411170] [client 20.104.16.169:1518] AH00124: Request exceeded the limit of 10 internal redirects due to probable configuration error. Use 'LimitInternalRecursion' to increase the limit if necessary. Use 'LogLevel debug' to get a backtrace.
[Thu Jul 30 08:33:08.135854 2026] [access_compat:error] [pid 2412397:tid 2412397] [client 20.104.16.169:59433] AH01797: client denied by server configuration: /home/thepryor/public_html/dev2/aa.php
[Thu Jul 30 08:33:08.136256 2026] [core:error] [pid 2412397:tid 2412397] [client 20.104.16.169:59433] AH00124: Request exceeded the limit of 10 internal redirects due to probable configuration error. Use 'LimitInternalRecursion' to increase the limit if necessary. Use 'LogLevel debug' to get a backtrace.
[Thu Jul 30 08:33:08.372232 2026] [core:error] [pid 2411293:tid 2411293] [client 20.104.16.169:1502] AH00124: Request exceeded the limit of 10 internal redirects due to probable configuration error. Use 'LimitInternalRecursion' to increase the limit if necessary. Use 'LogLevel debug' to get a backtrace.
[Thu Jul 30 08:33:08.372256 2026] [core:error] [pid 2411293:tid 2411293] [client 20.104.16.169:1502] AH00124: Request exceeded the limit of 10 internal redirects due to probable configuration error. Use 'LimitInternalRecursion' to increase the limit if necessary. Use 'LogLevel debug' to get a backtrace.
[Thu Jul 30 08:33:08.596638 2026] [ssl:error] [pid 2411585:tid 2411585] (EAI 2)Name or service not known: [client 144.76.19.72:34332] AH01972: could not resolve address of OCSP responder r10.o.lencr.org
[Thu Jul 30 08:33:08.596667 2026] [ssl:error] [pid 2411585:tid 2411585] AH01941: stapling_renew_response: responder error
