[Thu Jul 30 08:37:12.307953 2026] [lsapi:warn] [pid 2422022:tid 2422022] [client 34.174.16.200:53834] [host brodie-engineering.co.uk] Backend log: PHP Warning: Unknown: write failed: Disk quota exceeded (122) in Unknown on line 0\n, referer: http://brodie-engineering.co.uk/
[Thu Jul 30 08:37:12.308011 2026] [lsapi:warn] [pid 2422022:tid 2422022] [client 34.174.16.200:53834] [host brodie-engineering.co.uk] Backend log: PHP Warning: Unknown: Failed to write session data (files). Please verify that the current setting of session.save_path is correct (/tmp) in Unknown on line 0\n, referer: http://brodie-engineering.co.uk/
[Thu Jul 30 08:37:12.975161 2026] [authz_core:error] [pid 2412474:tid 2412474] [client 57.141.0.15:62434] AH01630: client denied by server configuration: /home/candidejacobs/public_html/error_log
[Thu Jul 30 08:37:12.975778 2026] [authz_core:error] [pid 2412474:tid 2412474] [client 57.141.0.15:62434] AH01630: client denied by server configuration: /home/candidejacobs/public_html/php.ini
[Thu Jul 30 08:37:13.124502 2026] [authz_core:error] [pid 2422885:tid 2422885] [client 57.141.0.22:54718] AH01630: client denied by server configuration: /home/candidejacobs/public_html/error_log
[Thu Jul 30 08:37:13.125147 2026] [authz_core:error] [pid 2422885:tid 2422885] [client 57.141.0.22:54718] AH01630: client denied by server configuration: /home/candidejacobs/public_html/php.ini
[Thu Jul 30 08:37:14.278707 2026] [security2:error] [pid 2412507:tid 2412507] [client 8.219.101.235:31909] ModSecurity: Warning. Operator EQ matched 0 at REQUEST_HEADERS. [file "/etc/apache2/conf.d/modsec_vendor_configs/OWASP3/rules/REQUEST-943-APPLICATION-ATTACK-SESSION-FIXATION.conf"] [line "38"] [id "943120"] [rev "2"] [msg "Possible Session Fixation Attack: SessionID Parameter Name with No Referer"] [data "Matched Data: phpsessid found within REQUEST_HEADERS: 0"] [severity "CRITICAL"] [ver "OWASP_CRS/3.0.0"] [maturity "2"] [accuracy "7"] [tag "application-multi"] [tag "language-multi"] [tag "platform-multi"] [tag "attack-fixation"] [tag "OWASP_CRS/WEB_ATTACK/SESSION_FIXATION"] [tag "WASCTC/WASC-37"] [tag "CAPEC-61"] [hostname "www.bigbangburgerbar.co.uk"] [uri "/Forum/index.php"] [unique_id "amr_KrqaA9Ba2AB974QW3gAAADU"]
[Thu Jul 30 08:37:14.278753 2026] [security2:error] [pid 2412507:tid 2412507] [client 8.219.101.235:31909] ModSecurity: Access denied with code 403 (phase 2). Operator GE matched 5 at TX:anomaly_score. [file "/etc/apache2/conf.d/modsec_vendor_configs/OWASP3/rules/REQUEST-949-BLOCKING-EVALUATION.conf"] [line "30"] [id "949110"] [msg "Inbound Anomaly Score Exceeded (Total Score: 5)"] [severity "CRITICAL"] [tag "application-multi"] [tag "language-multi"] [tag "platform-multi"] [tag "attack-generic"] [hostname "www.bigbangburgerbar.co.uk"] [uri "/Forum/index.php"] [unique_id "amr_KrqaA9Ba2AB974QW3gAAADU"]
[Thu Jul 30 08:37:14.278996 2026] [security2:error] [pid 2412507:tid 2412507] [client 8.219.101.235:31909] ModSecurity: Warning. Operator GE matched 5 at TX:inbound_anomaly_score. [file "/etc/apache2/conf.d/modsec_vendor_configs/OWASP3/rules/RESPONSE-980-CORRELATION.conf"] [line "37"] [id "980130"] [msg "Inbound Anomaly Score Exceeded (Total Inbound Score: 5 - SQLI=0,XSS=0,RFI=0,LFI=0,RCE=0,PHPI=0,HTTP=0,SESS=5): Possible Session Fixation Attack: SessionID Parameter Name with No Referer"] [tag "event-correlation"] [hostname "www.bigbangburgerbar.co.uk"] [uri "/403.shtml"] [unique_id "amr_KrqaA9Ba2AB974QW3gAAADU"]
[Thu Jul 30 08:37:14.360711 2026] [core:error] [pid 2419960:tid 2419960] (13)Permission denied: [client 216.73.216.199:9775] AH00132: file permissions deny server access: /home/healthki/public_html/wp-includes/js/swfupload/1/2/sys/kernel/slab/fanotify_event/red_zone
[Thu Jul 30 08:37:14.453930 2026] [ssl:error] [pid 2410999:tid 2410999] (EAI 2)Name or service not known: [client 144.76.19.72:53704] AH01972: could not resolve address of OCSP responder r10.o.lencr.org
[Thu Jul 30 08:37:14.453955 2026] [ssl:error] [pid 2410999:tid 2410999] AH01941: stapling_renew_response: responder error
[Thu Jul 30 08:37:14.548471 2026] [ssl:error] [pid 2411373:tid 2411373] (EAI 2)Name or service not known: [client 144.76.19.72:53718] AH01972: could not resolve address of OCSP responder r10.o.lencr.org
[Thu Jul 30 08:37:14.548501 2026] [ssl:error] [pid 2411373:tid 2411373] AH01941: stapling_renew_response: responder error
[Thu Jul 30 08:37:14.685777 2026] [lsapi:warn] [pid 2419081:tid 2419081] [client 217.165.124.222:0] [host revoracing.org.uk] Backend log: PHP Deprecated: Automatically populating $HTTP_RAW_POST_DATA is deprecated and will be removed in a future version. To avoid this warning set 'always_populate_raw_post_data' to '-1' in php.ini and use the php://input stream instead. in Unknown on line 0\n
[Thu Jul 30 08:37:15.236664 2026] [authz_core:error] [pid 2415778:tid 2415778] [client 66.249.66.33:63278] AH01630: client denied by server configuration: /home/healthki/public_html/error_log
[Thu Jul 30 08:37:15.239314 2026] [authz_core:error] [pid 2415778:tid 2415778] [client 66.249.66.33:63278] AH01630: client denied by server configuration: /home/healthki/public_html/php.ini
[Thu Jul 30 08:37:16.791270 2026] [security2:error] [pid 2423250:tid 2423250] [client 177.72.85.131:19528] ModSecurity: Warning. Operator EQ matched 0 at REQUEST_HEADERS. [file "/etc/apache2/conf.d/modsec_vendor_configs/OWASP3/rules/REQUEST-943-APPLICATION-ATTACK-SESSION-FIXATION.conf"] [line "38"] [id "943120"] [rev "2"] [msg "Possible Session Fixation Attack: SessionID Parameter Name with No Referer"] [data "Matched Data: phpsessid found within REQUEST_HEADERS: 0"] [severity "CRITICAL"] [ver "OWASP_CRS/3.0.0"] [maturity "2"] [accuracy "7"] [tag "application-multi"] [tag "language-multi"] [tag "platform-multi"] [tag "attack-fixation"] [tag "OWASP_CRS/WEB_ATTACK/SESSION_FIXATION"] [tag "WASCTC/WASC-37"] [tag "CAPEC-61"] [hostname "www.bigbangburgerbar.co.uk"] [uri "/Forum/index.php"] [unique_id "amr_LP8233Hh3pbQWVeyWQAAABU"]
[Thu Jul 30 08:37:16.791323 2026] [security2:error] [pid 2423250:tid 2423250] [client 177.72.85.131:19528] ModSecurity: Access denied with code 403 (phase 2). Operator GE matched 5 at TX:anomaly_score. [file "/etc/apache2/conf.d/modsec_vendor_configs/OWASP3/rules/REQUEST-949-BLOCKING-EVALUATION.conf"] [line "30"] [id "949110"] [msg "Inbound Anomaly Score Exceeded (Total Score: 5)"] [severity "CRITICAL"] [tag "application-multi"] [tag "language-multi"] [tag "platform-multi"] [tag "attack-generic"] [hostname "www.bigbangburgerbar.co.uk"] [uri "/Forum/index.php"] [unique_id "amr_LP8233Hh3pbQWVeyWQAAABU"]
[Thu Jul 30 08:37:16.791585 2026] [security2:error] [pid 2423250:tid 2423250] [client 177.72.85.131:19528] ModSecurity: Warning. Operator GE matched 5 at TX:inbound_anomaly_score. [file "/etc/apache2/conf.d/modsec_vendor_configs/OWASP3/rules/RESPONSE-980-CORRELATION.conf"] [line "37"] [id "980130"] [msg "Inbound Anomaly Score Exceeded (Total Inbound Score: 5 - SQLI=0,XSS=0,RFI=0,LFI=0,RCE=0,PHPI=0,HTTP=0,SESS=5): Possible Session Fixation Attack: SessionID Parameter Name with No Referer"] [tag "event-correlation"] [hostname "www.bigbangburgerbar.co.uk"] [uri "/403.shtml"] [unique_id "amr_LP8233Hh3pbQWVeyWQAAABU"]
[Thu Jul 30 08:37:17.600415 2026] [ssl:error] [pid 2420368:tid 2420368] (EAI 2)Name or service not known: [client 144.76.19.72:53732] AH01972: could not resolve address of OCSP responder r10.o.lencr.org
[Thu Jul 30 08:37:17.600453 2026] [ssl:error] [pid 2420368:tid 2420368] AH01941: stapling_renew_response: responder error
[Thu Jul 30 08:37:17.652282 2026] [ssl:error] [pid 2423330:tid 2423330] (EAI 2)Name or service not known: [client 144.76.19.72:53734] AH01972: could not resolve address of OCSP responder r10.o.lencr.org
[Thu Jul 30 08:37:17.652311 2026] [ssl:error] [pid 2423330:tid 2423330] AH01941: stapling_renew_response: responder error
[Thu Jul 30 08:37:18.178555 2026] [authz_core:error] [pid 2411415:tid 2411415] [client 66.249.66.34:44546] AH01630: client denied by server configuration: /home/healthki/public_html/error_log
[Thu Jul 30 08:37:18.181222 2026] [authz_core:error] [pid 2411415:tid 2411415] [client 66.249.66.34:44546] AH01630: client denied by server configuration: /home/healthki/public_html/php.ini
[Thu Jul 30 08:37:18.339472 2026] [access_compat:error] [pid 2423370:tid 2423370] [client 106.215.157.145:11532] AH01797: client denied by server configuration: /home/thepryor/public_html/xmlrpc.php
[Thu Jul 30 08:37:18.653865 2026] [authz_core:error] [pid 2420368:tid 2420368] [client 57.141.0.32:45934] AH01630: client denied by server configuration: /home/candidejacobs/public_html/error_log
[Thu Jul 30 08:37:18.654483 2026] [authz_core:error] [pid 2420368:tid 2420368] [client 57.141.0.32:45934] AH01630: client denied by server configuration: /home/candidejacobs/public_html/php.ini
[Thu Jul 30 08:37:19.178420 2026] [ssl:error] [pid 2419960:tid 2419960] (70014)End of file found: [client 216.73.216.199:9775] AH02013: coalesce failed to read from data bucket
[Thu Jul 30 08:37:19.523377 2026] [security2:error] [pid 2420367:tid 2420367] [client 31.155.153.217:60234] ModSecurity: Warning. Operator EQ matched 0 at REQUEST_HEADERS. [file "/etc/apache2/conf.d/modsec_vendor_configs/OWASP3/rules/REQUEST-943-APPLICATION-ATTACK-SESSION-FIXATION.conf"] [line "38"] [id "943120"] [rev "2"] [msg "Possible Session Fixation Attack: SessionID Parameter Name with No Referer"] [data "Matched Data: phpsessid found within REQUEST_HEADERS: 0"] [severity "CRITICAL"] [ver "OWASP_CRS/3.0.0"] [maturity "2"] [accuracy "7"] [tag "application-multi"] [tag "language-multi"] [tag "platform-multi"] [tag "attack-fixation"] [tag "OWASP_CRS/WEB_ATTACK/SESSION_FIXATION"] [tag "WASCTC/WASC-37"] [tag "CAPEC-61"] [hostname "www.bigbangburgerbar.co.uk"] [uri "/Forum/index.php"] [unique_id "amr_LySe2NSLL34J1qvSVAAAACo"]
[Thu Jul 30 08:37:19.523423 2026] [security2:error] [pid 2420367:tid 2420367] [client 31.155.153.217:60234] ModSecurity: Access denied with code 403 (phase 2). Operator GE matched 5 at TX:anomaly_score. [file "/etc/apache2/conf.d/modsec_vendor_configs/OWASP3/rules/REQUEST-949-BLOCKING-EVALUATION.conf"] [line "30"] [id "949110"] [msg "Inbound Anomaly Score Exceeded (Total Score: 5)"] [severity "CRITICAL"] [tag "application-multi"] [tag "language-multi"] [tag "platform-multi"] [tag "attack-generic"] [hostname "www.bigbangburgerbar.co.uk"] [uri "/Forum/index.php"] [unique_id "amr_LySe2NSLL34J1qvSVAAAACo"]
[Thu Jul 30 08:37:19.523683 2026] [security2:error] [pid 2420367:tid 2420367] [client 31.155.153.217:60234] ModSecurity: Warning. Operator GE matched 5 at TX:inbound_anomaly_score. [file "/etc/apache2/conf.d/modsec_vendor_configs/OWASP3/rules/RESPONSE-980-CORRELATION.conf"] [line "37"] [id "980130"] [msg "Inbound Anomaly Score Exceeded (Total Inbound Score: 5 - SQLI=0,XSS=0,RFI=0,LFI=0,RCE=0,PHPI=0,HTTP=0,SESS=5): Possible Session Fixation Attack: SessionID Parameter Name with No Referer"] [tag "event-correlation"] [hostname "www.bigbangburgerbar.co.uk"] [uri "/403.shtml"] [unique_id "amr_LySe2NSLL34J1qvSVAAAACo"]
[Thu Jul 30 08:37:20.081337 2026] [ssl:error] [pid 2412506:tid 2412506] (70014)End of file found: [client 216.73.216.199:6600] AH02013: coalesce failed to read from data bucket
[Thu Jul 30 08:37:20.679039 2026] [ssl:error] [pid 2420712:tid 2420712] (5)Input/output error: [client 216.73.216.199:20231] AH02013: coalesce failed to read from data bucket
[Thu Jul 30 08:37:20.708683 2026] [ssl:error] [pid 2414865:tid 2414865] (EAI 2)Name or service not known: [client 144.76.19.72:54484] AH01972: could not resolve address of OCSP responder r10.o.lencr.org
[Thu Jul 30 08:37:20.708721 2026] [ssl:error] [pid 2414865:tid 2414865] AH01941: stapling_renew_response: responder error
[Thu Jul 30 08:37:20.764601 2026] [ssl:error] [pid 2422379:tid 2422379] (EAI 2)Name or service not known: [client 144.76.19.72:54488] AH01972: could not resolve address of OCSP responder r10.o.lencr.org
[Thu Jul 30 08:37:20.764634 2026] [ssl:error] [pid 2422379:tid 2422379] AH01941: stapling_renew_response: responder error
[Thu Jul 30 08:37:22.789904 2026] [authz_core:error] [pid 2423250:tid 2423250] [client 57.141.0.26:64242] AH01630: client denied by server configuration: /home/candidejacobs/public_html/error_log
[Thu Jul 30 08:37:22.790531 2026] [authz_core:error] [pid 2423250:tid 2423250] [client 57.141.0.26:64242] AH01630: client denied by server configuration: /home/candidejacobs/public_html/php.ini
[Thu Jul 30 08:37:23.800802 2026] [authz_core:error] [pid 2423250:tid 2423250] [client 57.141.0.39:43396] AH01630: client denied by server configuration: /home/candidejacobs/public_html/error_log
[Thu Jul 30 08:37:23.801425 2026] [authz_core:error] [pid 2423250:tid 2423250] [client 57.141.0.39:43396] AH01630: client denied by server configuration: /home/candidejacobs/public_html/php.ini
[Thu Jul 30 08:37:23.817905 2026] [ssl:error] [pid 2411415:tid 2411415] (EAI 2)Name or service not known: [client 144.76.19.72:54498] AH01972: could not resolve address of OCSP responder r10.o.lencr.org
[Thu Jul 30 08:37:23.817928 2026] [ssl:error] [pid 2411415:tid 2411415] AH01941: stapling_renew_response: responder error
[Thu Jul 30 08:37:23.871471 2026] [ssl:error] [pid 2410999:tid 2410999] (EAI 2)Name or service not known: [client 144.76.19.72:54506] AH01972: could not resolve address of OCSP responder r10.o.lencr.org
[Thu Jul 30 08:37:23.871498 2026] [ssl:error] [pid 2410999:tid 2410999] AH01941: stapling_renew_response: responder error
[Thu Jul 30 08:37:23.972196 2026] [authz_core:error] [pid 2412472:tid 2412472] [client 57.141.0.61:39602] AH01630: client denied by server configuration: /home/candidejacobs/public_html/error_log
[Thu Jul 30 08:37:23.972812 2026] [authz_core:error] [pid 2412472:tid 2412472] [client 57.141.0.61:39602] AH01630: client denied by server configuration: /home/candidejacobs/public_html/php.ini
[Thu Jul 30 08:37:24.318585 2026] [core:error] [pid 2423145:tid 2423145] [client 66.249.66.8:49429] AH00124: Request exceeded the limit of 10 internal redirects due to probable configuration error. Use 'LimitInternalRecursion' to increase the limit if necessary. Use 'LogLevel debug' to get a backtrace.
[Thu Jul 30 08:37:24.318611 2026] [core:error] [pid 2423145:tid 2423145] [client 66.249.66.8:49429] AH00124: Request exceeded the limit of 10 internal redirects due to probable configuration error. Use 'LimitInternalRecursion' to increase the limit if necessary. Use 'LogLevel debug' to get a backtrace.
[Thu Jul 30 08:37:24.529616 2026] [core:error] [pid 2412472:tid 2412472] (13)Permission denied: [client 216.73.216.199:1185] AH00132: file permissions deny server access: /home/healthki/public_html/wp-includes/js/swfupload/1/2/sys/kernel/slab/xfs_cud_item/trace
[Thu Jul 30 08:37:24.613752 2026] [access_compat:error] [pid 2410999:tid 2410999] [client 106.215.157.145:18956] AH01797: client denied by server configuration: /home/thepryor/public_html/xmlrpc.php
[Thu Jul 30 08:37:25.214035 2026] [ssl:error] [pid 2412472:tid 2412472] (70014)End of file found: [client 216.73.216.199:1185] AH02013: coalesce failed to read from data bucket
[Thu Jul 30 08:37:25.294949 2026] [lsapi:warn] [pid 2419960:tid 2419960] [client 217.165.124.222:0] [host revoracing.org.uk] Backend log: PHP Deprecated: Automatically populating $HTTP_RAW_POST_DATA is deprecated and will be removed in a future version. To avoid this warning set 'always_populate_raw_post_data' to '-1' in php.ini and use the php://input stream instead. in Unknown on line 0\n
[Thu Jul 30 08:37:26.118027 2026] [ssl:error] [pid 2415778:tid 2415778] (70014)End of file found: [client 216.73.216.199:13765] AH02013: coalesce failed to read from data bucket
[Thu Jul 30 08:37:26.419742 2026] [ssl:error] [pid 2423370:tid 2423370] (70014)End of file found: [client 216.73.216.199:28142] AH02013: coalesce failed to read from data bucket
[Thu Jul 30 08:37:26.928009 2026] [ssl:error] [pid 2415708:tid 2415708] (EAI 2)Name or service not known: [client 144.76.19.72:54522] AH01972: could not resolve address of OCSP responder r10.o.lencr.org
[Thu Jul 30 08:37:26.928042 2026] [ssl:error] [pid 2415708:tid 2415708] AH01941: stapling_renew_response: responder error
[Thu Jul 30 08:37:26.979863 2026] [ssl:error] [pid 2422886:tid 2422886] (EAI 2)Name or service not known: [client 144.76.19.72:54528] AH01972: could not resolve address of OCSP responder r10.o.lencr.org
[Thu Jul 30 08:37:26.979894 2026] [ssl:error] [pid 2422886:tid 2422886] AH01941: stapling_renew_response: responder error
[Thu Jul 30 08:37:28.036861 2026] [authz_core:error] [pid 2410999:tid 2410999] [client 57.141.0.67:24820] AH01630: client denied by server configuration: /home/candidejacobs/public_html/error_log
[Thu Jul 30 08:37:28.037489 2026] [authz_core:error] [pid 2410999:tid 2410999] [client 57.141.0.67:24820] AH01630: client denied by server configuration: /home/candidejacobs/public_html/php.ini
[Thu Jul 30 08:37:28.111454 2026] [authz_core:error] [pid 2415708:tid 2415708] [client 57.141.0.31:55612] AH01630: client denied by server configuration: /home/candidejacobs/public_html/error_log
[Thu Jul 30 08:37:28.112108 2026] [authz_core:error] [pid 2415708:tid 2415708] [client 57.141.0.31:55612] AH01630: client denied by server configuration: /home/candidejacobs/public_html/php.ini
[Thu Jul 30 08:37:28.610834 2026] [access_compat:error] [pid 2411106:tid 2411106] [client 106.215.157.145:20951] AH01797: client denied by server configuration: /home/thepryor/public_html/xmlrpc.php
[Thu Jul 30 08:37:28.993916 2026] [authz_core:error] [pid 2423766:tid 2423766] [client 57.141.0.1:61078] AH01630: client denied by server configuration: /home/candidejacobs/public_html/error_log
[Thu Jul 30 08:37:28.994579 2026] [authz_core:error] [pid 2423766:tid 2423766] [client 57.141.0.1:61078] AH01630: client denied by server configuration: /home/candidejacobs/public_html/php.ini
[Thu Jul 30 08:37:30.036537 2026] [ssl:error] [pid 2423799:tid 2423799] (EAI 2)Name or service not known: [client 144.76.19.72:49558] AH01972: could not resolve address of OCSP responder r10.o.lencr.org
[Thu Jul 30 08:37:30.036590 2026] [ssl:error] [pid 2423799:tid 2423799] AH01941: stapling_renew_response: responder error
[Thu Jul 30 08:37:30.092168 2026] [ssl:error] [pid 2423800:tid 2423800] (EAI 2)Name or service not known: [client 144.76.19.72:49572] AH01972: could not resolve address of OCSP responder r10.o.lencr.org
[Thu Jul 30 08:37:30.092213 2026] [ssl:error] [pid 2423800:tid 2423800] AH01941: stapling_renew_response: responder error
[Thu Jul 30 08:37:30.545091 2026] [authz_core:error] [pid 2422886:tid 2422886] [client 66.249.66.34:38204] AH01630: client denied by server configuration: /home/healthki/public_html/error_log
[Thu Jul 30 08:37:30.547726 2026] [authz_core:error] [pid 2422886:tid 2422886] [client 66.249.66.34:38204] AH01630: client denied by server configuration: /home/healthki/public_html/php.ini
[Thu Jul 30 08:37:31.076350 2026] [ssl:error] [pid 2423799:tid 2423799] (70014)End of file found: [client 216.73.216.199:64245] AH02013: coalesce failed to read from data bucket
[Thu Jul 30 08:37:31.446436 2026] [security2:error] [pid 2420262:tid 2420262] [client 114.119.155.144:57213] ModSecurity: Access denied with code 403 (phase 1). Matched phrase "PetalBot" at REQUEST_HEADERS:User-Agent. [file "/etc/apache2/conf.d/modsec/modsec2.user.conf"] [line "2"] [id "1000001"] [msg "Bad Bot Blocked"] [hostname "www.erskinenazarene.co.uk"] [uri "/calendar/action~oneday/exact_date~1585695600/cat_ids~17,15/request_format~html"] [unique_id "amr_O6CuPSoE0uFFzriAJAAAABY"], referer: http://www.erskinenazarene.co.uk/calendar/action~oneday/exact_date~1585695600/cat_ids~17,14,15/request_format~html
[Thu Jul 30 08:37:31.691510 2026] [core:error] [pid 2419141:tid 2419141] (13)Permission denied: [client 216.73.216.199:52821] AH00132: file permissions deny server access: /home/healthki/public_html/wp-includes/js/swfupload/1/2/sys/kernel/slab/dio/sanity_checks
[Thu Jul 30 08:37:32.421159 2026] [authz_core:error] [pid 2423766:tid 2423766] [client 57.141.0.50:47956] AH01630: client denied by server configuration: /home/candidejacobs/public_html/error_log
[Thu Jul 30 08:37:32.421813 2026] [authz_core:error] [pid 2423766:tid 2423766] [client 57.141.0.50:47956] AH01630: client denied by server configuration: /home/candidejacobs/public_html/php.ini
[Thu Jul 30 08:37:32.464295 2026] [security2:error] [pid 2423330:tid 2423330] [client 114.119.155.144:57227] ModSecurity: Access denied with code 403 (phase 1). Matched phrase "PetalBot" at REQUEST_HEADERS:User-Agent. [file "/etc/apache2/conf.d/modsec/modsec2.user.conf"] [line "2"] [id "1000001"] [msg "Bad Bot Blocked"] [hostname "erskinenazarene.co.uk"] [uri "/calendar/action~oneday/exact_date~1585695600/cat_ids~17,15/request_format~html"] [unique_id "amr_POBHyQk9KdUcNh1YZQAAABg"], referer: http://www.erskinenazarene.co.uk/calendar/action~oneday/exact_date~1585695600/cat_ids~17,14,15/request_format~html
[Thu Jul 30 08:37:32.582467 2026] [ssl:error] [pid 2423800:tid 2423800] (70014)End of file found: [client 216.73.216.199:60594] AH02013: coalesce failed to read from data bucket
[Thu Jul 30 08:37:33.150358 2026] [ssl:error] [pid 2420712:tid 2420712] (EAI 2)Name or service not known: [client 144.76.19.72:49576] AH01972: could not resolve address of OCSP responder r10.o.lencr.org
[Thu Jul 30 08:37:33.150390 2026] [ssl:error] [pid 2420712:tid 2420712] AH01941: stapling_renew_response: responder error
[Thu Jul 30 08:37:33.203096 2026] [cgi:error] [pid 2411415:tid 2411415] [client 199.45.155.86:36626] AH02812: stderr from /home/spampcou/public_html/eraten.com/cgi-bin/: attempt to invoke directory as script, referer: https://eraten.spamp.co.uk:443/cgi-bin
[Thu Jul 30 08:37:33.207988 2026] [ssl:error] [pid 2420368:tid 2420368] (EAI 2)Name or service not known: [client 144.76.19.72:49590] AH01972: could not resolve address of OCSP responder r10.o.lencr.org
[Thu Jul 30 08:37:33.208008 2026] [ssl:error] [pid 2420368:tid 2420368] AH01941: stapling_renew_response: responder error
[Thu Jul 30 08:37:34.938004 2026] [access_compat:error] [pid 2423767:tid 2423767] [client 106.215.157.145:20495] AH01797: client denied by server configuration: /home/thepryor/public_html/xmlrpc.php
[Thu Jul 30 08:37:34.994692 2026] [ssl:error] [pid 2419141:tid 2419141] (70014)End of file found: [client 216.73.216.199:52821] AH02013: coalesce failed to read from data bucket
[Thu Jul 30 08:37:35.915267 2026] [lsapi:warn] [pid 2420366:tid 2420366] [client 217.165.124.222:0] [host revoracing.org.uk] Backend log: PHP Deprecated: Automatically populating $HTTP_RAW_POST_DATA is deprecated and will be removed in a future version. To avoid this warning set 'always_populate_raw_post_data' to '-1' in php.ini and use the php://input stream instead. in Unknown on line 0\n
[Thu Jul 30 08:37:36.264101 2026] [ssl:error] [pid 2414865:tid 2414865] (EAI 2)Name or service not known: [client 144.76.19.72:49592] AH01972: could not resolve address of OCSP responder r10.o.lencr.org
[Thu Jul 30 08:37:36.264134 2026] [ssl:error] [pid 2414865:tid 2414865] AH01941: stapling_renew_response: responder error
[Thu Jul 30 08:37:36.316951 2026] [ssl:error] [pid 2423766:tid 2423766] (EAI 2)Name or service not known: [client 144.76.19.72:49604] AH01972: could not resolve address of OCSP responder r10.o.lencr.org
[Thu Jul 30 08:37:36.316993 2026] [ssl:error] [pid 2423766:tid 2423766] AH01941: stapling_renew_response: responder error
[Thu Jul 30 08:37:36.427057 2026] [ssl:error] [pid 2410999:tid 2410999] (70014)End of file found: [client 216.73.216.199:1896] AH02013: coalesce failed to read from data bucket
[Thu Jul 30 08:37:36.468333 2026] [authz_core:error] [pid 2423330:tid 2423330] [client 57.141.0.51:37898] AH01630: client denied by server configuration: /home/candidejacobs/public_html/error_log
[Thu Jul 30 08:37:36.468947 2026] [authz_core:error] [pid 2423330:tid 2423330] [client 57.141.0.51:37898] AH01630: client denied by server configuration: /home/candidejacobs/public_html/php.ini
[Thu Jul 30 08:37:38.385123 2026] [ssl:error] [pid 2421983:tid 2421983] (70014)End of file found: [client 216.73.216.199:1091] AH02013: coalesce failed to read from data bucket
[Thu Jul 30 08:37:38.551242 2026] [authz_core:error] [pid 2420366:tid 2420366] [client 57.141.0.60:34588] AH01630: client denied by server configuration: /home/candidejacobs/public_html/error_log
[Thu Jul 30 08:37:38.551866 2026] [authz_core:error] [pid 2420366:tid 2420366] [client 57.141.0.60:34588] AH01630: client denied by server configuration: /home/candidejacobs/public_html/php.ini
[Thu Jul 30 08:37:39.009773 2026] [ssl:error] [pid 2423330:tid 2423330] (70014)End of file found: [client 216.73.216.199:13365] AH02013: coalesce failed to read from data bucket
[Thu Jul 30 08:37:39.333160 2026] [access_compat:error] [pid 2422885:tid 2422885] [client 106.215.157.145:19239] AH01797: client denied by server configuration: /home/thepryor/public_html/xmlrpc.php
[Thu Jul 30 08:37:39.390923 2026] [ssl:error] [pid 2423798:tid 2423798] (EAI 2)Name or service not known: [client 144.76.19.72:49612] AH01972: could not resolve address of OCSP responder r10.o.lencr.org
[Thu Jul 30 08:37:39.390971 2026] [ssl:error] [pid 2423798:tid 2423798] AH01941: stapling_renew_response: responder error
[Thu Jul 30 08:37:39.444330 2026] [ssl:error] [pid 2411316:tid 2411316] (EAI 2)Name or service not known: [client 144.76.19.72:49624] AH01972: could not resolve address of OCSP responder r10.o.lencr.org
[Thu Jul 30 08:37:39.444352 2026] [ssl:error] [pid 2411316:tid 2411316] AH01941: stapling_renew_response: responder error
[Thu Jul 30 08:37:39.612406 2026] [core:error] [pid 2420366:tid 2420366] (13)Permission denied: [client 216.73.216.199:1872] AH00132: file permissions deny server access: /home/healthki/public_html/wp-includes/js/swfupload/1/2/proc/thread-self/root/usr/share/cagefs/skeleton.files.list
[Thu Jul 30 08:37:40.542615 2026] [ssl:error] [pid 2420366:tid 2420366] (70014)End of file found: [client 216.73.216.199:1872] AH02013: coalesce failed to read from data bucket
[Thu Jul 30 08:37:40.665362 2026] [authz_core:error] [pid 2411409:tid 2411409] [client 57.141.0.67:23230] AH01630: client denied by server configuration: /home/candidejacobs/public_html/error_log
[Thu Jul 30 08:37:40.665984 2026] [authz_core:error] [pid 2411409:tid 2411409] [client 57.141.0.67:23230] AH01630: client denied by server configuration: /home/candidejacobs/public_html/php.ini
[Thu Jul 30 08:37:41.727136 2026] [security2:error] [pid 2412506:tid 2412506] [client 100.27.153.9:19080] ModSecurity: Access denied with code 403 (phase 1). Matched phrase "Amazonbot" at REQUEST_HEADERS:User-Agent. [file "/etc/apache2/conf.d/modsec/modsec2.user.conf"] [line "2"] [id "1000001"] [msg "Bad Bot Blocked"] [hostname "3dworkstation.co.uk"] [uri "/robots.txt"] [unique_id "amr_RRGCGrlKGv3qqKZEhwAAADQ"]
[Thu Jul 30 08:37:42.207262 2026] [core:error] [pid 2410999:tid 2410999] [client 66.249.64.172:46035] AH00124: Request exceeded the limit of 10 internal redirects due to probable configuration error. Use 'LimitInternalRecursion' to increase the limit if necessary. Use 'LogLevel debug' to get a backtrace.
[Thu Jul 30 08:37:42.207286 2026] [core:error] [pid 2410999:tid 2410999] [client 66.249.64.172:46035] AH00124: Request exceeded the limit of 10 internal redirects due to probable configuration error. Use 'LimitInternalRecursion' to increase the limit if necessary. Use 'LogLevel debug' to get a backtrace.
[Thu Jul 30 08:37:42.521480 2026] [ssl:error] [pid 2414917:tid 2414917] (EAI 2)Name or service not known: [client 144.76.19.72:20540] AH01972: could not resolve address of OCSP responder r10.o.lencr.org
[Thu Jul 30 08:37:42.521508 2026] [ssl:error] [pid 2414917:tid 2414917] AH01941: stapling_renew_response: responder error
[Thu Jul 30 08:37:42.578660 2026] [ssl:error] [pid 2424267:tid 2424267] (EAI 2)Name or service not known: [client 144.76.19.72:20552] AH01972: could not resolve address of OCSP responder r10.o.lencr.org
[Thu Jul 30 08:37:42.578692 2026] [ssl:error] [pid 2424267:tid 2424267] AH01941: stapling_renew_response: responder error
[Thu Jul 30 08:37:43.294618 2026] [authz_core:error] [pid 2424268:tid 2424268] [client 57.141.0.71:65406] AH01630: client denied by server configuration: /home/candidejacobs/public_html/error_log
[Thu Jul 30 08:37:43.295256 2026] [authz_core:error] [pid 2424268:tid 2424268] [client 57.141.0.71:65406] AH01630: client denied by server configuration: /home/candidejacobs/public_html/php.ini
[Thu Jul 30 08:37:44.973598 2026] [authz_core:error] [pid 2410999:tid 2410999] [client 57.141.0.2:53756] AH01630: client denied by server configuration: /home/candidejacobs/public_html/error_log
[Thu Jul 30 08:37:44.974227 2026] [authz_core:error] [pid 2410999:tid 2410999] [client 57.141.0.2:53756] AH01630: client denied by server configuration: /home/candidejacobs/public_html/php.ini
[Thu Jul 30 08:37:45.634247 2026] [ssl:error] [pid 2423766:tid 2423766] (EAI 2)Name or service not known: [client 144.76.19.72:20560] AH01972: could not resolve address of OCSP responder r10.o.lencr.org
[Thu Jul 30 08:37:45.634277 2026] [ssl:error] [pid 2423766:tid 2423766] AH01941: stapling_renew_response: responder error
[Thu Jul 30 08:37:45.691582 2026] [ssl:error] [pid 2421983:tid 2421983] (EAI 2)Name or service not known: [client 144.76.19.72:20566] AH01972: could not resolve address of OCSP responder r10.o.lencr.org
[Thu Jul 30 08:37:45.691608 2026] [ssl:error] [pid 2421983:tid 2421983] AH01941: stapling_renew_response: responder error
[Thu Jul 30 08:37:46.471880 2026] [security2:error] [pid 2422885:tid 2422885] [client 34.206.249.188:37900] ModSecurity: Access denied with code 403 (phase 1). Matched phrase "Amazonbot" at REQUEST_HEADERS:User-Agent. [file "/etc/apache2/conf.d/modsec/modsec2.user.conf"] [line "2"] [id "1000001"] [msg "Bad Bot Blocked"] [hostname "3dworkstation.co.uk"] [uri "/"] [unique_id "amr_SmXpy13SHqs19vw7CwAAAAk"]
[Thu Jul 30 08:37:46.494079 2026] [lsapi:warn] [pid 2423797:tid 2423797] [client 217.165.124.222:0] [host revoracing.org.uk] Backend log: PHP Deprecated: Automatically populating $HTTP_RAW_POST_DATA is deprecated and will be removed in a future version. To avoid this warning set 'always_populate_raw_post_data' to '-1' in php.ini and use the php://input stream instead. in Unknown on line 0\n
[Thu Jul 30 08:37:47.872599 2026] [security2:error] [pid 2420366:tid 2420366] [client 43.228.157.102:45312] ModSecurity: Warning. Matched phrase "/.git/" at REQUEST_FILENAME. [file "/etc/apache2/conf.d/modsec_vendor_configs/OWASP3/rules/REQUEST-930-APPLICATION-ATTACK-LFI.conf"] [line "49"] [id "930130"] [rev "1"] [msg "Restricted File Access Attempt"] [data "Matched Data: /.git/ found within REQUEST_FILENAME: /.git/config"] [severity "CRITICAL"] [ver "OWASP_CRS/3.0.0"] [maturity "7"] [accuracy "8"] [tag "application-multi"] [tag "language-multi"] [tag "platform-multi"] [tag "attack-lfi"] [tag "OWASP_CRS/WEB_ATTACK/FILE_INJECTION"] [tag "WASCTC/WASC-33"] [tag "OWASP_TOP_10/A4"] [tag "PCI/6.5.4"] [hostname "www.bespokegardenliving.josieandmatt.co.uk"] [uri "/.git/config"] [unique_id "amr_SzRsn_CrYZtjvMmRVAAAACk"]
[Thu Jul 30 08:37:47.872758 2026] [security2:error] [pid 2420366:tid 2420366] [client 43.228.157.102:45312] ModSecurity: Access denied with code 403 (phase 2). Operator GE matched 5 at TX:anomaly_score. [file "/etc/apache2/conf.d/modsec_vendor_configs/OWASP3/rules/REQUEST-949-BLOCKING-EVALUATION.conf"] [line "30"] [id "949110"] [msg "Inbound Anomaly Score Exceeded (Total Score: 5)"] [severity "CRITICAL"] [tag "application-multi"] [tag "language-multi"] [tag "platform-multi"] [tag "attack-generic"] [hostname "www.bespokegardenliving.josieandmatt.co.uk"] [uri "/.git/config"] [unique_id "amr_SzRsn_CrYZtjvMmRVAAAACk"]
[Thu Jul 30 08:37:47.872940 2026] [security2:error] [pid 2420366:tid 2420366] [client 43.228.157.102:45312] ModSecurity: Warning. Operator GE matched 5 at TX:inbound_anomaly_score. [file "/etc/apache2/conf.d/modsec_vendor_configs/OWASP3/rules/RESPONSE-980-CORRELATION.conf"] [line "37"] [id "980130"] [msg "Inbound Anomaly Score Exceeded (Total Inbound Score: 5 - SQLI=0,XSS=0,RFI=0,LFI=5,RCE=0,PHPI=0,HTTP=0,SESS=0): Restricted File Access Attempt"] [tag "event-correlation"] [hostname "www.bespokegardenliving.josieandmatt.co.uk"] [uri "/.git/config"] [unique_id "amr_SzRsn_CrYZtjvMmRVAAAACk"]
[Thu Jul 30 08:37:48.749415 2026] [ssl:error] [pid 2420087:tid 2420087] (EAI 2)Name or service not known: [client 144.76.19.72:20582] AH01972: could not resolve address of OCSP responder r10.o.lencr.org
[Thu Jul 30 08:37:48.749445 2026] [ssl:error] [pid 2420087:tid 2420087] AH01941: stapling_renew_response: responder error
[Thu Jul 30 08:37:48.805696 2026] [ssl:error] [pid 2420262:tid 2420262] (EAI 2)Name or service not known: [client 144.76.19.72:20598] AH01972: could not resolve address of OCSP responder r10.o.lencr.org
[Thu Jul 30 08:37:48.805725 2026] [ssl:error] [pid 2420262:tid 2420262] AH01941: stapling_renew_response: responder error
[Thu Jul 30 08:37:49.036902 2026] [ssl:error] [pid 2412506:tid 2412506] (70014)End of file found: [client 216.73.216.199:21260] AH02013: coalesce failed to read from data bucket
[Thu Jul 30 08:37:49.486676 2026] [core:error] [pid 2420366:tid 2420366] [client 57.141.0.63:60958] AH00124: Request exceeded the limit of 10 internal redirects due to probable configuration error. Use 'LimitInternalRecursion' to increase the limit if necessary. Use 'LogLevel debug' to get a backtrace.
[Thu Jul 30 08:37:49.486705 2026] [core:error] [pid 2420366:tid 2420366] [client 57.141.0.63:60958] AH00124: Request exceeded the limit of 10 internal redirects due to probable configuration error. Use 'LimitInternalRecursion' to increase the limit if necessary. Use 'LogLevel debug' to get a backtrace.
[Thu Jul 30 08:37:49.613224 2026] [access_compat:error] [pid 2411316:tid 2411316] [client 106.215.157.145:3177] AH01797: client denied by server configuration: /home/thepryor/public_html/xmlrpc.php
[Thu Jul 30 08:37:50.241268 2026] [ssl:error] [pid 2420087:tid 2420087] (70014)End of file found: [client 216.73.216.199:46957] AH02013: coalesce failed to read from data bucket
[Thu Jul 30 08:37:50.577982 2026] [authz_core:error] [pid 2420366:tid 2420366] [client 57.141.0.64:21648] AH01630: client denied by server configuration: /home/candidejacobs/public_html/error_log
[Thu Jul 30 08:37:50.578610 2026] [authz_core:error] [pid 2420366:tid 2420366] [client 57.141.0.64:21648] AH01630: client denied by server configuration: /home/candidejacobs/public_html/php.ini
[Thu Jul 30 08:37:51.144867 2026] [ssl:error] [pid 2410999:tid 2410999] (70014)End of file found: [client 216.73.216.199:56159] AH02013: coalesce failed to read from data bucket
[Thu Jul 30 08:37:51.860810 2026] [ssl:error] [pid 2421758:tid 2421758] (EAI 2)Name or service not known: [client 144.76.19.72:28786] AH01972: could not resolve address of OCSP responder r10.o.lencr.org
[Thu Jul 30 08:37:51.860840 2026] [ssl:error] [pid 2421758:tid 2421758] AH01941: stapling_renew_response: responder error
[Thu Jul 30 08:37:51.914540 2026] [ssl:error] [pid 2422156:tid 2422156] (EAI 2)Name or service not known: [client 144.76.19.72:28790] AH01972: could not resolve address of OCSP responder r10.o.lencr.org
[Thu Jul 30 08:37:51.914581 2026] [ssl:error] [pid 2422156:tid 2422156] AH01941: stapling_renew_response: responder error
[Thu Jul 30 08:37:52.559284 2026] [authz_core:error] [pid 2423330:tid 2423330] [client 57.141.0.5:24164] AH01630: client denied by server configuration: /home/candidejacobs/public_html/error_log
[Thu Jul 30 08:37:52.559902 2026] [authz_core:error] [pid 2423330:tid 2423330] [client 57.141.0.5:24164] AH01630: client denied by server configuration: /home/candidejacobs/public_html/php.ini
[Thu Jul 30 08:37:53.355231 2026] [authz_core:error] [pid 2423330:tid 2423330] [client 57.141.0.27:42900] AH01630: client denied by server configuration: /home/candidejacobs/public_html/error_log
[Thu Jul 30 08:37:53.355843 2026] [authz_core:error] [pid 2423330:tid 2423330] [client 57.141.0.27:42900] AH01630: client denied by server configuration: /home/candidejacobs/public_html/php.ini
[Thu Jul 30 08:37:54.472438 2026] [core:error] [pid 2419141:tid 2419141] [client 195.2.84.198:64111] AH00124: Request exceeded the limit of 10 internal redirects due to probable configuration error. Use 'LimitInternalRecursion' to increase the limit if necessary. Use 'LogLevel debug' to get a backtrace., referer: https://edwardkensington.com/wp-comments-post.php
[Thu Jul 30 08:37:54.472461 2026] [core:error] [pid 2419141:tid 2419141] [client 195.2.84.198:64111] AH00124: Request exceeded the limit of 10 internal redirects due to probable configuration error. Use 'LimitInternalRecursion' to increase the limit if necessary. Use 'LogLevel debug' to get a backtrace., referer: https://edwardkensington.com/wp-comments-post.php
[Thu Jul 30 08:37:54.523444 2026] [core:error] [pid 2419665:tid 2419665] [client 57.141.0.7:58960] AH00124: Request exceeded the limit of 10 internal redirects due to probable configuration error. Use 'LimitInternalRecursion' to increase the limit if necessary. Use 'LogLevel debug' to get a backtrace.
[Thu Jul 30 08:37:54.523468 2026] [core:error] [pid 2419665:tid 2419665] [client 57.141.0.7:58960] AH00124: Request exceeded the limit of 10 internal redirects due to probable configuration error. Use 'LimitInternalRecursion' to increase the limit if necessary. Use 'LogLevel debug' to get a backtrace.
[Thu Jul 30 08:37:54.720495 2026] [core:crit] [pid 2423330:tid 2423330] (13)Permission denied: [client 195.2.84.198:64250] AH00529: /home/edbear/public_html/s2016__7af9720/.htaccess pcfg_openfile: unable to check htaccess file, ensure it is readable and that '/home/edbear/public_html/s2016__7af9720/' is executable, referer: https://edwardkensington.com/
[Thu Jul 30 08:37:54.970425 2026] [ssl:error] [pid 2423799:tid 2423799] (EAI 2)Name or service not known: [client 144.76.19.72:28800] AH01972: could not resolve address of OCSP responder r10.o.lencr.org
[Thu Jul 30 08:37:54.970449 2026] [ssl:error] [pid 2423799:tid 2423799] AH01941: stapling_renew_response: responder error
[Thu Jul 30 08:37:55.026346 2026] [ssl:error] [pid 2415834:tid 2415834] (EAI 2)Name or service not known: [client 144.76.19.72:28810] AH01972: could not resolve address of OCSP responder r10.o.lencr.org
[Thu Jul 30 08:37:55.026368 2026] [ssl:error] [pid 2415834:tid 2415834] AH01941: stapling_renew_response: responder error
[Thu Jul 30 08:37:56.775267 2026] [authz_core:error] [pid 2423767:tid 2423767] [client 57.141.0.5:24170] AH01630: client denied by server configuration: /home/candidejacobs/public_html/error_log
[Thu Jul 30 08:37:56.775891 2026] [authz_core:error] [pid 2423767:tid 2423767] [client 57.141.0.5:24170] AH01630: client denied by server configuration: /home/candidejacobs/public_html/php.ini
[Thu Jul 30 08:37:57.088230 2026] [lsapi:warn] [pid 2411415:tid 2411415] [client 217.165.124.222:0] [host revoracing.org.uk] Backend log: PHP Deprecated: Automatically populating $HTTP_RAW_POST_DATA is deprecated and will be removed in a future version. To avoid this warning set 'always_populate_raw_post_data' to '-1' in php.ini and use the php://input stream instead. in Unknown on line 0\n
[Thu Jul 30 08:37:58.084336 2026] [ssl:error] [pid 2415834:tid 2415834] (EAI 2)Name or service not known: [client 144.76.19.72:28812] AH01972: could not resolve address of OCSP responder r10.o.lencr.org
[Thu Jul 30 08:37:58.084361 2026] [ssl:error] [pid 2415834:tid 2415834] AH01941: stapling_renew_response: responder error
[Thu Jul 30 08:37:58.141513 2026] [ssl:error] [pid 2423767:tid 2423767] (EAI 2)Name or service not known: [client 144.76.19.72:28818] AH01972: could not resolve address of OCSP responder r10.o.lencr.org
[Thu Jul 30 08:37:58.141542 2026] [ssl:error] [pid 2423767:tid 2423767] AH01941: stapling_renew_response: responder error
[Thu Jul 30 08:37:58.805021 2026] [core:error] [pid 2410999:tid 2410999] (13)Permission denied: [client 216.73.216.199:43418] AH00132: file permissions deny server access: /home/healthki/public_html/wp-includes/js/swfupload/1/2/proc/self/root/etc/dnf/vars/altnodejselstoken
[Thu Jul 30 08:37:59.642746 2026] [ssl:error] [pid 2419141:tid 2419141] (70014)End of file found: [client 216.73.216.199:47477] AH02013: coalesce failed to read from data bucket
[Thu Jul 30 08:37:59.943868 2026] [ssl:error] [pid 2410999:tid 2410999] (70014)End of file found: [client 216.73.216.199:43418] AH02013: coalesce failed to read from data bucket
[Thu Jul 30 08:38:00.268129 2026] [access_compat:error] [pid 2423767:tid 2423767] [client 106.215.157.145:1601] AH01797: client denied by server configuration: /home/thepryor/public_html/xmlrpc.php
[Thu Jul 30 08:38:00.457388 2026] [security2:error] [pid 2423798:tid 2423798] [client 51.222.168.41:21708] ModSecurity: Access denied with code 403 (phase 1). Matched phrase "AhrefsBot" at REQUEST_HEADERS:User-Agent. [file "/etc/apache2/conf.d/modsec/modsec2.user.conf"] [line "2"] [id "1000001"] [msg "Bad Bot Blocked"] [hostname "www.kingston1010.org.uk"] [uri "/robots.txt"] [unique_id "amr_WIFx8Bx4ITcCEtgnBgAAADc"]
[Thu Jul 30 08:38:00.550428 2026] [ssl:error] [pid 2423766:tid 2423766] (70014)End of file found: [client 216.73.216.199:5499] AH02013: coalesce failed to read from data bucket
[Thu Jul 30 08:38:00.745370 2026] [access_compat:error] [pid 2411106:tid 2411106] [client 45.158.164.139:52536] AH01797: client denied by server configuration: /home/thepryor/public_html/wp-cron.php
[Thu Jul 30 08:38:00.878661 2026] [security2:error] [pid 2424973:tid 2424973] [client 185.177.72.17:39444] ModSecurity: Warning. Matched phrase "wp-config.php" at REQUEST_FILENAME. [file "/etc/apache2/conf.d/modsec_vendor_configs/OWASP3/rules/REQUEST-930-APPLICATION-ATTACK-LFI.conf"] [line "49"] [id "930130"] [rev "1"] [msg "Restricted File Access Attempt"] [data "Matched Data: wp-config.php found within REQUEST_FILENAME: /._wp-config.php"] [severity "CRITICAL"] [ver "OWASP_CRS/3.0.0"] [maturity "7"] [accuracy "8"] [tag "application-multi"] [tag "language-multi"] [tag "platform-multi"] [tag "attack-lfi"] [tag "OWASP_CRS/WEB_ATTACK/FILE_INJECTION"] [tag "WASCTC/WASC-33"] [tag "OWASP_TOP_10/A4"] [tag "PCI/6.5.4"] [hostname "downloads.ppcl.com"] [uri "/._wp-config.php"] [unique_id "amr_WOeliGAK7HeY9rNwjAAAAAE"]
[Thu Jul 30 08:38:00.878847 2026] [security2:error] [pid 2424973:tid 2424973] [client 185.177.72.17:39444] ModSecurity: Access denied with code 403 (phase 2). Operator GE matched 5 at TX:anomaly_score. [file "/etc/apache2/conf.d/modsec_vendor_configs/OWASP3/rules/REQUEST-949-BLOCKING-EVALUATION.conf"] [line "30"] [id "949110"] [msg "Inbound Anomaly Score Exceeded (Total Score: 5)"] [severity "CRITICAL"] [tag "application-multi"] [tag "language-multi"] [tag "platform-multi"] [tag "attack-generic"] [hostname "downloads.ppcl.com"] [uri "/._wp-config.php"] [unique_id "amr_WOeliGAK7HeY9rNwjAAAAAE"]
[Thu Jul 30 08:38:00.879052 2026] [security2:error] [pid 2424973:tid 2424973] [client 185.177.72.17:39444] ModSecurity: Warning. Operator GE matched 5 at TX:inbound_anomaly_score. [file "/etc/apache2/conf.d/modsec_vendor_configs/OWASP3/rules/RESPONSE-980-CORRELATION.conf"] [line "37"] [id "980130"] [msg "Inbound Anomaly Score Exceeded (Total Inbound Score: 5 - SQLI=0,XSS=0,RFI=0,LFI=5,RCE=0,PHPI=0,HTTP=0,SESS=0): Restricted File Access Attempt"] [tag "event-correlation"] [hostname "downloads.ppcl.com"] [uri "/._wp-config.php"] [unique_id "amr_WOeliGAK7HeY9rNwjAAAAAE"]
[Thu Jul 30 08:38:01.063044 2026] [security2:error] [pid 2424973:tid 2424973] [client 185.177.72.17:39444] ModSecurity: Warning. String match within ".asa/ .asax/ .ascx/ .axd/ .backup/ .bak/ .bat/ .cdx/ .cer/ .cfg/ .cmd/ .com/ .config/ .conf/ .cs/ .csproj/ .csr/ .dat/ .db/ .dbf/ .dll/ .dos/ .htr/ .htw/ .ida/ .idc/ .idq/ .inc/ .ini/ .key/ .licx/ .lnk/ .log/ .mdb/ .old/ .pass/ .pdb/ .pol/ .printer/ .pwd/ .resources/ .resx/ .sql/ .sys/ .vb/ .vbs/ .vbproj/ .vsdisco/ .webinfo/ .xsd/ .xsx/" at TX:extension. [file "/etc/apache2/conf.d/modsec_vendor_configs/OWASP3/rules/REQUEST-920-PROTOCOL-ENFORCEMENT.conf"] [line "452"] [id "920440"] [rev "2"] [msg "URL file extension is restricted by policy"] [data ".conf"] [severity "CRITICAL"] [ver "OWASP_CRS/3.0.0"] [maturity "9"] [accuracy "9"] [tag "application-multi"] [tag "language-multi"] [tag "platform-multi"] [tag "attack-protocol"] [tag "OWASP_CRS/POLICY/EXT_RESTRICTED"] [tag "WASCTC/WASC-15"] [tag "OWASP_TOP_10/A7"] [tag "PCI/6.5.10"] [hostname "downloads.ppcl.com"] [uri "/.aws/keys.conf"] [unique_id "amr_WeeliGAK7HeY9rNwlgAAAAE"]
[Thu Jul 30 08:38:01.063417 2026] [security2:error] [pid 2424973:tid 2424973] [client 185.177.72.17:39444] ModSecurity: Access denied with code 403 (phase 2). Operator GE matched 5 at TX:anomaly_score. [file "/etc/apache2/conf.d/modsec_vendor_configs/OWASP3/rules/REQUEST-949-BLOCKING-EVALUATION.conf"] [line "30"] [id "949110"] [msg "Inbound Anomaly Score Exceeded (Total Score: 5)"] [severity "CRITICAL"] [tag "application-multi"] [tag "language-multi"] [tag "platform-multi"] [tag "attack-generic"] [hostname "downloads.ppcl.com"] [uri "/.aws/keys.conf"] [unique_id "amr_WeeliGAK7HeY9rNwlgAAAAE"]
[Thu Jul 30 08:38:01.063633 2026] [security2:error] [pid 2424973:tid 2424973] [client 185.177.72.17:39444] ModSecurity: Warning. Operator GE matched 5 at TX:inbound_anomaly_score. [file "/etc/apache2/conf.d/modsec_vendor_configs/OWASP3/rules/RESPONSE-980-CORRELATION.conf"] [line "37"] [id "980130"] [msg "Inbound Anomaly Score Exceeded (Total Inbound Score: 5 - SQLI=0,XSS=0,RFI=0,LFI=0,RCE=0,PHPI=0,HTTP=0,SESS=0): URL file extension is restricted by policy"] [tag "event-correlation"] [hostname "downloads.ppcl.com"] [uri "/.aws/keys.conf"] [unique_id "amr_WeeliGAK7HeY9rNwlgAAAAE"]
[Thu Jul 30 08:38:01.161518 2026] [security2:error] [pid 2424973:tid 2424973] [client 185.177.72.17:39444] ModSecurity: Warning. String match within ".asa/ .asax/ .ascx/ .axd/ .backup/ .bak/ .bat/ .cdx/ .cer/ .cfg/ .cmd/ .com/ .config/ .conf/ .cs/ .csproj/ .csr/ .dat/ .db/ .dbf/ .dll/ .dos/ .htr/ .htw/ .ida/ .idc/ .idq/ .inc/ .ini/ .key/ .licx/ .lnk/ .log/ .mdb/ .old/ .pass/ .pdb/ .pol/ .printer/ .pwd/ .resources/ .resx/ .sql/ .sys/ .vb/ .vbs/ .vbproj/ .vsdisco/ .webinfo/ .xsd/ .xsx/" at TX:extension. [file "/etc/apache2/conf.d/modsec_vendor_configs/OWASP3/rules/REQUEST-920-PROTOCOL-ENFORCEMENT.conf"] [line "452"] [id "920440"] [rev "2"] [msg "URL file extension is restricted by policy"] [data ".ini"] [severity "CRITICAL"] [ver "OWASP_CRS/3.0.0"] [maturity "9"] [accuracy "9"] [tag "application-multi"] [tag "language-multi"] [tag "platform-multi"] [tag "attack-protocol"] [tag "OWASP_CRS/POLICY/EXT_RESTRICTED"] [tag "WASCTC/WASC-15"] [tag "OWASP_TOP_10/A7"] [tag "PCI/6.5.10"] [hostname "downloads.ppcl.com"] [uri "/.aws/s3/credentials.ini"] [unique_id "amr_WeeliGAK7HeY9rNwmwAAAAE"]
[Thu Jul 30 08:38:01.161863 2026] [security2:error] [pid 2424973:tid 2424973] [client 185.177.72.17:39444] ModSecurity: Access denied with code 403 (phase 2). Operator GE matched 5 at TX:anomaly_score. [file "/etc/apache2/conf.d/modsec_vendor_configs/OWASP3/rules/REQUEST-949-BLOCKING-EVALUATION.conf"] [line "30"] [id "949110"] [msg "Inbound Anomaly Score Exceeded (Total Score: 5)"] [severity "CRITICAL"] [tag "application-multi"] [tag "language-multi"] [tag "platform-multi"] [tag "attack-generic"] [hostname "downloads.ppcl.com"] [uri "/.aws/s3/credentials.ini"] [unique_id "amr_WeeliGAK7HeY9rNwmwAAAAE"]
[Thu Jul 30 08:38:01.162097 2026] [security2:error] [pid 2424973:tid 2424973] [client 185.177.72.17:39444] ModSecurity: Warning. Operator GE matched 5 at TX:inbound_anomaly_score. [file "/etc/apache2/conf.d/modsec_vendor_configs/OWASP3/rules/RESPONSE-980-CORRELATION.conf"] [line "37"] [id "980130"] [msg "Inbound Anomaly Score Exceeded (Total Inbound Score: 5 - SQLI=0,XSS=0,RFI=0,LFI=0,RCE=0,PHPI=0,HTTP=0,SESS=0): URL file extension is restricted by policy"] [tag "event-correlation"] [hostname "downloads.ppcl.com"] [uri "/.aws/s3/credentials.ini"] [unique_id "amr_WeeliGAK7HeY9rNwmwAAAAE"]
[Thu Jul 30 08:38:01.205006 2026] [ssl:error] [pid 2424178:tid 2424178] (EAI 2)Name or service not known: [client 144.76.19.72:53984] AH01972: could not resolve address of OCSP responder r10.o.lencr.org
[Thu Jul 30 08:38:01.205042 2026] [ssl:error] [pid 2424178:tid 2424178] AH01941: stapling_renew_response: responder error
[Thu Jul 30 08:38:01.273230 2026] [security2:error] [pid 2424973:tid 2424973] [client 185.177.72.17:39444] ModSecurity: Warning. Matched phrase "/.env" at REQUEST_FILENAME. [file "/etc/apache2/conf.d/modsec_vendor_configs/OWASP3/rules/REQUEST-930-APPLICATION-ATTACK-LFI.conf"] [line "49"] [id "930130"] [rev "1"] [msg "Restricted File Access Attempt"] [data "Matched Data: /.env found within REQUEST_FILENAME: /.c9/metadata/environment/.env"] [severity "CRITICAL"] [ver "OWASP_CRS/3.0.0"] [maturity "7"] [accuracy "8"] [tag "application-multi"] [tag "language-multi"] [tag "platform-multi"] [tag "attack-lfi"] [tag "OWASP_CRS/WEB_ATTACK/FILE_INJECTION"] [tag "WASCTC/WASC-33"] [tag "OWASP_TOP_10/A4"] [tag "PCI/6.5.4"] [hostname "downloads.ppcl.com"] [uri "/.c9/metadata/environment/.env"] [unique_id "amr_WeeliGAK7HeY9rNwoQAAAAE"]
