[Thu Jul 30 08:34:19.417199 2026] [core:error] [pid 2412429:tid 2412429] (13)Permission denied: [client 216.73.216.199:6519] AH00132: file permissions deny server access: /home/healthki/public_html/wp-includes/js/swfupload/1/2/sys/dev/char/4:6/subsystem/ttyS2/iomem_base
[Thu Jul 30 08:34:19.788041 2026] [ssl:error] [pid 2415836:tid 2415836] (EAI 2)Name or service not known: [client 144.76.19.72:22192] AH01972: could not resolve address of OCSP responder r10.o.lencr.org
[Thu Jul 30 08:34:19.788088 2026] [ssl:error] [pid 2415836:tid 2415836] AH01941: stapling_renew_response: responder error
[Thu Jul 30 08:34:19.844600 2026] [ssl:error] [pid 2415778:tid 2415778] (EAI 2)Name or service not known: [client 144.76.19.72:22202] AH01972: could not resolve address of OCSP responder r10.o.lencr.org
[Thu Jul 30 08:34:19.844640 2026] [ssl:error] [pid 2415778:tid 2415778] AH01941: stapling_renew_response: responder error
[Thu Jul 30 08:34:20.346039 2026] [lsapi:warn] [pid 2415708:tid 2415708] [client 109.152.115.77:55393] [host brodie-engineering.co.uk] Backend log: PHP Warning: Unknown: write failed: Disk quota exceeded (122) in Unknown on line 0\n, referer: https://brodie-engineering.co.uk/careers/
[Thu Jul 30 08:34:20.346093 2026] [lsapi:warn] [pid 2415708:tid 2415708] [client 109.152.115.77:55393] [host brodie-engineering.co.uk] Backend log: PHP Warning: Unknown: Failed to write session data (files). Please verify that the current setting of session.save_path is correct (/tmp) in Unknown on line 0\n, referer: https://brodie-engineering.co.uk/careers/
[Thu Jul 30 08:34:21.089764 2026] [lsapi:warn] [pid 2415708:tid 2415708] [client 109.152.115.77:55393] [host brodie-engineering.co.uk] Backend log: PHP Warning: Unknown: write failed: Disk quota exceeded (122) in Unknown on line 0\n, referer: https://brodie-engineering.co.uk/
[Thu Jul 30 08:34:21.089797 2026] [lsapi:warn] [pid 2415708:tid 2415708] [client 109.152.115.77:55393] [host brodie-engineering.co.uk] Backend log: PHP Warning: Unknown: Failed to write session data (files). Please verify that the current setting of session.save_path is correct (/tmp) in Unknown on line 0\n, referer: https://brodie-engineering.co.uk/
[Thu Jul 30 08:34:21.965589 2026] [lsapi:warn] [pid 2415708:tid 2415708] [client 109.152.115.77:55393] [host brodie-engineering.co.uk] Backend log: PHP Warning: Unknown: write failed: Disk quota exceeded (122) in Unknown on line 0\n, referer: https://brodie-engineering.co.uk/careers/
[Thu Jul 30 08:34:21.965619 2026] [lsapi:warn] [pid 2415708:tid 2415708] [client 109.152.115.77:55393] [host brodie-engineering.co.uk] Backend log: PHP Warning: Unknown: Failed to write session data (files). Please verify that the current setting of session.save_path is correct (/tmp) in Unknown on line 0\n, referer: https://brodie-engineering.co.uk/careers/
[Thu Jul 30 08:34:22.749345 2026] [core:crit] [pid 2412429:tid 2412429] (13)Permission denied: [client 216.73.216.199:6519] AH00529: /home/healthki/public_html/wp-includes/js/swfupload/1/2/proc/self/root/var/lib/sss/secrets/.htaccess pcfg_openfile: unable to check htaccess file, ensure it is readable and that '/home/healthki/public_html/wp-includes/js/swfupload/1/2/proc/self/root/var/lib/sss/secrets/' is executable
[Thu Jul 30 08:34:22.749393 2026] [core:crit] [pid 2412429:tid 2412429] (13)Permission denied: [client 216.73.216.199:6519] AH00529: /home/healthki/public_html/wp-includes/js/swfupload/1/2/proc/self/root/var/lib/sss/db/.htaccess pcfg_openfile: unable to check htaccess file, ensure it is readable and that '/home/healthki/public_html/wp-includes/js/swfupload/1/2/proc/self/root/var/lib/sss/db/' is executable
[Thu Jul 30 08:34:22.903158 2026] [ssl:error] [pid 2415660:tid 2415660] (EAI 2)Name or service not known: [client 144.76.19.72:22214] AH01972: could not resolve address of OCSP responder r10.o.lencr.org
[Thu Jul 30 08:34:22.903194 2026] [ssl:error] [pid 2415660:tid 2415660] AH01941: stapling_renew_response: responder error
[Thu Jul 30 08:34:22.948442 2026] [authz_core:error] [pid 2414920:tid 2414920] [client 57.141.0.56:27640] AH01630: client denied by server configuration: /home/candidejacobs/public_html/error_log
[Thu Jul 30 08:34:22.949057 2026] [authz_core:error] [pid 2414920:tid 2414920] [client 57.141.0.56:27640] AH01630: client denied by server configuration: /home/candidejacobs/public_html/php.ini
[Thu Jul 30 08:34:22.959542 2026] [ssl:error] [pid 2415835:tid 2415835] (EAI 2)Name or service not known: [client 144.76.19.72:22228] AH01972: could not resolve address of OCSP responder r10.o.lencr.org
[Thu Jul 30 08:34:22.959577 2026] [ssl:error] [pid 2415835:tid 2415835] AH01941: stapling_renew_response: responder error
[Thu Jul 30 08:34:23.934930 2026] [authz_core:error] [pid 2414920:tid 2414920] [client 57.141.0.37:51526] AH01630: client denied by server configuration: /home/candidejacobs/public_html/error_log
[Thu Jul 30 08:34:23.935554 2026] [authz_core:error] [pid 2414920:tid 2414920] [client 57.141.0.37:51526] AH01630: client denied by server configuration: /home/candidejacobs/public_html/php.ini
[Thu Jul 30 08:34:24.092849 2026] [lsapi:warn] [pid 2415708:tid 2415708] [client 109.152.115.77:55393] [host brodie-engineering.co.uk] Backend log: PHP Warning: Unknown: write failed: Disk quota exceeded (122) in Unknown on line 0\n, referer: https://brodie-engineering.co.uk/vacancies/
[Thu Jul 30 08:34:24.092882 2026] [lsapi:warn] [pid 2415708:tid 2415708] [client 109.152.115.77:55393] [host brodie-engineering.co.uk] Backend log: PHP Warning: Unknown: Failed to write session data (files). Please verify that the current setting of session.save_path is correct (/tmp) in Unknown on line 0\n, referer: https://brodie-engineering.co.uk/vacancies/
[Thu Jul 30 08:34:24.241130 2026] [ssl:error] [pid 2412429:tid 2412429] (70014)End of file found: [client 216.73.216.199:6519] AH02013: coalesce failed to read from data bucket
[Thu Jul 30 08:34:24.874323 2026] [lsapi:warn] [pid 2415833:tid 2415833] [client 217.165.124.222:0] [host revoracing.org.uk] Backend log: PHP Deprecated: Automatically populating $HTTP_RAW_POST_DATA is deprecated and will be removed in a future version. To avoid this warning set 'always_populate_raw_post_data' to '-1' in php.ini and use the php://input stream instead. in Unknown on line 0\n
[Thu Jul 30 08:34:25.017405 2026] [ssl:error] [pid 2412472:tid 2412472] (70014)End of file found: [client 216.73.216.199:62390] AH02013: coalesce failed to read from data bucket
[Thu Jul 30 08:34:25.144422 2026] [ssl:error] [pid 2414919:tid 2414919] (70014)End of file found: [client 216.73.216.199:35181] AH02013: coalesce failed to read from data bucket
[Thu Jul 30 08:34:26.013691 2026] [ssl:error] [pid 2411000:tid 2411000] (EAI 2)Name or service not known: [client 144.76.19.72:22244] AH01972: could not resolve address of OCSP responder r10.o.lencr.org
[Thu Jul 30 08:34:26.013728 2026] [ssl:error] [pid 2411000:tid 2411000] AH01941: stapling_renew_response: responder error
[Thu Jul 30 08:34:26.069761 2026] [ssl:error] [pid 2415833:tid 2415833] (EAI 2)Name or service not known: [client 144.76.19.72:22256] AH01972: could not resolve address of OCSP responder r10.o.lencr.org
[Thu Jul 30 08:34:26.069785 2026] [ssl:error] [pid 2415833:tid 2415833] AH01941: stapling_renew_response: responder error
[Thu Jul 30 08:34:27.481985 2026] [authz_core:error] [pid 2411419:tid 2411419] [client 57.141.0.20:56344] AH01630: client denied by server configuration: /home/candidejacobs/public_html/error_log
[Thu Jul 30 08:34:27.482617 2026] [authz_core:error] [pid 2411419:tid 2411419] [client 57.141.0.20:56344] AH01630: client denied by server configuration: /home/candidejacobs/public_html/php.ini
[Thu Jul 30 08:34:29.124450 2026] [ssl:error] [pid 2415833:tid 2415833] (EAI 2)Name or service not known: [client 144.76.19.72:22272] AH01972: could not resolve address of OCSP responder r10.o.lencr.org
[Thu Jul 30 08:34:29.124518 2026] [ssl:error] [pid 2415833:tid 2415833] AH01941: stapling_renew_response: responder error
[Thu Jul 30 08:34:29.176407 2026] [ssl:error] [pid 2415708:tid 2415708] (EAI 2)Name or service not known: [client 144.76.19.72:22274] AH01972: could not resolve address of OCSP responder r10.o.lencr.org
[Thu Jul 30 08:34:29.176432 2026] [ssl:error] [pid 2415708:tid 2415708] AH01941: stapling_renew_response: responder error
[Thu Jul 30 08:34:29.538694 2026] [authz_core:error] [pid 2412506:tid 2412506] [client 57.141.0.36:45252] AH01630: client denied by server configuration: /home/candidejacobs/public_html/error_log
[Thu Jul 30 08:34:29.539317 2026] [authz_core:error] [pid 2412506:tid 2412506] [client 57.141.0.36:45252] AH01630: client denied by server configuration: /home/candidejacobs/public_html/php.ini
[Thu Jul 30 08:34:29.931413 2026] [access_compat:error] [pid 2411315:tid 2411315] [client 106.215.157.145:14848] AH01797: client denied by server configuration: /home/thepryor/public_html/xmlrpc.php
[Thu Jul 30 08:34:30.260756 2026] [core:error] [pid 2413521:tid 2413521] (13)Permission denied: [client 216.73.216.199:30189] AH00132: file permissions deny server access: /home/healthki/public_html/wp-includes/js/swfupload/1/2/sys/dev/char/4:45/subsystem/ttyS2/iomem_base
[Thu Jul 30 08:34:30.561412 2026] [core:error] [pid 2413521:tid 2413521] (13)Permission denied: [client 216.73.216.199:30189] AH00132: file permissions deny server access: /home/healthki/public_html/wp-includes/js/swfupload/1/2/sys/devices/system/memory/memory245/subsystem/uevent
[Thu Jul 30 08:34:31.071056 2026] [authz_core:error] [pid 2412509:tid 2412509] [client 57.141.0.43:57196] AH01630: client denied by server configuration: /home/candidejacobs/public_html/error_log
[Thu Jul 30 08:34:31.071735 2026] [authz_core:error] [pid 2412509:tid 2412509] [client 57.141.0.43:57196] AH01630: client denied by server configuration: /home/candidejacobs/public_html/php.ini
[Thu Jul 30 08:34:31.465220 2026] [ssl:error] [pid 2413521:tid 2413521] (70014)End of file found: [client 216.73.216.199:30189] AH02013: coalesce failed to read from data bucket
[Thu Jul 30 08:34:32.070888 2026] [ssl:error] [pid 2411314:tid 2411314] (70014)End of file found: [client 216.73.216.199:45220] AH02013: coalesce failed to read from data bucket
[Thu Jul 30 08:34:32.229963 2026] [ssl:error] [pid 2412472:tid 2412472] (EAI 2)Name or service not known: [client 144.76.19.72:30502] AH01972: could not resolve address of OCSP responder r10.o.lencr.org
[Thu Jul 30 08:34:32.229999 2026] [ssl:error] [pid 2412472:tid 2412472] AH01941: stapling_renew_response: responder error
[Thu Jul 30 08:34:32.283202 2026] [ssl:error] [pid 2414865:tid 2414865] (EAI 2)Name or service not known: [client 144.76.19.72:30512] AH01972: could not resolve address of OCSP responder r10.o.lencr.org
[Thu Jul 30 08:34:32.283238 2026] [ssl:error] [pid 2414865:tid 2414865] AH01941: stapling_renew_response: responder error
[Thu Jul 30 08:34:33.622625 2026] [authz_core:error] [pid 2412502:tid 2412502] [client 57.141.0.63:53260] AH01630: client denied by server configuration: /home/candidejacobs/public_html/error_log
[Thu Jul 30 08:34:33.623251 2026] [authz_core:error] [pid 2412502:tid 2412502] [client 57.141.0.63:53260] AH01630: client denied by server configuration: /home/candidejacobs/public_html/php.ini
[Thu Jul 30 08:34:34.179351 2026] [ssl:error] [pid 2411106:tid 2411106] (70014)End of file found: [client 216.73.216.199:17799] AH02013: coalesce failed to read from data bucket
[Thu Jul 30 08:34:34.648957 2026] [authz_core:error] [pid 2412509:tid 2412509] [client 57.141.0.56:59980] AH01630: client denied by server configuration: /home/candidejacobs/public_html/error_log
[Thu Jul 30 08:34:34.649586 2026] [authz_core:error] [pid 2412509:tid 2412509] [client 57.141.0.56:59980] AH01630: client denied by server configuration: /home/candidejacobs/public_html/php.ini
[Thu Jul 30 08:34:35.210781 2026] [security2:error] [pid 2411373:tid 2411373] [client 170.106.72.178:38674] ModSecurity: Warning. Pattern match "\\\\b(keep-alive|close),\\\\s?(keep-alive|close)\\\\b" at REQUEST_HEADERS:Connection. [file "/etc/apache2/conf.d/modsec_vendor_configs/OWASP3/rules/REQUEST-920-PROTOCOL-ENFORCEMENT.conf"] [line "198"] [id "920210"] [rev "2"] [msg "Multiple/Conflicting Connection Header Data Found."] [data "keep-alive, close"] [severity "WARNING"] [ver "OWASP_CRS/3.0.0"] [maturity "6"] [accuracy "8"] [tag "application-multi"] [tag "language-multi"] [tag "platform-multi"] [tag "attack-protocol"] [tag "OWASP_CRS/PROTOCOL_VIOLATION/INVALID_HREQ"] [hostname "www.prosperon.co.uk"] [uri "/"] [unique_id "amr-i9EWCml9g6o0NKfG6wAAABw"]
[Thu Jul 30 08:34:35.297314 2026] [authz_core:error] [pid 2415777:tid 2415777] [client 57.141.0.46:44098] AH01630: client denied by server configuration: /home/candidejacobs/public_html/error_log
[Thu Jul 30 08:34:35.297932 2026] [authz_core:error] [pid 2415777:tid 2415777] [client 57.141.0.46:44098] AH01630: client denied by server configuration: /home/candidejacobs/public_html/php.ini
[Thu Jul 30 08:34:35.402620 2026] [ssl:error] [pid 2415777:tid 2415777] (EAI 2)Name or service not known: [client 144.76.19.72:30520] AH01972: could not resolve address of OCSP responder r10.o.lencr.org
[Thu Jul 30 08:34:35.402654 2026] [ssl:error] [pid 2415777:tid 2415777] AH01941: stapling_renew_response: responder error
[Thu Jul 30 08:34:35.463525 2026] [lsapi:warn] [pid 2411316:tid 2411316] [client 217.165.124.222:0] [host revoracing.org.uk] Backend log: PHP Deprecated: Automatically populating $HTTP_RAW_POST_DATA is deprecated and will be removed in a future version. To avoid this warning set 'always_populate_raw_post_data' to '-1' in php.ini and use the php://input stream instead. in Unknown on line 0\n
[Thu Jul 30 08:34:35.469482 2026] [ssl:error] [pid 2412507:tid 2412507] (EAI 2)Name or service not known: [client 144.76.19.72:30524] AH01972: could not resolve address of OCSP responder r10.o.lencr.org
[Thu Jul 30 08:34:35.469502 2026] [ssl:error] [pid 2412507:tid 2412507] AH01941: stapling_renew_response: responder error
[Thu Jul 30 08:34:36.370357 2026] [access_compat:error] [pid 2412507:tid 2412507] [client 106.215.157.145:27362] AH01797: client denied by server configuration: /home/thepryor/public_html/xmlrpc.php
[Thu Jul 30 08:34:36.945719 2026] [core:error] [pid 2411417:tid 2411417] (13)Permission denied: [client 216.73.216.199:12250] AH00132: file permissions deny server access: /home/healthki/public_html/wp-includes/js/swfupload/1/2/sys/devices/virtual/tty/console/subsystem/ttyS2/uartclk
[Thu Jul 30 08:34:37.146410 2026] [security2:error] [pid 2412509:tid 2412509] [client 114.119.148.174:21601] ModSecurity: Access denied with code 403 (phase 1). Matched phrase "PetalBot" at REQUEST_HEADERS:User-Agent. [file "/etc/apache2/conf.d/modsec/modsec2.user.conf"] [line "2"] [id "1000001"] [msg "Bad Bot Blocked"] [hostname "www.jonathanmeyerart.com"] [uri "/"] [unique_id "amr-jSkbiwJMJ1lx9MIWJAAAADc"], referer: https://www.jonathanmeyerart.com/
[Thu Jul 30 08:34:37.246744 2026] [ssl:error] [pid 2411315:tid 2411315] (70014)End of file found: [client 216.73.216.199:17456] AH02013: coalesce failed to read from data bucket
[Thu Jul 30 08:34:37.797118 2026] [cgi:error] [pid 2411419:tid 2411419] [client 20.220.15.170:51148] AH02812: stderr from /home/alismcom/public_html/static3/cgi-bin/: attempt to invoke directory as script
[Thu Jul 30 08:34:37.894573 2026] [security2:error] [pid 2412474:tid 2412474] [client 170.106.72.178:37748] ModSecurity: Warning. Pattern match "\\\\b(keep-alive|close),\\\\s?(keep-alive|close)\\\\b" at REQUEST_HEADERS:Connection. [file "/etc/apache2/conf.d/modsec_vendor_configs/OWASP3/rules/REQUEST-920-PROTOCOL-ENFORCEMENT.conf"] [line "198"] [id "920210"] [rev "2"] [msg "Multiple/Conflicting Connection Header Data Found."] [data "keep-alive, close"] [severity "WARNING"] [ver "OWASP_CRS/3.0.0"] [maturity "6"] [accuracy "8"] [tag "application-multi"] [tag "language-multi"] [tag "platform-multi"] [tag "attack-protocol"] [tag "OWASP_CRS/PROTOCOL_VIOLATION/INVALID_HREQ"] [hostname "prosperon.co.uk"] [uri "/"] [unique_id "amr-jZDxY3fypotl7b9owwAAAB4"], referer: http://www.prosperon.co.uk
[Thu Jul 30 08:34:38.113741 2026] [authz_core:error] [pid 2412507:tid 2412507] [client 57.141.0.30:53984] AH01630: client denied by server configuration: /home/candidejacobs/public_html/error_log
[Thu Jul 30 08:34:38.114371 2026] [authz_core:error] [pid 2412507:tid 2412507] [client 57.141.0.30:53984] AH01630: client denied by server configuration: /home/candidejacobs/public_html/php.ini
[Thu Jul 30 08:34:38.527470 2026] [ssl:error] [pid 2412507:tid 2412507] (EAI 2)Name or service not known: [client 144.76.19.72:30538] AH01972: could not resolve address of OCSP responder r10.o.lencr.org
[Thu Jul 30 08:34:38.527492 2026] [ssl:error] [pid 2412507:tid 2412507] AH01941: stapling_renew_response: responder error
[Thu Jul 30 08:34:38.539663 2026] [authz_core:error] [pid 2415834:tid 2415834] [client 135.119.63.61:35937] AH01630: client denied by server configuration: /home/jdmedi/public_html/libraries/vendor/updates.php
[Thu Jul 30 08:34:38.582351 2026] [ssl:error] [pid 2411415:tid 2411415] (EAI 2)Name or service not known: [client 144.76.19.72:30546] AH01972: could not resolve address of OCSP responder r10.o.lencr.org
[Thu Jul 30 08:34:38.582374 2026] [ssl:error] [pid 2411415:tid 2411415] AH01941: stapling_renew_response: responder error
[Thu Jul 30 08:34:38.621687 2026] [lsapi:warn] [pid 2414919:tid 2414919] [client 109.152.115.77:60672] [host brodie-engineering.co.uk] Backend log: PHP Warning: Unknown: write failed: Disk quota exceeded (122) in Unknown on line 0\n, referer: https://brodie-engineering.co.uk/careers/
[Thu Jul 30 08:34:38.621740 2026] [lsapi:warn] [pid 2414919:tid 2414919] [client 109.152.115.77:60672] [host brodie-engineering.co.uk] Backend log: PHP Warning: Unknown: Failed to write session data (files). Please verify that the current setting of session.save_path is correct (/tmp) in Unknown on line 0\n, referer: https://brodie-engineering.co.uk/careers/
[Thu Jul 30 08:34:39.414603 2026] [authz_core:error] [pid 2415839:tid 2415839] [client 57.141.0.5:60444] AH01630: client denied by server configuration: /home/candidejacobs/public_html/error_log
[Thu Jul 30 08:34:39.415241 2026] [authz_core:error] [pid 2415839:tid 2415839] [client 57.141.0.5:60444] AH01630: client denied by server configuration: /home/candidejacobs/public_html/php.ini
[Thu Jul 30 08:34:40.468526 2026] [access_compat:error] [pid 2415778:tid 2415778] [client 106.215.157.145:5431] AH01797: client denied by server configuration: /home/thepryor/public_html/xmlrpc.php
[Thu Jul 30 08:34:40.493131 2026] [lsapi:warn] [pid 2414919:tid 2414919] [client 109.152.115.77:60672] [host brodie-engineering.co.uk] Backend log: PHP Warning: Unknown: write failed: Disk quota exceeded (122) in Unknown on line 0\n, referer: https://brodie-engineering.co.uk/vacancies/
[Thu Jul 30 08:34:40.493164 2026] [lsapi:warn] [pid 2414919:tid 2414919] [client 109.152.115.77:60672] [host brodie-engineering.co.uk] Backend log: PHP Warning: Unknown: Failed to write session data (files). Please verify that the current setting of session.save_path is correct (/tmp) in Unknown on line 0\n, referer: https://brodie-engineering.co.uk/vacancies/
[Thu Jul 30 08:34:40.560998 2026] [ssl:error] [pid 2411417:tid 2411417] (70014)End of file found: [client 216.73.216.199:12250] AH02013: coalesce failed to read from data bucket
[Thu Jul 30 08:34:40.866852 2026] [ssl:error] [pid 2415839:tid 2415839] (70014)End of file found: [client 216.73.216.199:1110] AH02013: coalesce failed to read from data bucket
[Thu Jul 30 08:34:41.202272 2026] [security2:error] [pid 2413521:tid 2413521] [client 114.119.135.84:20635] ModSecurity: Access denied with code 403 (phase 1). Matched phrase "PetalBot" at REQUEST_HEADERS:User-Agent. [file "/etc/apache2/conf.d/modsec/modsec2.user.conf"] [line "2"] [id "1000001"] [msg "Bad Bot Blocked"] [hostname "www.robin64.co.uk"] [uri "/images/23_supermario_4_3.png"] [unique_id "amr-kWQh2bFfAbwnLtrgzwAAAAI"], referer: https://www.robin64.co.uk/customborders
[Thu Jul 30 08:34:41.637093 2026] [ssl:error] [pid 2417229:tid 2417229] (EAI 2)Name or service not known: [client 144.76.19.72:27968] AH01972: could not resolve address of OCSP responder r10.o.lencr.org
[Thu Jul 30 08:34:41.637124 2026] [ssl:error] [pid 2417229:tid 2417229] AH01941: stapling_renew_response: responder error
[Thu Jul 30 08:34:41.693500 2026] [ssl:error] [pid 2417171:tid 2417171] (EAI 2)Name or service not known: [client 144.76.19.72:27974] AH01972: could not resolve address of OCSP responder r10.o.lencr.org
[Thu Jul 30 08:34:41.693526 2026] [ssl:error] [pid 2417171:tid 2417171] AH01941: stapling_renew_response: responder error
[Thu Jul 30 08:34:41.699979 2026] [authz_core:error] [pid 2417359:tid 2417359] [client 57.141.0.59:27310] AH01630: client denied by server configuration: /home/candidejacobs/public_html/error_log
[Thu Jul 30 08:34:41.700708 2026] [authz_core:error] [pid 2417359:tid 2417359] [client 57.141.0.59:27310] AH01630: client denied by server configuration: /home/candidejacobs/public_html/php.ini
[Thu Jul 30 08:34:42.558246 2026] [ssl:error] [pid 2417171:tid 2417171] (70014)End of file found: [client 216.73.216.199:65406] AH02013: coalesce failed to read from data bucket
[Thu Jul 30 08:34:43.383187 2026] [authz_core:error] [pid 2411315:tid 2411315] [client 57.141.0.21:21350] AH01630: client denied by server configuration: /home/candidejacobs/public_html/error_log
[Thu Jul 30 08:34:43.383814 2026] [authz_core:error] [pid 2411315:tid 2411315] [client 57.141.0.21:21350] AH01630: client denied by server configuration: /home/candidejacobs/public_html/php.ini
[Thu Jul 30 08:34:44.536051 2026] [authz_core:error] [pid 2411366:tid 2411366] [client 57.141.0.58:50624] AH01630: client denied by server configuration: /home/candidejacobs/public_html/error_log
[Thu Jul 30 08:34:44.536701 2026] [authz_core:error] [pid 2411366:tid 2411366] [client 57.141.0.58:50624] AH01630: client denied by server configuration: /home/candidejacobs/public_html/php.ini
[Thu Jul 30 08:34:44.749828 2026] [ssl:error] [pid 2417359:tid 2417359] (EAI 2)Name or service not known: [client 144.76.19.72:27984] AH01972: could not resolve address of OCSP responder r10.o.lencr.org
[Thu Jul 30 08:34:44.749867 2026] [ssl:error] [pid 2417359:tid 2417359] AH01941: stapling_renew_response: responder error
[Thu Jul 30 08:34:44.835744 2026] [ssl:error] [pid 2411000:tid 2411000] (EAI 2)Name or service not known: [client 144.76.19.72:27992] AH01972: could not resolve address of OCSP responder r10.o.lencr.org
[Thu Jul 30 08:34:44.835771 2026] [ssl:error] [pid 2411000:tid 2411000] AH01941: stapling_renew_response: responder error
[Thu Jul 30 08:34:46.098125 2026] [lsapi:warn] [pid 2415660:tid 2415660] [client 217.165.124.222:0] [host revoracing.org.uk] Backend log: PHP Deprecated: Automatically populating $HTTP_RAW_POST_DATA is deprecated and will be removed in a future version. To avoid this warning set 'always_populate_raw_post_data' to '-1' in php.ini and use the php://input stream instead. in Unknown on line 0\n
[Thu Jul 30 08:34:46.548073 2026] [security2:error] [pid 2411373:tid 2411373] [client 114.119.155.144:39031] ModSecurity: Access denied with code 403 (phase 1). Matched phrase "PetalBot" at REQUEST_HEADERS:User-Agent. [file "/etc/apache2/conf.d/modsec/modsec2.user.conf"] [line "2"] [id "1000001"] [msg "Bad Bot Blocked"] [hostname "www.erskinenazarene.co.uk"] [uri "/calendar/action~oneday/exact_date~1585695600/cat_ids~30,15,104/request_format~html"] [unique_id "amr-ltEWCml9g6o0NKfG7gAAABw"], referer: http://www.erskinenazarene.co.uk/calendar/action~oneday/exact_date~1585695600/cat_ids~30,15/request_format~html
[Thu Jul 30 08:34:46.774898 2026] [ssl:error] [pid 2414741:tid 2414741] (70014)End of file found: [client 216.73.216.199:11575] AH02013: coalesce failed to read from data bucket
[Thu Jul 30 08:34:47.075857 2026] [ssl:error] [pid 2411000:tid 2411000] (70014)End of file found: [client 216.73.216.199:21781] AH02013: coalesce failed to read from data bucket
[Thu Jul 30 08:34:47.895552 2026] [ssl:error] [pid 2414918:tid 2414918] (EAI 2)Name or service not known: [client 144.76.19.72:27994] AH01972: could not resolve address of OCSP responder r10.o.lencr.org
[Thu Jul 30 08:34:47.895595 2026] [ssl:error] [pid 2414918:tid 2414918] AH01941: stapling_renew_response: responder error
[Thu Jul 30 08:34:47.948957 2026] [ssl:error] [pid 2411128:tid 2411128] (EAI 2)Name or service not known: [client 144.76.19.72:28004] AH01972: could not resolve address of OCSP responder r10.o.lencr.org
[Thu Jul 30 08:34:47.948978 2026] [ssl:error] [pid 2411128:tid 2411128] AH01941: stapling_renew_response: responder error
[Thu Jul 30 08:34:48.295122 2026] [ssl:error] [pid 2417514:tid 2417514] (70014)End of file found: [client 216.73.216.199:43055] AH02013: coalesce failed to read from data bucket
[Thu Jul 30 08:34:48.585521 2026] [security2:error] [pid 2417359:tid 2417359] [client 114.119.155.144:47657] ModSecurity: Access denied with code 403 (phase 1). Matched phrase "PetalBot" at REQUEST_HEADERS:User-Agent. [file "/etc/apache2/conf.d/modsec/modsec2.user.conf"] [line "2"] [id "1000001"] [msg "Bad Bot Blocked"] [hostname "erskinenazarene.co.uk"] [uri "/calendar/action~oneday/exact_date~1585695600/cat_ids~30,15,104/request_format~html"] [unique_id "amr-mJdHM0Q3k_-GCTkjnQAAAA0"], referer: http://www.erskinenazarene.co.uk/calendar/action~oneday/exact_date~1585695600/cat_ids~30,15/request_format~html
[Thu Jul 30 08:34:48.651881 2026] [authz_core:error] [pid 2411373:tid 2411373] [client 66.249.66.34:41426] AH01630: client denied by server configuration: /home/healthki/public_html/error_log
[Thu Jul 30 08:34:48.654523 2026] [authz_core:error] [pid 2411373:tid 2411373] [client 66.249.66.34:41426] AH01630: client denied by server configuration: /home/healthki/public_html/php.ini
[Thu Jul 30 08:34:48.659938 2026] [authz_core:error] [pid 2411417:tid 2411417] [client 57.141.0.8:33820] AH01630: client denied by server configuration: /home/candidejacobs/public_html/error_log
[Thu Jul 30 08:34:48.660556 2026] [authz_core:error] [pid 2411417:tid 2411417] [client 57.141.0.8:33820] AH01630: client denied by server configuration: /home/candidejacobs/public_html/php.ini
[Thu Jul 30 08:34:48.896866 2026] [authz_core:error] [pid 2415708:tid 2415708] [client 57.141.0.69:30496] AH01630: client denied by server configuration: /home/candidejacobs/public_html/error_log
[Thu Jul 30 08:34:48.897484 2026] [authz_core:error] [pid 2415708:tid 2415708] [client 57.141.0.69:30496] AH01630: client denied by server configuration: /home/candidejacobs/public_html/php.ini
[Thu Jul 30 08:34:50.311257 2026] [authz_core:error] [pid 2414917:tid 2414917] [client 57.141.0.63:29774] AH01630: client denied by server configuration: /home/candidejacobs/public_html/error_log
[Thu Jul 30 08:34:50.311888 2026] [authz_core:error] [pid 2414917:tid 2414917] [client 57.141.0.63:29774] AH01630: client denied by server configuration: /home/candidejacobs/public_html/php.ini
[Thu Jul 30 08:34:50.920862 2026] [access_compat:error] [pid 2417359:tid 2417359] [client 106.215.157.145:8285] AH01797: client denied by server configuration: /home/thepryor/public_html/xmlrpc.php
[Thu Jul 30 08:34:51.005454 2026] [ssl:error] [pid 2417870:tid 2417870] (EAI 2)Name or service not known: [client 144.76.19.72:46306] AH01972: could not resolve address of OCSP responder r10.o.lencr.org
[Thu Jul 30 08:34:51.005491 2026] [ssl:error] [pid 2417870:tid 2417870] AH01941: stapling_renew_response: responder error
[Thu Jul 30 08:34:51.060208 2026] [ssl:error] [pid 2414917:tid 2414917] (EAI 2)Name or service not known: [client 144.76.19.72:46322] AH01972: could not resolve address of OCSP responder r10.o.lencr.org
[Thu Jul 30 08:34:51.060236 2026] [ssl:error] [pid 2414917:tid 2414917] AH01941: stapling_renew_response: responder error
[Thu Jul 30 08:34:51.151602 2026] [authz_core:error] [pid 2415835:tid 2415835] [client 57.141.0.1:44244] AH01630: client denied by server configuration: /home/candidejacobs/public_html/error_log
[Thu Jul 30 08:34:51.152230 2026] [authz_core:error] [pid 2415835:tid 2415835] [client 57.141.0.1:44244] AH01630: client denied by server configuration: /home/candidejacobs/public_html/php.ini
[Thu Jul 30 08:34:51.441189 2026] [access_compat:error] [pid 2417985:tid 2417985] [client 45.158.164.139:38636] AH01797: client denied by server configuration: /home/thepryor/public_html/wp-cron.php
[Thu Jul 30 08:34:52.209335 2026] [ssl:error] [pid 2415778:tid 2415778] (70014)End of file found: [client 216.73.216.199:25810] AH02013: coalesce failed to read from data bucket
[Thu Jul 30 08:34:54.118179 2026] [ssl:error] [pid 2415833:tid 2415833] (EAI 2)Name or service not known: [client 144.76.19.72:46328] AH01972: could not resolve address of OCSP responder r10.o.lencr.org
[Thu Jul 30 08:34:54.118225 2026] [ssl:error] [pid 2415833:tid 2415833] AH01941: stapling_renew_response: responder error
[Thu Jul 30 08:34:54.175868 2026] [ssl:error] [pid 2411373:tid 2411373] (EAI 2)Name or service not known: [client 144.76.19.72:46330] AH01972: could not resolve address of OCSP responder r10.o.lencr.org
[Thu Jul 30 08:34:54.175895 2026] [ssl:error] [pid 2411373:tid 2411373] AH01941: stapling_renew_response: responder error
[Thu Jul 30 08:34:54.320117 2026] [authz_core:error] [pid 2412429:tid 2412429] [client 57.141.0.25:24402] AH01630: client denied by server configuration: /home/candidejacobs/public_html/error_log
[Thu Jul 30 08:34:54.320737 2026] [authz_core:error] [pid 2412429:tid 2412429] [client 57.141.0.25:24402] AH01630: client denied by server configuration: /home/candidejacobs/public_html/php.ini
[Thu Jul 30 08:34:54.328111 2026] [ssl:error] [pid 2411106:tid 2411106] (70014)End of file found: [client 216.73.216.199:1753] AH02013: coalesce failed to read from data bucket
[Thu Jul 30 08:34:54.605497 2026] [authz_core:error] [pid 2415776:tid 2415776] [client 57.141.0.59:47146] AH01630: client denied by server configuration: /home/candidejacobs/public_html/error_log
[Thu Jul 30 08:34:54.606153 2026] [authz_core:error] [pid 2415776:tid 2415776] [client 57.141.0.59:47146] AH01630: client denied by server configuration: /home/candidejacobs/public_html/php.ini
[Thu Jul 30 08:34:55.230396 2026] [ssl:error] [pid 2411315:tid 2411315] (70014)End of file found: [client 216.73.216.199:58535] AH02013: coalesce failed to read from data bucket
[Thu Jul 30 08:34:56.719021 2026] [lsapi:warn] [pid 2412472:tid 2412472] [client 217.165.124.222:0] [host revoracing.org.uk] Backend log: PHP Deprecated: Automatically populating $HTTP_RAW_POST_DATA is deprecated and will be removed in a future version. To avoid this warning set 'always_populate_raw_post_data' to '-1' in php.ini and use the php://input stream instead. in Unknown on line 0\n
[Thu Jul 30 08:34:57.234147 2026] [ssl:error] [pid 2414920:tid 2414920] (EAI 2)Name or service not known: [client 144.76.19.72:46342] AH01972: could not resolve address of OCSP responder r10.o.lencr.org
[Thu Jul 30 08:34:57.234174 2026] [ssl:error] [pid 2414920:tid 2414920] AH01941: stapling_renew_response: responder error
[Thu Jul 30 08:34:57.286962 2026] [ssl:error] [pid 2411128:tid 2411128] (EAI 2)Name or service not known: [client 144.76.19.72:46346] AH01972: could not resolve address of OCSP responder r10.o.lencr.org
[Thu Jul 30 08:34:57.286987 2026] [ssl:error] [pid 2411128:tid 2411128] AH01941: stapling_renew_response: responder error
[Thu Jul 30 08:34:58.231281 2026] [security2:error] [pid 2415776:tid 2415776] [client 124.156.157.91:41784] ModSecurity: Warning. Pattern match "\\\\b(keep-alive|close),\\\\s?(keep-alive|close)\\\\b" at REQUEST_HEADERS:Connection. [file "/etc/apache2/conf.d/modsec_vendor_configs/OWASP3/rules/REQUEST-920-PROTOCOL-ENFORCEMENT.conf"] [line "198"] [id "920210"] [rev "2"] [msg "Multiple/Conflicting Connection Header Data Found."] [data "keep-alive, close"] [severity "WARNING"] [ver "OWASP_CRS/3.0.0"] [maturity "6"] [accuracy "8"] [tag "application-multi"] [tag "language-multi"] [tag "platform-multi"] [tag "attack-protocol"] [tag "OWASP_CRS/PROTOCOL_VIOLATION/INVALID_HREQ"] [hostname "www.georgehotelofstamford.com"] [uri "/"] [unique_id "amr-oiLkEMNU1uzk-9suswAAADI"]
[Thu Jul 30 08:34:58.239853 2026] [ssl:error] [pid 2411366:tid 2411366] (70014)End of file found: [client 216.73.216.199:1689] AH02013: coalesce failed to read from data bucket
[Thu Jul 30 08:34:58.543291 2026] [authz_core:error] [pid 2415708:tid 2415708] [client 16.59.59.72:48830] AH01630: client denied by server configuration: /home/healthki/public_html/error_log
[Thu Jul 30 08:34:58.545937 2026] [authz_core:error] [pid 2415708:tid 2415708] [client 16.59.59.72:48830] AH01630: client denied by server configuration: /home/healthki/public_html/php.ini
[Thu Jul 30 08:34:58.720339 2026] [security2:error] [pid 2411417:tid 2411417] [client 51.68.107.159:9307] ModSecurity: Access denied with code 403 (phase 1). Matched phrase "MJ12bot" at REQUEST_HEADERS:User-Agent. [file "/etc/apache2/conf.d/modsec/modsec2.user.conf"] [line "2"] [id "1000001"] [msg "Bad Bot Blocked"] [hostname "www.hbsanorth.co.uk"] [uri "/robots.txt"] [unique_id "amr-otRH0BKfuOPG3wTKdwAAACs"]
[Thu Jul 30 08:34:59.110090 2026] [authz_core:error] [pid 2412472:tid 2412472] [client 57.141.0.67:39564] AH01630: client denied by server configuration: /home/candidejacobs/public_html/error_log
[Thu Jul 30 08:34:59.110709 2026] [authz_core:error] [pid 2412472:tid 2412472] [client 57.141.0.67:39564] AH01630: client denied by server configuration: /home/candidejacobs/public_html/php.ini
[Thu Jul 30 08:34:59.188901 2026] [security2:error] [pid 2415708:tid 2415708] [client 124.156.157.91:42106] ModSecurity: Warning. Pattern match "\\\\b(keep-alive|close),\\\\s?(keep-alive|close)\\\\b" at REQUEST_HEADERS:Connection. [file "/etc/apache2/conf.d/modsec_vendor_configs/OWASP3/rules/REQUEST-920-PROTOCOL-ENFORCEMENT.conf"] [line "198"] [id "920210"] [rev "2"] [msg "Multiple/Conflicting Connection Header Data Found."] [data "keep-alive, close"] [severity "WARNING"] [ver "OWASP_CRS/3.0.0"] [maturity "6"] [accuracy "8"] [tag "application-multi"] [tag "language-multi"] [tag "platform-multi"] [tag "attack-protocol"] [tag "OWASP_CRS/PROTOCOL_VIOLATION/INVALID_HREQ"] [hostname "www.georgehotelofstamford.com"] [uri "/"] [unique_id "amr-o-PouJ5_BOrIab5qpAAAACQ"], referer: http://www.georgehotelofstamford.com
[Thu Jul 30 08:34:59.765673 2026] [authz_core:error] [pid 2417358:tid 2417358] [client 57.141.0.38:58022] AH01630: client denied by server configuration: /home/candidejacobs/public_html/error_log
[Thu Jul 30 08:34:59.766302 2026] [authz_core:error] [pid 2417358:tid 2417358] [client 57.141.0.38:58022] AH01630: client denied by server configuration: /home/candidejacobs/public_html/php.ini
[Thu Jul 30 08:35:00.343570 2026] [ssl:error] [pid 2417358:tid 2417358] (EAI 2)Name or service not known: [client 144.76.19.72:30380] AH01972: could not resolve address of OCSP responder r10.o.lencr.org
[Thu Jul 30 08:35:00.343606 2026] [ssl:error] [pid 2417358:tid 2417358] AH01941: stapling_renew_response: responder error
[Thu Jul 30 08:35:00.401130 2026] [ssl:error] [pid 2417171:tid 2417171] (EAI 2)Name or service not known: [client 144.76.19.72:30386] AH01972: could not resolve address of OCSP responder r10.o.lencr.org
[Thu Jul 30 08:35:00.401158 2026] [ssl:error] [pid 2417171:tid 2417171] AH01941: stapling_renew_response: responder error
[Thu Jul 30 08:35:00.927171 2026] [ssl:error] [pid 2415708:tid 2415708] (70014)End of file found: [client 216.73.216.199:37616] AH02013: coalesce failed to read from data bucket
[Thu Jul 30 08:35:01.665756 2026] [security2:error] [pid 2412474:tid 2412474] [client 47.128.45.68:47646] ModSecurity: Access denied with code 403 (phase 1). Matched phrase "Bytespider" at REQUEST_HEADERS:user-agent. [file "/etc/apache2/conf.d/modsec/modsec2.user.conf"] [line "2"] [id "1000001"] [msg "Bad Bot Blocked"] [hostname "www.pamporovoexpress.com"] [uri "/robots.txt"] [unique_id "amr-pZDxY3fypotl7b9ozQAAAB4"]
[Thu Jul 30 08:35:01.840483 2026] [ssl:error] [pid 2414917:tid 2414917] (70014)End of file found: [client 216.73.216.199:30060] AH02013: coalesce failed to read from data bucket
[Thu Jul 30 08:35:01.916746 2026] [access_compat:error] [pid 2417358:tid 2417358] [client 106.215.157.145:20501] AH01797: client denied by server configuration: /home/thepryor/public_html/xmlrpc.php
[Thu Jul 30 08:35:02.327416 2026] [core:error] [pid 2414865:tid 2414865] (13)Permission denied: [client 216.73.216.199:17856] AH00132: file permissions deny server access: /home/healthki/public_html/wp-includes/js/swfupload/1/2/sys/bus/platform/drivers/serial8250/bind
[Thu Jul 30 08:35:02.334469 2026] [lsapi:warn] [pid 2412429:tid 2412429] [client 64.71.166.38:30400] [host brodie-engineering.co.uk] Backend log: PHP Warning: Unknown: write failed: Disk quota exceeded (122) in Unknown on line 0\n
[Thu Jul 30 08:35:02.334523 2026] [lsapi:warn] [pid 2412429:tid 2412429] [client 64.71.166.38:30400] [host brodie-engineering.co.uk] Backend log: PHP Warning: Unknown: Failed to write session data (files). Please verify that the current setting of session.save_path is correct (/tmp) in Unknown on line 0\n
[Thu Jul 30 08:35:02.559353 2026] [access_compat:error] [pid 2417171:tid 2417171] [client 217.164.239.74:45660] AH01797: client denied by server configuration: /home/alismcom/public_html/blog/2006, referer: https://blog.alism.com/2006/09/page/2/?nomobile
[Thu Jul 30 08:35:02.559475 2026] [access_compat:error] [pid 2417171:tid 2417171] [client 217.164.239.74:45660] AH01797: client denied by server configuration: /home/alismcom/public_html/blog/index.php, referer: https://blog.alism.com/2006/09/page/2/?nomobile
[Thu Jul 30 08:35:02.739181 2026] [ssl:error] [pid 2414865:tid 2414865] (70014)End of file found: [client 216.73.216.199:17856] AH02013: coalesce failed to read from data bucket
[Thu Jul 30 08:35:03.172876 2026] [security2:error] [pid 2415836:tid 2415836] [client 47.128.45.68:24098] ModSecurity: Access denied with code 403 (phase 1). Matched phrase "Bytespider" at REQUEST_HEADERS:User-Agent. [file "/etc/apache2/conf.d/modsec/modsec2.user.conf"] [line "2"] [id "1000001"] [msg "Bad Bot Blocked"] [hostname "www.pamporovoexpress.com"] [uri "/403.shtml"] [unique_id "amr-pyTayAtUclV38DFD5QAAAD0"]
[Thu Jul 30 08:35:03.456473 2026] [ssl:error] [pid 2412429:tid 2412429] (EAI 2)Name or service not known: [client 144.76.19.72:30388] AH01972: could not resolve address of OCSP responder r10.o.lencr.org
[Thu Jul 30 08:35:03.456502 2026] [ssl:error] [pid 2412429:tid 2412429] AH01941: stapling_renew_response: responder error
[Thu Jul 30 08:35:03.514090 2026] [ssl:error] [pid 2415331:tid 2415331] (EAI 2)Name or service not known: [client 144.76.19.72:30390] AH01972: could not resolve address of OCSP responder r10.o.lencr.org
[Thu Jul 30 08:35:03.514117 2026] [ssl:error] [pid 2415331:tid 2415331] AH01941: stapling_renew_response: responder error
[Thu Jul 30 08:35:04.000314 2026] [security2:error] [pid 2411316:tid 2411316] [client 103.190.47.110:37806] ModSecurity: Warning. Operator EQ matched 0 at REQUEST_HEADERS. [file "/etc/apache2/conf.d/modsec_vendor_configs/OWASP3/rules/REQUEST-943-APPLICATION-ATTACK-SESSION-FIXATION.conf"] [line "38"] [id "943120"] [rev "2"] [msg "Possible Session Fixation Attack: SessionID Parameter Name with No Referer"] [data "Matched Data: phpsessid found within REQUEST_HEADERS: 0"] [severity "CRITICAL"] [ver "OWASP_CRS/3.0.0"] [maturity "2"] [accuracy "7"] [tag "application-multi"] [tag "language-multi"] [tag "platform-multi"] [tag "attack-fixation"] [tag "OWASP_CRS/WEB_ATTACK/SESSION_FIXATION"] [tag "WASCTC/WASC-37"] [tag "CAPEC-61"] [hostname "www.bigbangburgerbar.co.uk"] [uri "/Forum/index.php"] [unique_id "amr-p_c2RhBRMR9CcGYgXgAAABE"]
[Thu Jul 30 08:35:04.000357 2026] [security2:error] [pid 2411316:tid 2411316] [client 103.190.47.110:37806] ModSecurity: Access denied with code 403 (phase 2). Operator GE matched 5 at TX:anomaly_score. [file "/etc/apache2/conf.d/modsec_vendor_configs/OWASP3/rules/REQUEST-949-BLOCKING-EVALUATION.conf"] [line "30"] [id "949110"] [msg "Inbound Anomaly Score Exceeded (Total Score: 5)"] [severity "CRITICAL"] [tag "application-multi"] [tag "language-multi"] [tag "platform-multi"] [tag "attack-generic"] [hostname "www.bigbangburgerbar.co.uk"] [uri "/Forum/index.php"] [unique_id "amr-p_c2RhBRMR9CcGYgXgAAABE"]
[Thu Jul 30 08:35:04.000602 2026] [security2:error] [pid 2411316:tid 2411316] [client 103.190.47.110:37806] ModSecurity: Warning. Operator GE matched 5 at TX:inbound_anomaly_score. [file "/etc/apache2/conf.d/modsec_vendor_configs/OWASP3/rules/RESPONSE-980-CORRELATION.conf"] [line "37"] [id "980130"] [msg "Inbound Anomaly Score Exceeded (Total Inbound Score: 5 - SQLI=0,XSS=0,RFI=0,LFI=0,RCE=0,PHPI=0,HTTP=0,SESS=5): Possible Session Fixation Attack: SessionID Parameter Name with No Referer"] [tag "event-correlation"] [hostname "www.bigbangburgerbar.co.uk"] [uri "/403.shtml"] [unique_id "amr-p_c2RhBRMR9CcGYgXgAAABE"]
[Thu Jul 30 08:35:05.419913 2026] [authz_core:error] [pid 2415331:tid 2415331] [client 57.141.0.2:48664] AH01630: client denied by server configuration: /home/candidejacobs/public_html/error_log
[Thu Jul 30 08:35:05.420545 2026] [authz_core:error] [pid 2415331:tid 2415331] [client 57.141.0.2:48664] AH01630: client denied by server configuration: /home/candidejacobs/public_html/php.ini
[Thu Jul 30 08:35:06.411721 2026] [ssl:error] [pid 2415778:tid 2415778] (70014)End of file found: [client 216.73.216.199:4592] AH02013: coalesce failed to read from data bucket
[Thu Jul 30 08:35:06.588882 2026] [ssl:error] [pid 2412506:tid 2412506] (EAI 2)Name or service not known: [client 144.76.19.72:30396] AH01972: could not resolve address of OCSP responder r10.o.lencr.org
[Thu Jul 30 08:35:06.588917 2026] [ssl:error] [pid 2412506:tid 2412506] AH01941: stapling_renew_response: responder error
[Thu Jul 30 08:35:06.643142 2026] [ssl:error] [pid 2418020:tid 2418020] (EAI 2)Name or service not known: [client 144.76.19.72:30398] AH01972: could not resolve address of OCSP responder r10.o.lencr.org
[Thu Jul 30 08:35:06.643172 2026] [ssl:error] [pid 2418020:tid 2418020] AH01941: stapling_renew_response: responder error
[Thu Jul 30 08:35:07.085577 2026] [access_compat:error] [pid 2411409:tid 2411409] [client 169.58.39.192:53151] AH01797: client denied by server configuration: /home/shelterf/public_html/wp-content/uploads/backwpup-restore/, referer: binance.com
[Thu Jul 30 08:35:07.085650 2026] [access_compat:error] [pid 2411409:tid 2411409] [client 169.58.39.192:53151] AH01797: client denied by server configuration: /home/shelterf/public_html/wp-content/uploads/backwpup-706b5c-temp/, referer: binance.com
[Thu Jul 30 08:35:07.088347 2026] [access_compat:error] [pid 2411409:tid 2411409] [client 169.58.39.192:53151] AH01797: client denied by server configuration: /home/shelterf/public_html/wp-content/uploads/backwpup/, referer: binance.com
[Thu Jul 30 08:35:07.089447 2026] [access_compat:error] [pid 2411409:tid 2411409] [client 169.58.39.192:53151] AH01797: client denied by server configuration: /home/shelterf/public_html/wp-content/uploads/backwpup-706b5c-logs/, referer: binance.com
[Thu Jul 30 08:35:07.219462 2026] [ssl:error] [pid 2417171:tid 2417171] (70014)End of file found: [client 216.73.216.199:35449] AH02013: coalesce failed to read from data bucket
[Thu Jul 30 08:35:07.299986 2026] [lsapi:warn] [pid 2411366:tid 2411366] [client 217.165.124.222:0] [host revoracing.org.uk] Backend log: PHP Deprecated: Automatically populating $HTTP_RAW_POST_DATA is deprecated and will be removed in a future version. To avoid this warning set 'always_populate_raw_post_data' to '-1' in php.ini and use the php://input stream instead. in Unknown on line 0\n
[Thu Jul 30 08:35:09.059722 2026] [authz_core:error] [pid 2415839:tid 2415839] [client 57.141.0.56:54510] AH01630: client denied by server configuration: /home/candidejacobs/public_html/error_log
[Thu Jul 30 08:35:09.060358 2026] [authz_core:error] [pid 2415839:tid 2415839] [client 57.141.0.56:54510] AH01630: client denied by server configuration: /home/candidejacobs/public_html/php.ini
[Thu Jul 30 08:35:09.460741 2026] [ssl:error] [pid 2411409:tid 2411409] (70014)End of file found: [client 216.73.216.199:49992] AH02013: coalesce failed to read from data bucket
[Thu Jul 30 08:35:09.718784 2026] [ssl:error] [pid 2410999:tid 2410999] (EAI 2)Name or service not known: [client 144.76.19.72:62902] AH01972: could not resolve address of OCSP responder r10.o.lencr.org
[Thu Jul 30 08:35:09.718820 2026] [ssl:error] [pid 2410999:tid 2410999] AH01941: stapling_renew_response: responder error
[Thu Jul 30 08:35:09.775115 2026] [ssl:error] [pid 2414917:tid 2414917] (EAI 2)Name or service not known: [client 144.76.19.72:62904] AH01972: could not resolve address of OCSP responder r10.o.lencr.org
[Thu Jul 30 08:35:09.775146 2026] [ssl:error] [pid 2414917:tid 2414917] AH01941: stapling_renew_response: responder error
[Thu Jul 30 08:35:10.596226 2026] [authz_core:error] [pid 2417870:tid 2417870] [client 57.141.0.40:61030] AH01630: client denied by server configuration: /home/candidejacobs/public_html/error_log
[Thu Jul 30 08:35:10.596845 2026] [authz_core:error] [pid 2417870:tid 2417870] [client 57.141.0.40:61030] AH01630: client denied by server configuration: /home/candidejacobs/public_html/php.ini
[Thu Jul 30 08:35:11.787605 2026] [ssl:error] [pid 2411315:tid 2411315] (70014)End of file found: [client 216.73.216.199:55507] AH02013: coalesce failed to read from data bucket
[Thu Jul 30 08:35:11.897744 2026] [access_compat:error] [pid 2415708:tid 2415708] [client 106.215.157.145:2421] AH01797: client denied by server configuration: /home/thepryor/public_html/xmlrpc.php
[Thu Jul 30 08:35:12.686128 2026] [ssl:error] [pid 2417870:tid 2417870] (70014)End of file found: [client 216.73.216.199:44984] AH02013: coalesce failed to read from data bucket
[Thu Jul 30 08:35:12.853854 2026] [ssl:error] [pid 2418535:tid 2418535] (EAI 2)Name or service not known: [client 144.76.19.72:62912] AH01972: could not resolve address of OCSP responder r10.o.lencr.org
[Thu Jul 30 08:35:12.853890 2026] [ssl:error] [pid 2418535:tid 2418535] AH01941: stapling_renew_response: responder error
[Thu Jul 30 08:35:12.907621 2026] [ssl:error] [pid 2417985:tid 2417985] (EAI 2)Name or service not known: [client 144.76.19.72:62920] AH01972: could not resolve address of OCSP responder r10.o.lencr.org
[Thu Jul 30 08:35:12.907657 2026] [ssl:error] [pid 2417985:tid 2417985] AH01941: stapling_renew_response: responder error
[Thu Jul 30 08:35:14.804628 2026] [authz_core:error] [pid 2415778:tid 2415778] [client 57.141.0.66:50376] AH01630: client denied by server configuration: /home/candidejacobs/public_html/error_log
[Thu Jul 30 08:35:14.805251 2026] [authz_core:error] [pid 2415778:tid 2415778] [client 57.141.0.66:50376] AH01630: client denied by server configuration: /home/candidejacobs/public_html/php.ini
[Thu Jul 30 08:35:15.203306 2026] [security2:error] [pid 2415839:tid 2415839] [client 94.154.43.183:40354] ModSecurity: Warning. Matched phrase "/.env" at REQUEST_FILENAME. [file "/etc/apache2/conf.d/modsec_vendor_configs/OWASP3/rules/REQUEST-930-APPLICATION-ATTACK-LFI.conf"] [line "49"] [id "930130"] [rev "1"] [msg "Restricted File Access Attempt"] [data "Matched Data: /.env found within REQUEST_FILENAME: /.env"] [severity "CRITICAL"] [ver "OWASP_CRS/3.0.0"] [maturity "7"] [accuracy "8"] [tag "application-multi"] [tag "language-multi"] [tag "platform-multi"] [tag "attack-lfi"] [tag "OWASP_CRS/WEB_ATTACK/FILE_INJECTION"] [tag "WASCTC/WASC-33"] [tag "OWASP_TOP_10/A4"] [tag "PCI/6.5.4"] [hostname "hugoashmore.org"] [uri "/.env"] [unique_id "amr-sxqtN_-M-_mXM4lPrAAAAD8"]
[Thu Jul 30 08:35:15.203440 2026] [security2:error] [pid 2415839:tid 2415839] [client 94.154.43.183:40354] ModSecurity: Access denied with code 403 (phase 2). Operator GE matched 5 at TX:anomaly_score. [file "/etc/apache2/conf.d/modsec_vendor_configs/OWASP3/rules/REQUEST-949-BLOCKING-EVALUATION.conf"] [line "30"] [id "949110"] [msg "Inbound Anomaly Score Exceeded (Total Score: 5)"] [severity "CRITICAL"] [tag "application-multi"] [tag "language-multi"] [tag "platform-multi"] [tag "attack-generic"] [hostname "hugoashmore.org"] [uri "/.env"] [unique_id "amr-sxqtN_-M-_mXM4lPrAAAAD8"]
[Thu Jul 30 08:35:15.203673 2026] [security2:error] [pid 2415839:tid 2415839] [client 94.154.43.183:40354] ModSecurity: Warning. Operator GE matched 5 at TX:inbound_anomaly_score. [file "/etc/apache2/conf.d/modsec_vendor_configs/OWASP3/rules/RESPONSE-980-CORRELATION.conf"] [line "37"] [id "980130"] [msg "Inbound Anomaly Score Exceeded (Total Inbound Score: 5 - SQLI=0,XSS=0,RFI=0,LFI=5,RCE=0,PHPI=0,HTTP=0,SESS=0): Restricted File Access Attempt"] [tag "event-correlation"] [hostname "hugoashmore.org"] [uri "/.env"] [unique_id "amr-sxqtN_-M-_mXM4lPrAAAAD8"]
[Thu Jul 30 08:35:15.504578 2026] [ssl:error] [pid 2417171:tid 2417171] (70014)End of file found: [client 216.73.216.199:59150] AH02013: coalesce failed to read from data bucket
[Thu Jul 30 08:35:15.962729 2026] [ssl:error] [pid 2415839:tid 2415839] (EAI 2)Name or service not known: [client 144.76.19.72:62932] AH01972: could not resolve address of OCSP responder r10.o.lencr.org
[Thu Jul 30 08:35:15.962763 2026] [ssl:error] [pid 2415839:tid 2415839] AH01941: stapling_renew_response: responder error
[Thu Jul 30 08:35:16.019809 2026] [ssl:error] [pid 2415776:tid 2415776] (EAI 2)Name or service not known: [client 144.76.19.72:62936] AH01972: could not resolve address of OCSP responder r10.o.lencr.org
[Thu Jul 30 08:35:16.019852 2026] [ssl:error] [pid 2415776:tid 2415776] AH01941: stapling_renew_response: responder error
