[Thu Jul 30 08:38:21.525374 2026] [core:error] [pid 2419665:tid 2419665] [client 185.177.72.66:15686] AH00124: Request exceeded the limit of 10 internal redirects due to probable configuration error. Use 'LimitInternalRecursion' to increase the limit if necessary. Use 'LogLevel debug' to get a backtrace.
[Thu Jul 30 08:38:21.525493 2026] [security2:error] [pid 2419665:tid 2419665] [client 185.177.72.66:15686] ModSecurity: Warning. Operator GE matched 5 at TX:inbound_anomaly_score. [file "/etc/apache2/conf.d/modsec_vendor_configs/OWASP3/rules/RESPONSE-980-CORRELATION.conf"] [line "37"] [id "980130"] [msg "Inbound Anomaly Score Exceeded (Total Inbound Score: 5 - SQLI=0,XSS=0,RFI=0,LFI=5,RCE=0,PHPI=0,HTTP=0,SESS=0): Restricted File Access Attempt"] [tag "event-correlation"] [hostname "edwardkensington.com"] [uri "/actions-server/.env"] [unique_id "amr_bW101zDj_5UEQFMW4AAAAAs"]
[Thu Jul 30 08:38:21.601955 2026] [security2:error] [pid 2425019:tid 2425019] [client 185.177.72.66:15692] ModSecurity: Warning. Matched phrase "/.env" at REQUEST_FILENAME. [file "/etc/apache2/conf.d/modsec_vendor_configs/OWASP3/rules/REQUEST-930-APPLICATION-ATTACK-LFI.conf"] [line "49"] [id "930130"] [rev "1"] [msg "Restricted File Access Attempt"] [data "Matched Data: /.env found within REQUEST_FILENAME: /adm/.env"] [severity "CRITICAL"] [ver "OWASP_CRS/3.0.0"] [maturity "7"] [accuracy "8"] [tag "application-multi"] [tag "language-multi"] [tag "platform-multi"] [tag "attack-lfi"] [tag "OWASP_CRS/WEB_ATTACK/FILE_INJECTION"] [tag "WASCTC/WASC-33"] [tag "OWASP_TOP_10/A4"] [tag "PCI/6.5.4"] [hostname "edwardkensington.com"] [uri "/adm/.env"] [unique_id "amr_bZkA2-P0e5yhCnL_NgAAAAI"]
[Thu Jul 30 08:38:21.602130 2026] [security2:error] [pid 2425019:tid 2425019] [client 185.177.72.66:15692] ModSecurity: Access denied with code 403 (phase 2). Operator GE matched 5 at TX:anomaly_score. [file "/etc/apache2/conf.d/modsec_vendor_configs/OWASP3/rules/REQUEST-949-BLOCKING-EVALUATION.conf"] [line "30"] [id "949110"] [msg "Inbound Anomaly Score Exceeded (Total Score: 5)"] [severity "CRITICAL"] [tag "application-multi"] [tag "language-multi"] [tag "platform-multi"] [tag "attack-generic"] [hostname "edwardkensington.com"] [uri "/adm/.env"] [unique_id "amr_bZkA2-P0e5yhCnL_NgAAAAI"]
[Thu Jul 30 08:38:21.602462 2026] [core:error] [pid 2425019:tid 2425019] [client 185.177.72.66:15692] AH00124: Request exceeded the limit of 10 internal redirects due to probable configuration error. Use 'LimitInternalRecursion' to increase the limit if necessary. Use 'LogLevel debug' to get a backtrace.
[Thu Jul 30 08:38:21.602596 2026] [security2:error] [pid 2425019:tid 2425019] [client 185.177.72.66:15692] ModSecurity: Warning. Operator GE matched 5 at TX:inbound_anomaly_score. [file "/etc/apache2/conf.d/modsec_vendor_configs/OWASP3/rules/RESPONSE-980-CORRELATION.conf"] [line "37"] [id "980130"] [msg "Inbound Anomaly Score Exceeded (Total Inbound Score: 5 - SQLI=0,XSS=0,RFI=0,LFI=5,RCE=0,PHPI=0,HTTP=0,SESS=0): Restricted File Access Attempt"] [tag "event-correlation"] [hostname "edwardkensington.com"] [uri "/adm/.env"] [unique_id "amr_bZkA2-P0e5yhCnL_NgAAAAI"]
[Thu Jul 30 08:38:21.637407 2026] [security2:error] [pid 2420366:tid 2420366] [client 185.177.72.66:15708] ModSecurity: Warning. Matched phrase "/.env" at REQUEST_FILENAME. [file "/etc/apache2/conf.d/modsec_vendor_configs/OWASP3/rules/REQUEST-930-APPLICATION-ATTACK-LFI.conf"] [line "49"] [id "930130"] [rev "1"] [msg "Restricted File Access Attempt"] [data "Matched Data: /.env found within REQUEST_FILENAME: /adm/.env.bak"] [severity "CRITICAL"] [ver "OWASP_CRS/3.0.0"] [maturity "7"] [accuracy "8"] [tag "application-multi"] [tag "language-multi"] [tag "platform-multi"] [tag "attack-lfi"] [tag "OWASP_CRS/WEB_ATTACK/FILE_INJECTION"] [tag "WASCTC/WASC-33"] [tag "OWASP_TOP_10/A4"] [tag "PCI/6.5.4"] [hostname "edwardkensington.com"] [uri "/adm/.env.bak"] [unique_id "amr_bTRsn_CrYZtjvMmSMQAAACk"]
[Thu Jul 30 08:38:21.637575 2026] [security2:error] [pid 2420366:tid 2420366] [client 185.177.72.66:15708] ModSecurity: Access denied with code 403 (phase 2). Operator GE matched 5 at TX:anomaly_score. [file "/etc/apache2/conf.d/modsec_vendor_configs/OWASP3/rules/REQUEST-949-BLOCKING-EVALUATION.conf"] [line "30"] [id "949110"] [msg "Inbound Anomaly Score Exceeded (Total Score: 5)"] [severity "CRITICAL"] [tag "application-multi"] [tag "language-multi"] [tag "platform-multi"] [tag "attack-generic"] [hostname "edwardkensington.com"] [uri "/adm/.env.bak"] [unique_id "amr_bTRsn_CrYZtjvMmSMQAAACk"]
[Thu Jul 30 08:38:21.637882 2026] [core:error] [pid 2420366:tid 2420366] [client 185.177.72.66:15708] AH00124: Request exceeded the limit of 10 internal redirects due to probable configuration error. Use 'LimitInternalRecursion' to increase the limit if necessary. Use 'LogLevel debug' to get a backtrace.
[Thu Jul 30 08:38:21.637993 2026] [security2:error] [pid 2420366:tid 2420366] [client 185.177.72.66:15708] ModSecurity: Warning. Operator GE matched 5 at TX:inbound_anomaly_score. [file "/etc/apache2/conf.d/modsec_vendor_configs/OWASP3/rules/RESPONSE-980-CORRELATION.conf"] [line "37"] [id "980130"] [msg "Inbound Anomaly Score Exceeded (Total Inbound Score: 5 - SQLI=0,XSS=0,RFI=0,LFI=5,RCE=0,PHPI=0,HTTP=0,SESS=0): Restricted File Access Attempt"] [tag "event-correlation"] [hostname "edwardkensington.com"] [uri "/adm/.env.bak"] [unique_id "amr_bTRsn_CrYZtjvMmSMQAAACk"]
[Thu Jul 30 08:38:21.689912 2026] [security2:error] [pid 2423799:tid 2423799] [client 185.177.72.66:15724] ModSecurity: Warning. Matched phrase "/.env" at REQUEST_FILENAME. [file "/etc/apache2/conf.d/modsec_vendor_configs/OWASP3/rules/REQUEST-930-APPLICATION-ATTACK-LFI.conf"] [line "49"] [id "930130"] [rev "1"] [msg "Restricted File Access Attempt"] [data "Matched Data: /.env found within REQUEST_FILENAME: /adm/.env.dev"] [severity "CRITICAL"] [ver "OWASP_CRS/3.0.0"] [maturity "7"] [accuracy "8"] [tag "application-multi"] [tag "language-multi"] [tag "platform-multi"] [tag "attack-lfi"] [tag "OWASP_CRS/WEB_ATTACK/FILE_INJECTION"] [tag "WASCTC/WASC-33"] [tag "OWASP_TOP_10/A4"] [tag "PCI/6.5.4"] [hostname "edwardkensington.com"] [uri "/adm/.env.dev"] [unique_id "amr_bcsDPUni1EbX-qVhEgAAADg"]
[Thu Jul 30 08:38:21.690063 2026] [security2:error] [pid 2423799:tid 2423799] [client 185.177.72.66:15724] ModSecurity: Access denied with code 403 (phase 2). Operator GE matched 5 at TX:anomaly_score. [file "/etc/apache2/conf.d/modsec_vendor_configs/OWASP3/rules/REQUEST-949-BLOCKING-EVALUATION.conf"] [line "30"] [id "949110"] [msg "Inbound Anomaly Score Exceeded (Total Score: 5)"] [severity "CRITICAL"] [tag "application-multi"] [tag "language-multi"] [tag "platform-multi"] [tag "attack-generic"] [hostname "edwardkensington.com"] [uri "/adm/.env.dev"] [unique_id "amr_bcsDPUni1EbX-qVhEgAAADg"]
[Thu Jul 30 08:38:21.690380 2026] [core:error] [pid 2423799:tid 2423799] [client 185.177.72.66:15724] AH00124: Request exceeded the limit of 10 internal redirects due to probable configuration error. Use 'LimitInternalRecursion' to increase the limit if necessary. Use 'LogLevel debug' to get a backtrace.
[Thu Jul 30 08:38:21.690488 2026] [security2:error] [pid 2423799:tid 2423799] [client 185.177.72.66:15724] ModSecurity: Warning. Operator GE matched 5 at TX:inbound_anomaly_score. [file "/etc/apache2/conf.d/modsec_vendor_configs/OWASP3/rules/RESPONSE-980-CORRELATION.conf"] [line "37"] [id "980130"] [msg "Inbound Anomaly Score Exceeded (Total Inbound Score: 5 - SQLI=0,XSS=0,RFI=0,LFI=5,RCE=0,PHPI=0,HTTP=0,SESS=0): Restricted File Access Attempt"] [tag "event-correlation"] [hostname "edwardkensington.com"] [uri "/adm/.env.dev"] [unique_id "amr_bcsDPUni1EbX-qVhEgAAADg"]
[Thu Jul 30 08:38:21.731265 2026] [security2:error] [pid 2420262:tid 2420262] [client 185.177.72.66:15728] ModSecurity: Warning. Matched phrase "/.env" at REQUEST_FILENAME. [file "/etc/apache2/conf.d/modsec_vendor_configs/OWASP3/rules/REQUEST-930-APPLICATION-ATTACK-LFI.conf"] [line "49"] [id "930130"] [rev "1"] [msg "Restricted File Access Attempt"] [data "Matched Data: /.env found within REQUEST_FILENAME: /adm/.env.dist"] [severity "CRITICAL"] [ver "OWASP_CRS/3.0.0"] [maturity "7"] [accuracy "8"] [tag "application-multi"] [tag "language-multi"] [tag "platform-multi"] [tag "attack-lfi"] [tag "OWASP_CRS/WEB_ATTACK/FILE_INJECTION"] [tag "WASCTC/WASC-33"] [tag "OWASP_TOP_10/A4"] [tag "PCI/6.5.4"] [hostname "edwardkensington.com"] [uri "/adm/.env.dist"] [unique_id "amr_baCuPSoE0uFFzriAPQAAABY"]
[Thu Jul 30 08:38:21.731449 2026] [security2:error] [pid 2420262:tid 2420262] [client 185.177.72.66:15728] ModSecurity: Access denied with code 403 (phase 2). Operator GE matched 5 at TX:anomaly_score. [file "/etc/apache2/conf.d/modsec_vendor_configs/OWASP3/rules/REQUEST-949-BLOCKING-EVALUATION.conf"] [line "30"] [id "949110"] [msg "Inbound Anomaly Score Exceeded (Total Score: 5)"] [severity "CRITICAL"] [tag "application-multi"] [tag "language-multi"] [tag "platform-multi"] [tag "attack-generic"] [hostname "edwardkensington.com"] [uri "/adm/.env.dist"] [unique_id "amr_baCuPSoE0uFFzriAPQAAABY"]
[Thu Jul 30 08:38:21.731775 2026] [core:error] [pid 2420262:tid 2420262] [client 185.177.72.66:15728] AH00124: Request exceeded the limit of 10 internal redirects due to probable configuration error. Use 'LimitInternalRecursion' to increase the limit if necessary. Use 'LogLevel debug' to get a backtrace.
[Thu Jul 30 08:38:21.731889 2026] [security2:error] [pid 2420262:tid 2420262] [client 185.177.72.66:15728] ModSecurity: Warning. Operator GE matched 5 at TX:inbound_anomaly_score. [file "/etc/apache2/conf.d/modsec_vendor_configs/OWASP3/rules/RESPONSE-980-CORRELATION.conf"] [line "37"] [id "980130"] [msg "Inbound Anomaly Score Exceeded (Total Inbound Score: 5 - SQLI=0,XSS=0,RFI=0,LFI=5,RCE=0,PHPI=0,HTTP=0,SESS=0): Restricted File Access Attempt"] [tag "event-correlation"] [hostname "edwardkensington.com"] [uri "/adm/.env.dist"] [unique_id "amr_baCuPSoE0uFFzriAPQAAABY"]
[Thu Jul 30 08:38:21.777124 2026] [security2:error] [pid 2414865:tid 2414865] [client 185.177.72.66:15734] ModSecurity: Warning. Matched phrase "/.env" at REQUEST_FILENAME. [file "/etc/apache2/conf.d/modsec_vendor_configs/OWASP3/rules/REQUEST-930-APPLICATION-ATTACK-LFI.conf"] [line "49"] [id "930130"] [rev "1"] [msg "Restricted File Access Attempt"] [data "Matched Data: /.env found within REQUEST_FILENAME: /adm/.env.local"] [severity "CRITICAL"] [ver "OWASP_CRS/3.0.0"] [maturity "7"] [accuracy "8"] [tag "application-multi"] [tag "language-multi"] [tag "platform-multi"] [tag "attack-lfi"] [tag "OWASP_CRS/WEB_ATTACK/FILE_INJECTION"] [tag "WASCTC/WASC-33"] [tag "OWASP_TOP_10/A4"] [tag "PCI/6.5.4"] [hostname "edwardkensington.com"] [uri "/adm/.env.local"] [unique_id "amr_bdVtxCBUSPwlMZFKugAAABk"]
[Thu Jul 30 08:38:21.777304 2026] [security2:error] [pid 2414865:tid 2414865] [client 185.177.72.66:15734] ModSecurity: Access denied with code 403 (phase 2). Operator GE matched 5 at TX:anomaly_score. [file "/etc/apache2/conf.d/modsec_vendor_configs/OWASP3/rules/REQUEST-949-BLOCKING-EVALUATION.conf"] [line "30"] [id "949110"] [msg "Inbound Anomaly Score Exceeded (Total Score: 5)"] [severity "CRITICAL"] [tag "application-multi"] [tag "language-multi"] [tag "platform-multi"] [tag "attack-generic"] [hostname "edwardkensington.com"] [uri "/adm/.env.local"] [unique_id "amr_bdVtxCBUSPwlMZFKugAAABk"]
[Thu Jul 30 08:38:21.777637 2026] [core:error] [pid 2414865:tid 2414865] [client 185.177.72.66:15734] AH00124: Request exceeded the limit of 10 internal redirects due to probable configuration error. Use 'LimitInternalRecursion' to increase the limit if necessary. Use 'LogLevel debug' to get a backtrace.
[Thu Jul 30 08:38:21.777750 2026] [security2:error] [pid 2414865:tid 2414865] [client 185.177.72.66:15734] ModSecurity: Warning. Operator GE matched 5 at TX:inbound_anomaly_score. [file "/etc/apache2/conf.d/modsec_vendor_configs/OWASP3/rules/RESPONSE-980-CORRELATION.conf"] [line "37"] [id "980130"] [msg "Inbound Anomaly Score Exceeded (Total Inbound Score: 5 - SQLI=0,XSS=0,RFI=0,LFI=5,RCE=0,PHPI=0,HTTP=0,SESS=0): Restricted File Access Attempt"] [tag "event-correlation"] [hostname "edwardkensington.com"] [uri "/adm/.env.local"] [unique_id "amr_bdVtxCBUSPwlMZFKugAAABk"]
[Thu Jul 30 08:38:21.816047 2026] [core:error] [pid 2424223:tid 2424223] [client 185.177.72.66:15738] AH00124: Request exceeded the limit of 10 internal redirects due to probable configuration error. Use 'LimitInternalRecursion' to increase the limit if necessary. Use 'LogLevel debug' to get a backtrace.
[Thu Jul 30 08:38:21.816079 2026] [core:error] [pid 2424223:tid 2424223] [client 185.177.72.66:15738] AH00124: Request exceeded the limit of 10 internal redirects due to probable configuration error. Use 'LimitInternalRecursion' to increase the limit if necessary. Use 'LogLevel debug' to get a backtrace.
[Thu Jul 30 08:38:21.851617 2026] [security2:error] [pid 2422379:tid 2422379] [client 185.177.72.17:31182] ModSecurity: Warning. String match within ".asa/ .asax/ .ascx/ .axd/ .backup/ .bak/ .bat/ .cdx/ .cer/ .cfg/ .cmd/ .com/ .config/ .conf/ .cs/ .csproj/ .csr/ .dat/ .db/ .dbf/ .dll/ .dos/ .htr/ .htw/ .ida/ .idc/ .idq/ .inc/ .ini/ .key/ .licx/ .lnk/ .log/ .mdb/ .old/ .pass/ .pdb/ .pol/ .printer/ .pwd/ .resources/ .resx/ .sql/ .sys/ .vb/ .vbs/ .vbproj/ .vsdisco/ .webinfo/ .xsd/ .xsx/" at TX:extension. [file "/etc/apache2/conf.d/modsec_vendor_configs/OWASP3/rules/REQUEST-920-PROTOCOL-ENFORCEMENT.conf"] [line "452"] [id "920440"] [rev "2"] [msg "URL file extension is restricted by policy"] [data ".log"] [severity "CRITICAL"] [ver "OWASP_CRS/3.0.0"] [maturity "9"] [accuracy "9"] [tag "application-multi"] [tag "language-multi"] [tag "platform-multi"] [tag "attack-protocol"] [tag "OWASP_CRS/POLICY/EXT_RESTRICTED"] [tag "WASCTC/WASC-15"] [tag "OWASP_TOP_10/A7"] [tag "PCI/6.5.10"] [hostname "downloads.ppcl.com"] [uri "/backup/laravel.log"] [unique_id "amr_bQovdwhMhh9vBJDPuAAAADE"]
[Thu Jul 30 08:38:21.851962 2026] [security2:error] [pid 2422379:tid 2422379] [client 185.177.72.17:31182] ModSecurity: Access denied with code 403 (phase 2). Operator GE matched 5 at TX:anomaly_score. [file "/etc/apache2/conf.d/modsec_vendor_configs/OWASP3/rules/REQUEST-949-BLOCKING-EVALUATION.conf"] [line "30"] [id "949110"] [msg "Inbound Anomaly Score Exceeded (Total Score: 5)"] [severity "CRITICAL"] [tag "application-multi"] [tag "language-multi"] [tag "platform-multi"] [tag "attack-generic"] [hostname "downloads.ppcl.com"] [uri "/backup/laravel.log"] [unique_id "amr_bQovdwhMhh9vBJDPuAAAADE"]
[Thu Jul 30 08:38:21.852163 2026] [security2:error] [pid 2422379:tid 2422379] [client 185.177.72.17:31182] ModSecurity: Warning. Operator GE matched 5 at TX:inbound_anomaly_score. [file "/etc/apache2/conf.d/modsec_vendor_configs/OWASP3/rules/RESPONSE-980-CORRELATION.conf"] [line "37"] [id "980130"] [msg "Inbound Anomaly Score Exceeded (Total Inbound Score: 5 - SQLI=0,XSS=0,RFI=0,LFI=0,RCE=0,PHPI=0,HTTP=0,SESS=0): URL file extension is restricted by policy"] [tag "event-correlation"] [hostname "downloads.ppcl.com"] [uri "/backup/laravel.log"] [unique_id "amr_bQovdwhMhh9vBJDPuAAAADE"]
[Thu Jul 30 08:38:21.861536 2026] [core:error] [pid 2423145:tid 2423145] [client 185.177.72.66:15752] AH00124: Request exceeded the limit of 10 internal redirects due to probable configuration error. Use 'LimitInternalRecursion' to increase the limit if necessary. Use 'LogLevel debug' to get a backtrace.
[Thu Jul 30 08:38:21.861570 2026] [core:error] [pid 2423145:tid 2423145] [client 185.177.72.66:15752] AH00124: Request exceeded the limit of 10 internal redirects due to probable configuration error. Use 'LimitInternalRecursion' to increase the limit if necessary. Use 'LogLevel debug' to get a backtrace.
[Thu Jul 30 08:38:21.925499 2026] [core:error] [pid 2419665:tid 2419665] [client 185.177.72.66:15762] AH00124: Request exceeded the limit of 10 internal redirects due to probable configuration error. Use 'LimitInternalRecursion' to increase the limit if necessary. Use 'LogLevel debug' to get a backtrace.
[Thu Jul 30 08:38:21.925533 2026] [core:error] [pid 2419665:tid 2419665] [client 185.177.72.66:15762] AH00124: Request exceeded the limit of 10 internal redirects due to probable configuration error. Use 'LimitInternalRecursion' to increase the limit if necessary. Use 'LogLevel debug' to get a backtrace.
[Thu Jul 30 08:38:21.970046 2026] [core:error] [pid 2425019:tid 2425019] [client 185.177.72.66:15768] AH00124: Request exceeded the limit of 10 internal redirects due to probable configuration error. Use 'LimitInternalRecursion' to increase the limit if necessary. Use 'LogLevel debug' to get a backtrace.
[Thu Jul 30 08:38:21.970080 2026] [core:error] [pid 2425019:tid 2425019] [client 185.177.72.66:15768] AH00124: Request exceeded the limit of 10 internal redirects due to probable configuration error. Use 'LimitInternalRecursion' to increase the limit if necessary. Use 'LogLevel debug' to get a backtrace.
[Thu Jul 30 08:38:22.027354 2026] [core:error] [pid 2420366:tid 2420366] [client 185.177.72.66:15782] AH00124: Request exceeded the limit of 10 internal redirects due to probable configuration error. Use 'LimitInternalRecursion' to increase the limit if necessary. Use 'LogLevel debug' to get a backtrace.
[Thu Jul 30 08:38:22.027380 2026] [core:error] [pid 2420366:tid 2420366] [client 185.177.72.66:15782] AH00124: Request exceeded the limit of 10 internal redirects due to probable configuration error. Use 'LimitInternalRecursion' to increase the limit if necessary. Use 'LogLevel debug' to get a backtrace.
[Thu Jul 30 08:38:22.081092 2026] [core:error] [pid 2420262:tid 2420262] [client 185.177.72.66:15786] AH00124: Request exceeded the limit of 10 internal redirects due to probable configuration error. Use 'LimitInternalRecursion' to increase the limit if necessary. Use 'LogLevel debug' to get a backtrace.
[Thu Jul 30 08:38:22.081112 2026] [core:error] [pid 2420262:tid 2420262] [client 185.177.72.66:15786] AH00124: Request exceeded the limit of 10 internal redirects due to probable configuration error. Use 'LimitInternalRecursion' to increase the limit if necessary. Use 'LogLevel debug' to get a backtrace.
[Thu Jul 30 08:38:22.132110 2026] [core:error] [pid 2414865:tid 2414865] [client 185.177.72.66:15798] AH00124: Request exceeded the limit of 10 internal redirects due to probable configuration error. Use 'LimitInternalRecursion' to increase the limit if necessary. Use 'LogLevel debug' to get a backtrace.
[Thu Jul 30 08:38:22.132142 2026] [core:error] [pid 2414865:tid 2414865] [client 185.177.72.66:15798] AH00124: Request exceeded the limit of 10 internal redirects due to probable configuration error. Use 'LimitInternalRecursion' to increase the limit if necessary. Use 'LogLevel debug' to get a backtrace.
[Thu Jul 30 08:38:22.190569 2026] [core:error] [pid 2420367:tid 2420367] [client 185.177.72.66:15808] AH00124: Request exceeded the limit of 10 internal redirects due to probable configuration error. Use 'LimitInternalRecursion' to increase the limit if necessary. Use 'LogLevel debug' to get a backtrace.
[Thu Jul 30 08:38:22.190600 2026] [core:error] [pid 2420367:tid 2420367] [client 185.177.72.66:15808] AH00124: Request exceeded the limit of 10 internal redirects due to probable configuration error. Use 'LimitInternalRecursion' to increase the limit if necessary. Use 'LogLevel debug' to get a backtrace.
[Thu Jul 30 08:38:22.236273 2026] [core:error] [pid 2423371:tid 2423371] [client 185.177.72.66:15822] AH00124: Request exceeded the limit of 10 internal redirects due to probable configuration error. Use 'LimitInternalRecursion' to increase the limit if necessary. Use 'LogLevel debug' to get a backtrace.
[Thu Jul 30 08:38:22.236307 2026] [core:error] [pid 2423371:tid 2423371] [client 185.177.72.66:15822] AH00124: Request exceeded the limit of 10 internal redirects due to probable configuration error. Use 'LimitInternalRecursion' to increase the limit if necessary. Use 'LogLevel debug' to get a backtrace.
[Thu Jul 30 08:38:22.324978 2026] [core:error] [pid 2412506:tid 2412506] [client 185.177.72.66:15824] AH00124: Request exceeded the limit of 10 internal redirects due to probable configuration error. Use 'LimitInternalRecursion' to increase the limit if necessary. Use 'LogLevel debug' to get a backtrace.
[Thu Jul 30 08:38:22.325011 2026] [core:error] [pid 2412506:tid 2412506] [client 185.177.72.66:15824] AH00124: Request exceeded the limit of 10 internal redirects due to probable configuration error. Use 'LimitInternalRecursion' to increase the limit if necessary. Use 'LogLevel debug' to get a backtrace.
[Thu Jul 30 08:38:22.348693 2026] [authz_core:error] [pid 2423145:tid 2423145] [client 66.249.66.34:43375] AH01630: client denied by server configuration: /home/healthki/public_html/error_log
[Thu Jul 30 08:38:22.351399 2026] [authz_core:error] [pid 2423145:tid 2423145] [client 66.249.66.34:43375] AH01630: client denied by server configuration: /home/healthki/public_html/php.ini
[Thu Jul 30 08:38:22.404820 2026] [core:error] [pid 2420366:tid 2420366] [client 185.177.72.66:15826] AH00124: Request exceeded the limit of 10 internal redirects due to probable configuration error. Use 'LimitInternalRecursion' to increase the limit if necessary. Use 'LogLevel debug' to get a backtrace.
[Thu Jul 30 08:38:22.404856 2026] [core:error] [pid 2420366:tid 2420366] [client 185.177.72.66:15826] AH00124: Request exceeded the limit of 10 internal redirects due to probable configuration error. Use 'LimitInternalRecursion' to increase the limit if necessary. Use 'LogLevel debug' to get a backtrace.
[Thu Jul 30 08:38:22.443303 2026] [core:error] [pid 2423799:tid 2423799] [client 185.177.72.66:15830] AH00124: Request exceeded the limit of 10 internal redirects due to probable configuration error. Use 'LimitInternalRecursion' to increase the limit if necessary. Use 'LogLevel debug' to get a backtrace.
[Thu Jul 30 08:38:22.443325 2026] [core:error] [pid 2423799:tid 2423799] [client 185.177.72.66:15830] AH00124: Request exceeded the limit of 10 internal redirects due to probable configuration error. Use 'LimitInternalRecursion' to increase the limit if necessary. Use 'LogLevel debug' to get a backtrace.
[Thu Jul 30 08:38:22.483984 2026] [security2:error] [pid 2420262:tid 2420262] [client 94.207.196.5:35319] ModSecurity: Warning. Operator EQ matched 0 at REQUEST_HEADERS. [file "/etc/apache2/conf.d/modsec_vendor_configs/OWASP3/rules/REQUEST-943-APPLICATION-ATTACK-SESSION-FIXATION.conf"] [line "38"] [id "943120"] [rev "2"] [msg "Possible Session Fixation Attack: SessionID Parameter Name with No Referer"] [data "Matched Data: phpsessid found within REQUEST_HEADERS: 0"] [severity "CRITICAL"] [ver "OWASP_CRS/3.0.0"] [maturity "2"] [accuracy "7"] [tag "application-multi"] [tag "language-multi"] [tag "platform-multi"] [tag "attack-fixation"] [tag "OWASP_CRS/WEB_ATTACK/SESSION_FIXATION"] [tag "WASCTC/WASC-37"] [tag "CAPEC-61"] [hostname "www.bigbangburgerbar.co.uk"] [uri "/Forum/index.php"] [unique_id "amr_bqCuPSoE0uFFzriAPwAAABY"]
[Thu Jul 30 08:38:22.484029 2026] [security2:error] [pid 2420262:tid 2420262] [client 94.207.196.5:35319] ModSecurity: Access denied with code 403 (phase 2). Operator GE matched 5 at TX:anomaly_score. [file "/etc/apache2/conf.d/modsec_vendor_configs/OWASP3/rules/REQUEST-949-BLOCKING-EVALUATION.conf"] [line "30"] [id "949110"] [msg "Inbound Anomaly Score Exceeded (Total Score: 5)"] [severity "CRITICAL"] [tag "application-multi"] [tag "language-multi"] [tag "platform-multi"] [tag "attack-generic"] [hostname "www.bigbangburgerbar.co.uk"] [uri "/Forum/index.php"] [unique_id "amr_bqCuPSoE0uFFzriAPwAAABY"]
[Thu Jul 30 08:38:22.484272 2026] [security2:error] [pid 2420262:tid 2420262] [client 94.207.196.5:35319] ModSecurity: Warning. Operator GE matched 5 at TX:inbound_anomaly_score. [file "/etc/apache2/conf.d/modsec_vendor_configs/OWASP3/rules/RESPONSE-980-CORRELATION.conf"] [line "37"] [id "980130"] [msg "Inbound Anomaly Score Exceeded (Total Inbound Score: 5 - SQLI=0,XSS=0,RFI=0,LFI=0,RCE=0,PHPI=0,HTTP=0,SESS=5): Possible Session Fixation Attack: SessionID Parameter Name with No Referer"] [tag "event-correlation"] [hostname "www.bigbangburgerbar.co.uk"] [uri "/403.shtml"] [unique_id "amr_bqCuPSoE0uFFzriAPwAAABY"]
[Thu Jul 30 08:38:22.485584 2026] [core:error] [pid 2414865:tid 2414865] [client 185.177.72.66:15838] AH00124: Request exceeded the limit of 10 internal redirects due to probable configuration error. Use 'LimitInternalRecursion' to increase the limit if necessary. Use 'LogLevel debug' to get a backtrace.
[Thu Jul 30 08:38:22.485599 2026] [core:error] [pid 2414865:tid 2414865] [client 185.177.72.66:15838] AH00124: Request exceeded the limit of 10 internal redirects due to probable configuration error. Use 'LimitInternalRecursion' to increase the limit if necessary. Use 'LogLevel debug' to get a backtrace.
[Thu Jul 30 08:38:22.518881 2026] [security2:error] [pid 2422379:tid 2422379] [client 185.177.72.17:31182] ModSecurity: Warning. String match within ".asa/ .asax/ .ascx/ .axd/ .backup/ .bak/ .bat/ .cdx/ .cer/ .cfg/ .cmd/ .com/ .config/ .conf/ .cs/ .csproj/ .csr/ .dat/ .db/ .dbf/ .dll/ .dos/ .htr/ .htw/ .ida/ .idc/ .idq/ .inc/ .ini/ .key/ .licx/ .lnk/ .log/ .mdb/ .old/ .pass/ .pdb/ .pol/ .printer/ .pwd/ .resources/ .resx/ .sql/ .sys/ .vb/ .vbs/ .vbproj/ .vsdisco/ .webinfo/ .xsd/ .xsx/" at TX:extension. [file "/etc/apache2/conf.d/modsec_vendor_configs/OWASP3/rules/REQUEST-920-PROTOCOL-ENFORCEMENT.conf"] [line "452"] [id "920440"] [rev "2"] [msg "URL file extension is restricted by policy"] [data ".ini"] [severity "CRITICAL"] [ver "OWASP_CRS/3.0.0"] [maturity "9"] [accuracy "9"] [tag "application-multi"] [tag "language-multi"] [tag "platform-multi"] [tag "attack-protocol"] [tag "OWASP_CRS/POLICY/EXT_RESTRICTED"] [tag "WASCTC/WASC-15"] [tag "OWASP_TOP_10/A7"] [tag "PCI/6.5.10"] [hostname "downloads.ppcl.com"] [uri "/backup/php.ini"] [unique_id "amr_bgovdwhMhh9vBJDP0wAAADE"]
[Thu Jul 30 08:38:22.519179 2026] [security2:error] [pid 2422379:tid 2422379] [client 185.177.72.17:31182] ModSecurity: Access denied with code 403 (phase 2). Operator GE matched 5 at TX:anomaly_score. [file "/etc/apache2/conf.d/modsec_vendor_configs/OWASP3/rules/REQUEST-949-BLOCKING-EVALUATION.conf"] [line "30"] [id "949110"] [msg "Inbound Anomaly Score Exceeded (Total Score: 5)"] [severity "CRITICAL"] [tag "application-multi"] [tag "language-multi"] [tag "platform-multi"] [tag "attack-generic"] [hostname "downloads.ppcl.com"] [uri "/backup/php.ini"] [unique_id "amr_bgovdwhMhh9vBJDP0wAAADE"]
[Thu Jul 30 08:38:22.519355 2026] [security2:error] [pid 2422379:tid 2422379] [client 185.177.72.17:31182] ModSecurity: Warning. Operator GE matched 5 at TX:inbound_anomaly_score. [file "/etc/apache2/conf.d/modsec_vendor_configs/OWASP3/rules/RESPONSE-980-CORRELATION.conf"] [line "37"] [id "980130"] [msg "Inbound Anomaly Score Exceeded (Total Inbound Score: 5 - SQLI=0,XSS=0,RFI=0,LFI=0,RCE=0,PHPI=0,HTTP=0,SESS=0): URL file extension is restricted by policy"] [tag "event-correlation"] [hostname "downloads.ppcl.com"] [uri "/backup/php.ini"] [unique_id "amr_bgovdwhMhh9vBJDP0wAAADE"]
[Thu Jul 30 08:38:22.528307 2026] [core:error] [pid 2420367:tid 2420367] [client 185.177.72.66:15848] AH00124: Request exceeded the limit of 10 internal redirects due to probable configuration error. Use 'LimitInternalRecursion' to increase the limit if necessary. Use 'LogLevel debug' to get a backtrace.
[Thu Jul 30 08:38:22.528326 2026] [core:error] [pid 2420367:tid 2420367] [client 185.177.72.66:15848] AH00124: Request exceeded the limit of 10 internal redirects due to probable configuration error. Use 'LimitInternalRecursion' to increase the limit if necessary. Use 'LogLevel debug' to get a backtrace.
[Thu Jul 30 08:38:22.580496 2026] [core:error] [pid 2425019:tid 2425019] [client 185.177.72.66:15856] AH00124: Request exceeded the limit of 10 internal redirects due to probable configuration error. Use 'LimitInternalRecursion' to increase the limit if necessary. Use 'LogLevel debug' to get a backtrace.
[Thu Jul 30 08:38:22.580517 2026] [core:error] [pid 2425019:tid 2425019] [client 185.177.72.66:15856] AH00124: Request exceeded the limit of 10 internal redirects due to probable configuration error. Use 'LimitInternalRecursion' to increase the limit if necessary. Use 'LogLevel debug' to get a backtrace.
[Thu Jul 30 08:38:22.633173 2026] [core:error] [pid 2420087:tid 2420087] [client 185.177.72.66:15868] AH00124: Request exceeded the limit of 10 internal redirects due to probable configuration error. Use 'LimitInternalRecursion' to increase the limit if necessary. Use 'LogLevel debug' to get a backtrace.
[Thu Jul 30 08:38:22.633191 2026] [core:error] [pid 2420087:tid 2420087] [client 185.177.72.66:15868] AH00124: Request exceeded the limit of 10 internal redirects due to probable configuration error. Use 'LimitInternalRecursion' to increase the limit if necessary. Use 'LogLevel debug' to get a backtrace.
[Thu Jul 30 08:38:22.673117 2026] [core:error] [pid 2424223:tid 2424223] [client 185.177.72.66:15872] AH00124: Request exceeded the limit of 10 internal redirects due to probable configuration error. Use 'LimitInternalRecursion' to increase the limit if necessary. Use 'LogLevel debug' to get a backtrace.
[Thu Jul 30 08:38:22.673134 2026] [core:error] [pid 2424223:tid 2424223] [client 185.177.72.66:15872] AH00124: Request exceeded the limit of 10 internal redirects due to probable configuration error. Use 'LimitInternalRecursion' to increase the limit if necessary. Use 'LogLevel debug' to get a backtrace.
[Thu Jul 30 08:38:22.722797 2026] [core:error] [pid 2412506:tid 2412506] [client 185.177.72.66:15882] AH00124: Request exceeded the limit of 10 internal redirects due to probable configuration error. Use 'LimitInternalRecursion' to increase the limit if necessary. Use 'LogLevel debug' to get a backtrace.
[Thu Jul 30 08:38:22.722815 2026] [core:error] [pid 2412506:tid 2412506] [client 185.177.72.66:15882] AH00124: Request exceeded the limit of 10 internal redirects due to probable configuration error. Use 'LimitInternalRecursion' to increase the limit if necessary. Use 'LogLevel debug' to get a backtrace.
[Thu Jul 30 08:38:22.842019 2026] [core:error] [pid 2420366:tid 2420366] [client 185.177.72.66:15890] AH00124: Request exceeded the limit of 10 internal redirects due to probable configuration error. Use 'LimitInternalRecursion' to increase the limit if necessary. Use 'LogLevel debug' to get a backtrace.
[Thu Jul 30 08:38:22.842046 2026] [core:error] [pid 2420366:tid 2420366] [client 185.177.72.66:15890] AH00124: Request exceeded the limit of 10 internal redirects due to probable configuration error. Use 'LimitInternalRecursion' to increase the limit if necessary. Use 'LogLevel debug' to get a backtrace.
[Thu Jul 30 08:38:22.895317 2026] [core:error] [pid 2423799:tid 2423799] [client 185.177.72.66:15904] AH00124: Request exceeded the limit of 10 internal redirects due to probable configuration error. Use 'LimitInternalRecursion' to increase the limit if necessary. Use 'LogLevel debug' to get a backtrace.
[Thu Jul 30 08:38:22.895340 2026] [core:error] [pid 2423799:tid 2423799] [client 185.177.72.66:15904] AH00124: Request exceeded the limit of 10 internal redirects due to probable configuration error. Use 'LimitInternalRecursion' to increase the limit if necessary. Use 'LogLevel debug' to get a backtrace.
[Thu Jul 30 08:38:22.913976 2026] [ssl:error] [pid 2411415:tid 2411415] (70014)End of file found: [client 216.73.216.199:22269] AH02013: coalesce failed to read from data bucket
[Thu Jul 30 08:38:22.946610 2026] [core:error] [pid 2411106:tid 2411106] [client 185.177.72.66:15912] AH00124: Request exceeded the limit of 10 internal redirects due to probable configuration error. Use 'LimitInternalRecursion' to increase the limit if necessary. Use 'LogLevel debug' to get a backtrace.
[Thu Jul 30 08:38:22.946638 2026] [core:error] [pid 2411106:tid 2411106] [client 185.177.72.66:15912] AH00124: Request exceeded the limit of 10 internal redirects due to probable configuration error. Use 'LimitInternalRecursion' to increase the limit if necessary. Use 'LogLevel debug' to get a backtrace.
[Thu Jul 30 08:38:22.993032 2026] [core:error] [pid 2414865:tid 2414865] [client 185.177.72.66:15924] AH00124: Request exceeded the limit of 10 internal redirects due to probable configuration error. Use 'LimitInternalRecursion' to increase the limit if necessary. Use 'LogLevel debug' to get a backtrace.
[Thu Jul 30 08:38:22.993061 2026] [core:error] [pid 2414865:tid 2414865] [client 185.177.72.66:15924] AH00124: Request exceeded the limit of 10 internal redirects due to probable configuration error. Use 'LimitInternalRecursion' to increase the limit if necessary. Use 'LogLevel debug' to get a backtrace.
[Thu Jul 30 08:38:23.040907 2026] [core:error] [pid 2425019:tid 2425019] [client 185.177.72.66:15934] AH00124: Request exceeded the limit of 10 internal redirects due to probable configuration error. Use 'LimitInternalRecursion' to increase the limit if necessary. Use 'LogLevel debug' to get a backtrace.
[Thu Jul 30 08:38:23.040927 2026] [core:error] [pid 2425019:tid 2425019] [client 185.177.72.66:15934] AH00124: Request exceeded the limit of 10 internal redirects due to probable configuration error. Use 'LimitInternalRecursion' to increase the limit if necessary. Use 'LogLevel debug' to get a backtrace.
[Thu Jul 30 08:38:23.081814 2026] [ssl:error] [pid 2420262:tid 2420262] (EAI 2)Name or service not known: [client 144.76.19.72:35458] AH01972: could not resolve address of OCSP responder r10.o.lencr.org
[Thu Jul 30 08:38:23.081835 2026] [ssl:error] [pid 2420262:tid 2420262] AH01941: stapling_renew_response: responder error
[Thu Jul 30 08:38:23.111339 2026] [core:error] [pid 2420087:tid 2420087] [client 185.177.72.66:15948] AH00124: Request exceeded the limit of 10 internal redirects due to probable configuration error. Use 'LimitInternalRecursion' to increase the limit if necessary. Use 'LogLevel debug' to get a backtrace.
[Thu Jul 30 08:38:23.111360 2026] [core:error] [pid 2420087:tid 2420087] [client 185.177.72.66:15948] AH00124: Request exceeded the limit of 10 internal redirects due to probable configuration error. Use 'LimitInternalRecursion' to increase the limit if necessary. Use 'LogLevel debug' to get a backtrace.
[Thu Jul 30 08:38:23.137783 2026] [ssl:error] [pid 2424223:tid 2424223] (EAI 2)Name or service not known: [client 144.76.19.72:35474] AH01972: could not resolve address of OCSP responder r10.o.lencr.org
[Thu Jul 30 08:38:23.137803 2026] [ssl:error] [pid 2424223:tid 2424223] AH01941: stapling_renew_response: responder error
[Thu Jul 30 08:38:23.151159 2026] [core:error] [pid 2419665:tid 2419665] [client 185.177.72.66:15950] AH00124: Request exceeded the limit of 10 internal redirects due to probable configuration error. Use 'LimitInternalRecursion' to increase the limit if necessary. Use 'LogLevel debug' to get a backtrace.
[Thu Jul 30 08:38:23.151176 2026] [core:error] [pid 2419665:tid 2419665] [client 185.177.72.66:15950] AH00124: Request exceeded the limit of 10 internal redirects due to probable configuration error. Use 'LimitInternalRecursion' to increase the limit if necessary. Use 'LogLevel debug' to get a backtrace.
[Thu Jul 30 08:38:23.187223 2026] [core:error] [pid 2412506:tid 2412506] [client 185.177.72.66:15960] AH00124: Request exceeded the limit of 10 internal redirects due to probable configuration error. Use 'LimitInternalRecursion' to increase the limit if necessary. Use 'LogLevel debug' to get a backtrace.
[Thu Jul 30 08:38:23.187246 2026] [core:error] [pid 2412506:tid 2412506] [client 185.177.72.66:15960] AH00124: Request exceeded the limit of 10 internal redirects due to probable configuration error. Use 'LimitInternalRecursion' to increase the limit if necessary. Use 'LogLevel debug' to get a backtrace.
[Thu Jul 30 08:38:23.234508 2026] [core:error] [pid 2411106:tid 2411106] [client 185.177.72.66:15972] AH00124: Request exceeded the limit of 10 internal redirects due to probable configuration error. Use 'LimitInternalRecursion' to increase the limit if necessary. Use 'LogLevel debug' to get a backtrace.
[Thu Jul 30 08:38:23.234537 2026] [core:error] [pid 2411106:tid 2411106] [client 185.177.72.66:15972] AH00124: Request exceeded the limit of 10 internal redirects due to probable configuration error. Use 'LimitInternalRecursion' to increase the limit if necessary. Use 'LogLevel debug' to get a backtrace.
[Thu Jul 30 08:38:23.258767 2026] [security2:error] [pid 2422379:tid 2422379] [client 185.177.72.17:31182] ModSecurity: Warning. String match within ".asa/ .asax/ .ascx/ .axd/ .backup/ .bak/ .bat/ .cdx/ .cer/ .cfg/ .cmd/ .com/ .config/ .conf/ .cs/ .csproj/ .csr/ .dat/ .db/ .dbf/ .dll/ .dos/ .htr/ .htw/ .ida/ .idc/ .idq/ .inc/ .ini/ .key/ .licx/ .lnk/ .log/ .mdb/ .old/ .pass/ .pdb/ .pol/ .printer/ .pwd/ .resources/ .resx/ .sql/ .sys/ .vb/ .vbs/ .vbproj/ .vsdisco/ .webinfo/ .xsd/ .xsx/" at TX:extension. [file "/etc/apache2/conf.d/modsec_vendor_configs/OWASP3/rules/REQUEST-920-PROTOCOL-ENFORCEMENT.conf"] [line "452"] [id "920440"] [rev "2"] [msg "URL file extension is restricted by policy"] [data ".config"] [severity "CRITICAL"] [ver "OWASP_CRS/3.0.0"] [maturity "9"] [accuracy "9"] [tag "application-multi"] [tag "language-multi"] [tag "platform-multi"] [tag "attack-protocol"] [tag "OWASP_CRS/POLICY/EXT_RESTRICTED"] [tag "WASCTC/WASC-15"] [tag "OWASP_TOP_10/A7"] [tag "PCI/6.5.10"] [hostname "downloads.ppcl.com"] [uri "/backup/web.config"] [unique_id "amr_bwovdwhMhh9vBJDP8AAAADE"]
[Thu Jul 30 08:38:23.259114 2026] [security2:error] [pid 2422379:tid 2422379] [client 185.177.72.17:31182] ModSecurity: Warning. Matched phrase "/Web.config" at REQUEST_FILENAME. [file "/etc/apache2/conf.d/modsec_vendor_configs/OWASP3/rules/REQUEST-930-APPLICATION-ATTACK-LFI.conf"] [line "49"] [id "930130"] [rev "1"] [msg "Restricted File Access Attempt"] [data "Matched Data: /Web.config found within REQUEST_FILENAME: /backup/web.config"] [severity "CRITICAL"] [ver "OWASP_CRS/3.0.0"] [maturity "7"] [accuracy "8"] [tag "application-multi"] [tag "language-multi"] [tag "platform-multi"] [tag "attack-lfi"] [tag "OWASP_CRS/WEB_ATTACK/FILE_INJECTION"] [tag "WASCTC/WASC-33"] [tag "OWASP_TOP_10/A4"] [tag "PCI/6.5.4"] [hostname "downloads.ppcl.com"] [uri "/backup/web.config"] [unique_id "amr_bwovdwhMhh9vBJDP8AAAADE"]
[Thu Jul 30 08:38:23.259302 2026] [security2:error] [pid 2422379:tid 2422379] [client 185.177.72.17:31182] ModSecurity: Access denied with code 403 (phase 2). Operator GE matched 5 at TX:anomaly_score. [file "/etc/apache2/conf.d/modsec_vendor_configs/OWASP3/rules/REQUEST-949-BLOCKING-EVALUATION.conf"] [line "30"] [id "949110"] [msg "Inbound Anomaly Score Exceeded (Total Score: 10)"] [severity "CRITICAL"] [tag "application-multi"] [tag "language-multi"] [tag "platform-multi"] [tag "attack-generic"] [hostname "downloads.ppcl.com"] [uri "/backup/web.config"] [unique_id "amr_bwovdwhMhh9vBJDP8AAAADE"]
[Thu Jul 30 08:38:23.259590 2026] [security2:error] [pid 2422379:tid 2422379] [client 185.177.72.17:31182] ModSecurity: Warning. Operator GE matched 5 at TX:inbound_anomaly_score. [file "/etc/apache2/conf.d/modsec_vendor_configs/OWASP3/rules/RESPONSE-980-CORRELATION.conf"] [line "37"] [id "980130"] [msg "Inbound Anomaly Score Exceeded (Total Inbound Score: 10 - SQLI=0,XSS=0,RFI=0,LFI=5,RCE=0,PHPI=0,HTTP=0,SESS=0): Restricted File Access Attempt"] [tag "event-correlation"] [hostname "downloads.ppcl.com"] [uri "/backup/web.config"] [unique_id "amr_bwovdwhMhh9vBJDP8AAAADE"]
[Thu Jul 30 08:38:23.272478 2026] [core:error] [pid 2414865:tid 2414865] [client 185.177.72.66:15980] AH00124: Request exceeded the limit of 10 internal redirects due to probable configuration error. Use 'LimitInternalRecursion' to increase the limit if necessary. Use 'LogLevel debug' to get a backtrace.
[Thu Jul 30 08:38:23.272499 2026] [core:error] [pid 2414865:tid 2414865] [client 185.177.72.66:15980] AH00124: Request exceeded the limit of 10 internal redirects due to probable configuration error. Use 'LimitInternalRecursion' to increase the limit if necessary. Use 'LogLevel debug' to get a backtrace.
[Thu Jul 30 08:38:23.309026 2026] [core:error] [pid 2420262:tid 2420262] [client 185.177.72.66:15984] AH00124: Request exceeded the limit of 10 internal redirects due to probable configuration error. Use 'LimitInternalRecursion' to increase the limit if necessary. Use 'LogLevel debug' to get a backtrace.
[Thu Jul 30 08:38:23.309053 2026] [core:error] [pid 2420262:tid 2420262] [client 185.177.72.66:15984] AH00124: Request exceeded the limit of 10 internal redirects due to probable configuration error. Use 'LimitInternalRecursion' to increase the limit if necessary. Use 'LogLevel debug' to get a backtrace.
[Thu Jul 30 08:38:23.359616 2026] [core:error] [pid 2419665:tid 2419665] [client 185.177.72.66:15990] AH00124: Request exceeded the limit of 10 internal redirects due to probable configuration error. Use 'LimitInternalRecursion' to increase the limit if necessary. Use 'LogLevel debug' to get a backtrace.
[Thu Jul 30 08:38:23.359642 2026] [core:error] [pid 2419665:tid 2419665] [client 185.177.72.66:15990] AH00124: Request exceeded the limit of 10 internal redirects due to probable configuration error. Use 'LimitInternalRecursion' to increase the limit if necessary. Use 'LogLevel debug' to get a backtrace.
[Thu Jul 30 08:38:23.368402 2026] [security2:error] [pid 2422379:tid 2422379] [client 185.177.72.17:31182] ModSecurity: Warning. Matched phrase "/.env" at REQUEST_FILENAME. [file "/etc/apache2/conf.d/modsec_vendor_configs/OWASP3/rules/REQUEST-930-APPLICATION-ATTACK-LFI.conf"] [line "49"] [id "930130"] [rev "1"] [msg "Restricted File Access Attempt"] [data "Matched Data: /.env found within REQUEST_FILENAME: /base/.env"] [severity "CRITICAL"] [ver "OWASP_CRS/3.0.0"] [maturity "7"] [accuracy "8"] [tag "application-multi"] [tag "language-multi"] [tag "platform-multi"] [tag "attack-lfi"] [tag "OWASP_CRS/WEB_ATTACK/FILE_INJECTION"] [tag "WASCTC/WASC-33"] [tag "OWASP_TOP_10/A4"] [tag "PCI/6.5.4"] [hostname "downloads.ppcl.com"] [uri "/base/.env"] [unique_id "amr_bwovdwhMhh9vBJDP9AAAADE"]
[Thu Jul 30 08:38:23.368555 2026] [security2:error] [pid 2422379:tid 2422379] [client 185.177.72.17:31182] ModSecurity: Access denied with code 403 (phase 2). Operator GE matched 5 at TX:anomaly_score. [file "/etc/apache2/conf.d/modsec_vendor_configs/OWASP3/rules/REQUEST-949-BLOCKING-EVALUATION.conf"] [line "30"] [id "949110"] [msg "Inbound Anomaly Score Exceeded (Total Score: 5)"] [severity "CRITICAL"] [tag "application-multi"] [tag "language-multi"] [tag "platform-multi"] [tag "attack-generic"] [hostname "downloads.ppcl.com"] [uri "/base/.env"] [unique_id "amr_bwovdwhMhh9vBJDP9AAAADE"]
[Thu Jul 30 08:38:23.368748 2026] [security2:error] [pid 2422379:tid 2422379] [client 185.177.72.17:31182] ModSecurity: Warning. Operator GE matched 5 at TX:inbound_anomaly_score. [file "/etc/apache2/conf.d/modsec_vendor_configs/OWASP3/rules/RESPONSE-980-CORRELATION.conf"] [line "37"] [id "980130"] [msg "Inbound Anomaly Score Exceeded (Total Inbound Score: 5 - SQLI=0,XSS=0,RFI=0,LFI=5,RCE=0,PHPI=0,HTTP=0,SESS=0): Restricted File Access Attempt"] [tag "event-correlation"] [hostname "downloads.ppcl.com"] [uri "/base/.env"] [unique_id "amr_bwovdwhMhh9vBJDP9AAAADE"]
[Thu Jul 30 08:38:23.408428 2026] [core:error] [pid 2420262:tid 2420262] [client 185.177.72.66:16000] AH00124: Request exceeded the limit of 10 internal redirects due to probable configuration error. Use 'LimitInternalRecursion' to increase the limit if necessary. Use 'LogLevel debug' to get a backtrace.
[Thu Jul 30 08:38:23.408457 2026] [core:error] [pid 2420262:tid 2420262] [client 185.177.72.66:16000] AH00124: Request exceeded the limit of 10 internal redirects due to probable configuration error. Use 'LimitInternalRecursion' to increase the limit if necessary. Use 'LogLevel debug' to get a backtrace.
[Thu Jul 30 08:38:23.414723 2026] [security2:error] [pid 2422379:tid 2422379] [client 185.177.72.17:31182] ModSecurity: Warning. Matched phrase "/.env" at REQUEST_FILENAME. [file "/etc/apache2/conf.d/modsec_vendor_configs/OWASP3/rules/REQUEST-930-APPLICATION-ATTACK-LFI.conf"] [line "49"] [id "930130"] [rev "1"] [msg "Restricted File Access Attempt"] [data "Matched Data: /.env found within REQUEST_FILENAME: /base_dir/.env"] [severity "CRITICAL"] [ver "OWASP_CRS/3.0.0"] [maturity "7"] [accuracy "8"] [tag "application-multi"] [tag "language-multi"] [tag "platform-multi"] [tag "attack-lfi"] [tag "OWASP_CRS/WEB_ATTACK/FILE_INJECTION"] [tag "WASCTC/WASC-33"] [tag "OWASP_TOP_10/A4"] [tag "PCI/6.5.4"] [hostname "downloads.ppcl.com"] [uri "/base_dir/.env"] [unique_id "amr_bwovdwhMhh9vBJDP9QAAADE"]
[Thu Jul 30 08:38:23.414852 2026] [security2:error] [pid 2422379:tid 2422379] [client 185.177.72.17:31182] ModSecurity: Access denied with code 403 (phase 2). Operator GE matched 5 at TX:anomaly_score. [file "/etc/apache2/conf.d/modsec_vendor_configs/OWASP3/rules/REQUEST-949-BLOCKING-EVALUATION.conf"] [line "30"] [id "949110"] [msg "Inbound Anomaly Score Exceeded (Total Score: 5)"] [severity "CRITICAL"] [tag "application-multi"] [tag "language-multi"] [tag "platform-multi"] [tag "attack-generic"] [hostname "downloads.ppcl.com"] [uri "/base_dir/.env"] [unique_id "amr_bwovdwhMhh9vBJDP9QAAADE"]
[Thu Jul 30 08:38:23.415026 2026] [security2:error] [pid 2422379:tid 2422379] [client 185.177.72.17:31182] ModSecurity: Warning. Operator GE matched 5 at TX:inbound_anomaly_score. [file "/etc/apache2/conf.d/modsec_vendor_configs/OWASP3/rules/RESPONSE-980-CORRELATION.conf"] [line "37"] [id "980130"] [msg "Inbound Anomaly Score Exceeded (Total Inbound Score: 5 - SQLI=0,XSS=0,RFI=0,LFI=5,RCE=0,PHPI=0,HTTP=0,SESS=0): Restricted File Access Attempt"] [tag "event-correlation"] [hostname "downloads.ppcl.com"] [uri "/base_dir/.env"] [unique_id "amr_bwovdwhMhh9vBJDP9QAAADE"]
[Thu Jul 30 08:38:23.436415 2026] [security2:error] [pid 2422379:tid 2422379] [client 185.177.72.17:31182] ModSecurity: Warning. Matched phrase "/.env" at REQUEST_FILENAME. [file "/etc/apache2/conf.d/modsec_vendor_configs/OWASP3/rules/REQUEST-930-APPLICATION-ATTACK-LFI.conf"] [line "49"] [id "930130"] [rev "1"] [msg "Restricted File Access Attempt"] [data "Matched Data: /.env found within REQUEST_FILENAME: /basic-network/.env"] [severity "CRITICAL"] [ver "OWASP_CRS/3.0.0"] [maturity "7"] [accuracy "8"] [tag "application-multi"] [tag "language-multi"] [tag "platform-multi"] [tag "attack-lfi"] [tag "OWASP_CRS/WEB_ATTACK/FILE_INJECTION"] [tag "WASCTC/WASC-33"] [tag "OWASP_TOP_10/A4"] [tag "PCI/6.5.4"] [hostname "downloads.ppcl.com"] [uri "/basic-network/.env"] [unique_id "amr_bwovdwhMhh9vBJDP9gAAADE"]
[Thu Jul 30 08:38:23.436551 2026] [security2:error] [pid 2422379:tid 2422379] [client 185.177.72.17:31182] ModSecurity: Access denied with code 403 (phase 2). Operator GE matched 5 at TX:anomaly_score. [file "/etc/apache2/conf.d/modsec_vendor_configs/OWASP3/rules/REQUEST-949-BLOCKING-EVALUATION.conf"] [line "30"] [id "949110"] [msg "Inbound Anomaly Score Exceeded (Total Score: 5)"] [severity "CRITICAL"] [tag "application-multi"] [tag "language-multi"] [tag "platform-multi"] [tag "attack-generic"] [hostname "downloads.ppcl.com"] [uri "/basic-network/.env"] [unique_id "amr_bwovdwhMhh9vBJDP9gAAADE"]
[Thu Jul 30 08:38:23.436740 2026] [security2:error] [pid 2422379:tid 2422379] [client 185.177.72.17:31182] ModSecurity: Warning. Operator GE matched 5 at TX:inbound_anomaly_score. [file "/etc/apache2/conf.d/modsec_vendor_configs/OWASP3/rules/RESPONSE-980-CORRELATION.conf"] [line "37"] [id "980130"] [msg "Inbound Anomaly Score Exceeded (Total Inbound Score: 5 - SQLI=0,XSS=0,RFI=0,LFI=5,RCE=0,PHPI=0,HTTP=0,SESS=0): Restricted File Access Attempt"] [tag "event-correlation"] [hostname "downloads.ppcl.com"] [uri "/basic-network/.env"] [unique_id "amr_bwovdwhMhh9vBJDP9gAAADE"]
[Thu Jul 30 08:38:23.449003 2026] [authz_core:error] [pid 2412506:tid 2412506] [client 57.141.0.66:51710] AH01630: client denied by server configuration: /home/candidejacobs/public_html/error_log
[Thu Jul 30 08:38:23.449701 2026] [authz_core:error] [pid 2412506:tid 2412506] [client 57.141.0.66:51710] AH01630: client denied by server configuration: /home/candidejacobs/public_html/php.ini
[Thu Jul 30 08:38:23.456017 2026] [core:error] [pid 2412474:tid 2412474] [client 185.177.72.66:16010] AH00124: Request exceeded the limit of 10 internal redirects due to probable configuration error. Use 'LimitInternalRecursion' to increase the limit if necessary. Use 'LogLevel debug' to get a backtrace.
[Thu Jul 30 08:38:23.456042 2026] [core:error] [pid 2412474:tid 2412474] [client 185.177.72.66:16010] AH00124: Request exceeded the limit of 10 internal redirects due to probable configuration error. Use 'LimitInternalRecursion' to increase the limit if necessary. Use 'LogLevel debug' to get a backtrace.
[Thu Jul 30 08:38:23.463547 2026] [security2:error] [pid 2422379:tid 2422379] [client 185.177.72.17:31182] ModSecurity: Warning. Matched phrase "/.env" at REQUEST_FILENAME. [file "/etc/apache2/conf.d/modsec_vendor_configs/OWASP3/rules/REQUEST-930-APPLICATION-ATTACK-LFI.conf"] [line "49"] [id "930130"] [rev "1"] [msg "Restricted File Access Attempt"] [data "Matched Data: /.env found within REQUEST_FILENAME: /beta/.env.bak"] [severity "CRITICAL"] [ver "OWASP_CRS/3.0.0"] [maturity "7"] [accuracy "8"] [tag "application-multi"] [tag "language-multi"] [tag "platform-multi"] [tag "attack-lfi"] [tag "OWASP_CRS/WEB_ATTACK/FILE_INJECTION"] [tag "WASCTC/WASC-33"] [tag "OWASP_TOP_10/A4"] [tag "PCI/6.5.4"] [hostname "downloads.ppcl.com"] [uri "/beta/.env.bak"] [unique_id "amr_bwovdwhMhh9vBJDP9wAAADE"]
