[Thu Jul 30 08:33:08.651345 2026] [ssl:error] [pid 2411316:tid 2411316] (EAI 2)Name or service not known: [client 144.76.19.72:34346] AH01972: could not resolve address of OCSP responder r10.o.lencr.org
[Thu Jul 30 08:33:08.651373 2026] [ssl:error] [pid 2411316:tid 2411316] AH01941: stapling_renew_response: responder error
[Thu Jul 30 08:33:08.671310 2026] [access_compat:error] [pid 2412429:tid 2412429] [client 20.104.16.169:1500] AH01797: client denied by server configuration: /home/thepryor/public_html/dev2/txets.php
[Thu Jul 30 08:33:08.671804 2026] [core:error] [pid 2412429:tid 2412429] [client 20.104.16.169:1500] AH00124: Request exceeded the limit of 10 internal redirects due to probable configuration error. Use 'LimitInternalRecursion' to increase the limit if necessary. Use 'LogLevel debug' to get a backtrace.
[Thu Jul 30 08:33:08.712115 2026] [access_compat:error] [pid 2411023:tid 2411023] [client 20.48.234.177:34821] AH01797: client denied by server configuration: /home/thepryor/public_html/term.php
[Thu Jul 30 08:33:08.936924 2026] [core:error] [pid 2412397:tid 2412397] [client 20.104.16.169:1674] AH00124: Request exceeded the limit of 10 internal redirects due to probable configuration error. Use 'LimitInternalRecursion' to increase the limit if necessary. Use 'LogLevel debug' to get a backtrace.
[Thu Jul 30 08:33:08.936952 2026] [core:error] [pid 2412397:tid 2412397] [client 20.104.16.169:1674] AH00124: Request exceeded the limit of 10 internal redirects due to probable configuration error. Use 'LimitInternalRecursion' to increase the limit if necessary. Use 'LogLevel debug' to get a backtrace.
[Thu Jul 30 08:33:09.202538 2026] [access_compat:error] [pid 2411106:tid 2411106] [client 20.104.16.169:1667] AH01797: client denied by server configuration: /home/thepryor/public_html/dev2/222.php
[Thu Jul 30 08:33:09.202886 2026] [core:error] [pid 2411106:tid 2411106] [client 20.104.16.169:1667] AH00124: Request exceeded the limit of 10 internal redirects due to probable configuration error. Use 'LimitInternalRecursion' to increase the limit if necessary. Use 'LogLevel debug' to get a backtrace.
[Thu Jul 30 08:33:09.431126 2026] [access_compat:error] [pid 2411023:tid 2411023] [client 20.48.234.177:34821] AH01797: client denied by server configuration: /home/thepryor/public_html/we.php
[Thu Jul 30 08:33:09.468775 2026] [access_compat:error] [pid 2411366:tid 2411366] [client 20.104.16.169:1514] AH01797: client denied by server configuration: /home/thepryor/public_html/dev2/new.php
[Thu Jul 30 08:33:09.469138 2026] [core:error] [pid 2411366:tid 2411366] [client 20.104.16.169:1514] AH00124: Request exceeded the limit of 10 internal redirects due to probable configuration error. Use 'LimitInternalRecursion' to increase the limit if necessary. Use 'LogLevel debug' to get a backtrace.
[Thu Jul 30 08:33:09.729495 2026] [core:error] [pid 2412429:tid 2412429] [client 20.104.16.169:1142] AH00124: Request exceeded the limit of 10 internal redirects due to probable configuration error. Use 'LimitInternalRecursion' to increase the limit if necessary. Use 'LogLevel debug' to get a backtrace.
[Thu Jul 30 08:33:09.729517 2026] [core:error] [pid 2412429:tid 2412429] [client 20.104.16.169:1142] AH00124: Request exceeded the limit of 10 internal redirects due to probable configuration error. Use 'LimitInternalRecursion' to increase the limit if necessary. Use 'LogLevel debug' to get a backtrace.
[Thu Jul 30 08:33:09.997895 2026] [core:error] [pid 2411149:tid 2411149] [client 20.104.16.169:1528] AH00124: Request exceeded the limit of 10 internal redirects due to probable configuration error. Use 'LimitInternalRecursion' to increase the limit if necessary. Use 'LogLevel debug' to get a backtrace.
[Thu Jul 30 08:33:09.997921 2026] [core:error] [pid 2411149:tid 2411149] [client 20.104.16.169:1528] AH00124: Request exceeded the limit of 10 internal redirects due to probable configuration error. Use 'LimitInternalRecursion' to increase the limit if necessary. Use 'LogLevel debug' to get a backtrace.
[Thu Jul 30 08:33:10.202642 2026] [access_compat:error] [pid 2411023:tid 2411023] [client 20.48.234.177:34821] AH01797: client denied by server configuration: /home/thepryor/public_html/zip-onee.php
[Thu Jul 30 08:33:10.218608 2026] [access_compat:error] [pid 2411408:tid 2411408] [client 20.104.16.169:21784] AH01797: client denied by server configuration: /home/thepryor/public_html/dev2/tx79.php
[Thu Jul 30 08:33:10.218946 2026] [core:error] [pid 2411408:tid 2411408] [client 20.104.16.169:21784] AH00124: Request exceeded the limit of 10 internal redirects due to probable configuration error. Use 'LimitInternalRecursion' to increase the limit if necessary. Use 'LogLevel debug' to get a backtrace.
[Thu Jul 30 08:33:10.272462 2026] [access_compat:error] [pid 2411416:tid 2411416] [client 20.104.16.169:1506] AH01797: client denied by server configuration: /home/thepryor/public_html/dev2/classwithtostring.php
[Thu Jul 30 08:33:10.272815 2026] [core:error] [pid 2411416:tid 2411416] [client 20.104.16.169:1506] AH00124: Request exceeded the limit of 10 internal redirects due to probable configuration error. Use 'LimitInternalRecursion' to increase the limit if necessary. Use 'LogLevel debug' to get a backtrace.
[Thu Jul 30 08:33:10.504734 2026] [lsapi:warn] [pid 2411366:tid 2411366] [client 217.165.124.222:0] [host revoracing.org.uk] Backend log: PHP Deprecated: Automatically populating $HTTP_RAW_POST_DATA is deprecated and will be removed in a future version. To avoid this warning set 'always_populate_raw_post_data' to '-1' in php.ini and use the php://input stream instead. in Unknown on line 0\n
[Thu Jul 30 08:33:10.526720 2026] [ssl:error] [pid 2411315:tid 2411315] (70014)End of file found: [client 216.73.216.199:29662] AH02013: coalesce failed to read from data bucket
[Thu Jul 30 08:33:10.532360 2026] [access_compat:error] [pid 2411410:tid 2411410] [client 20.104.16.169:1126] AH01797: client denied by server configuration: /home/thepryor/public_html/dev2/error.php
[Thu Jul 30 08:33:10.532684 2026] [core:error] [pid 2411410:tid 2411410] [client 20.104.16.169:1126] AH00124: Request exceeded the limit of 10 internal redirects due to probable configuration error. Use 'LimitInternalRecursion' to increase the limit if necessary. Use 'LogLevel debug' to get a backtrace.
[Thu Jul 30 08:33:10.801044 2026] [access_compat:error] [pid 2412503:tid 2412503] [client 20.104.16.169:1716] AH01797: client denied by server configuration: /home/thepryor/public_html/dev2/a7.php
[Thu Jul 30 08:33:10.801395 2026] [core:error] [pid 2412503:tid 2412503] [client 20.104.16.169:1716] AH00124: Request exceeded the limit of 10 internal redirects due to probable configuration error. Use 'LimitInternalRecursion' to increase the limit if necessary. Use 'LogLevel debug' to get a backtrace.
[Thu Jul 30 08:33:10.809443 2026] [ssl:error] [pid 2411149:tid 2411149] (70014)End of file found: [client 216.73.216.199:2451] AH02013: coalesce failed to read from data bucket
[Thu Jul 30 08:33:11.008159 2026] [access_compat:error] [pid 2411023:tid 2411023] [client 20.48.234.177:34821] AH01797: client denied by server configuration: /home/thepryor/public_html/il.php
[Thu Jul 30 08:33:11.069652 2026] [core:error] [pid 2411406:tid 2411406] [client 20.104.16.169:1695] AH00124: Request exceeded the limit of 10 internal redirects due to probable configuration error. Use 'LimitInternalRecursion' to increase the limit if necessary. Use 'LogLevel debug' to get a backtrace.
[Thu Jul 30 08:33:11.069689 2026] [core:error] [pid 2411406:tid 2411406] [client 20.104.16.169:1695] AH00124: Request exceeded the limit of 10 internal redirects due to probable configuration error. Use 'LimitInternalRecursion' to increase the limit if necessary. Use 'LogLevel debug' to get a backtrace.
[Thu Jul 30 08:33:11.702732 2026] [ssl:error] [pid 2411410:tid 2411410] (EAI 2)Name or service not known: [client 144.76.19.72:59922] AH01972: could not resolve address of OCSP responder r10.o.lencr.org
[Thu Jul 30 08:33:11.702759 2026] [ssl:error] [pid 2411410:tid 2411410] AH01941: stapling_renew_response: responder error
[Thu Jul 30 08:33:11.717580 2026] [ssl:error] [pid 2410999:tid 2410999] (70014)End of file found: [client 216.73.216.199:33862] AH02013: coalesce failed to read from data bucket
[Thu Jul 30 08:33:11.758640 2026] [ssl:error] [pid 2411221:tid 2411221] (EAI 2)Name or service not known: [client 144.76.19.72:59928] AH01972: could not resolve address of OCSP responder r10.o.lencr.org
[Thu Jul 30 08:33:11.758670 2026] [ssl:error] [pid 2411221:tid 2411221] AH01941: stapling_renew_response: responder error
[Thu Jul 30 08:33:11.802673 2026] [access_compat:error] [pid 2411023:tid 2411023] [client 20.48.234.177:34821] AH01797: client denied by server configuration: /home/thepryor/public_html/one.php
[Thu Jul 30 08:33:12.120970 2026] [authz_core:error] [pid 2411366:tid 2411366] [client 57.141.0.58:41382] AH01630: client denied by server configuration: /home/candidejacobs/public_html/error_log
[Thu Jul 30 08:33:12.121602 2026] [authz_core:error] [pid 2411366:tid 2411366] [client 57.141.0.58:41382] AH01630: client denied by server configuration: /home/candidejacobs/public_html/php.ini
[Thu Jul 30 08:33:12.563773 2026] [access_compat:error] [pid 2411023:tid 2411023] [client 20.48.234.177:34821] AH01797: client denied by server configuration: /home/thepryor/public_html/002.php
[Thu Jul 30 08:33:12.577428 2026] [access_compat:error] [pid 2411049:tid 2411049] [client 106.215.157.145:31308] AH01797: client denied by server configuration: /home/thepryor/public_html/xmlrpc.php
[Thu Jul 30 08:33:13.288568 2026] [access_compat:error] [pid 2411420:tid 2411420] [client 20.104.16.169:65410] AH01797: client denied by server configuration: /home/thepryor/public_html/dev2/motu.php
[Thu Jul 30 08:33:13.288920 2026] [core:error] [pid 2411420:tid 2411420] [client 20.104.16.169:65410] AH00124: Request exceeded the limit of 10 internal redirects due to probable configuration error. Use 'LimitInternalRecursion' to increase the limit if necessary. Use 'LogLevel debug' to get a backtrace.
[Thu Jul 30 08:33:13.562332 2026] [access_compat:error] [pid 2411314:tid 2411314] [client 20.104.16.169:65440] AH01797: client denied by server configuration: /home/thepryor/public_html/dev2/wp-head.php
[Thu Jul 30 08:33:13.562680 2026] [core:error] [pid 2411314:tid 2411314] [client 20.104.16.169:65440] AH00124: Request exceeded the limit of 10 internal redirects due to probable configuration error. Use 'LimitInternalRecursion' to increase the limit if necessary. Use 'LogLevel debug' to get a backtrace.
[Thu Jul 30 08:33:13.759472 2026] [access_compat:error] [pid 2411023:tid 2411023] [client 20.48.234.177:34821] AH01797: client denied by server configuration: /home/thepryor/public_html/file1.php
[Thu Jul 30 08:33:13.765542 2026] [authz_core:error] [pid 2412472:tid 2412472] [client 57.141.0.63:43882] AH01630: client denied by server configuration: /home/candidejacobs/public_html/error_log
[Thu Jul 30 08:33:13.766183 2026] [authz_core:error] [pid 2412472:tid 2412472] [client 57.141.0.63:43882] AH01630: client denied by server configuration: /home/candidejacobs/public_html/php.ini
[Thu Jul 30 08:33:13.946311 2026] [authz_core:error] [pid 2411417:tid 2411417] [client 57.141.0.12:59542] AH01630: client denied by server configuration: /home/candidejacobs/public_html/error_log
[Thu Jul 30 08:33:13.946929 2026] [authz_core:error] [pid 2411417:tid 2411417] [client 57.141.0.12:59542] AH01630: client denied by server configuration: /home/candidejacobs/public_html/php.ini
[Thu Jul 30 08:33:14.366854 2026] [authz_core:error] [pid 2411049:tid 2411049] [client 57.141.0.7:27240] AH01630: client denied by server configuration: /home/candidejacobs/public_html/error_log
[Thu Jul 30 08:33:14.367482 2026] [authz_core:error] [pid 2411049:tid 2411049] [client 57.141.0.7:27240] AH01630: client denied by server configuration: /home/candidejacobs/public_html/php.ini
[Thu Jul 30 08:33:14.517373 2026] [access_compat:error] [pid 2411023:tid 2411023] [client 20.48.234.177:34821] AH01797: client denied by server configuration: /home/thepryor/public_html/akimet.php
[Thu Jul 30 08:33:14.812543 2026] [ssl:error] [pid 2412509:tid 2412509] (EAI 2)Name or service not known: [client 144.76.19.72:59936] AH01972: could not resolve address of OCSP responder r10.o.lencr.org
[Thu Jul 30 08:33:14.812581 2026] [ssl:error] [pid 2412509:tid 2412509] AH01941: stapling_renew_response: responder error
[Thu Jul 30 08:33:14.867056 2026] [ssl:error] [pid 2411614:tid 2411614] (EAI 2)Name or service not known: [client 144.76.19.72:59944] AH01972: could not resolve address of OCSP responder r10.o.lencr.org
[Thu Jul 30 08:33:14.867095 2026] [ssl:error] [pid 2411614:tid 2411614] AH01941: stapling_renew_response: responder error
[Thu Jul 30 08:33:15.288119 2026] [access_compat:error] [pid 2411023:tid 2411023] [client 20.48.234.177:34821] AH01797: client denied by server configuration: /home/thepryor/public_html/reop3.php
[Thu Jul 30 08:33:15.832100 2026] [authz_core:error] [pid 2411614:tid 2411614] [client 57.141.0.26:28460] AH01630: client denied by server configuration: /home/candidejacobs/public_html/error_log
[Thu Jul 30 08:33:15.832723 2026] [authz_core:error] [pid 2411614:tid 2411614] [client 57.141.0.26:28460] AH01630: client denied by server configuration: /home/candidejacobs/public_html/php.ini
[Thu Jul 30 08:33:16.047787 2026] [core:error] [pid 2412506:tid 2412506] (13)Permission denied: [client 216.73.216.199:56796] AH00132: file permissions deny server access: /home/healthki/public_html/wp-includes/js/swfupload/1/2/sys/devices/system/memory/memory254/subsystem/uevent
[Thu Jul 30 08:33:16.086640 2026] [access_compat:error] [pid 2411023:tid 2411023] [client 20.48.234.177:34821] AH01797: client denied by server configuration: /home/thepryor/public_html/h.php
[Thu Jul 30 08:33:16.348542 2026] [ssl:error] [pid 2412506:tid 2412506] (70014)End of file found: [client 216.73.216.199:56796] AH02013: coalesce failed to read from data bucket
[Thu Jul 30 08:33:16.356700 2026] [access_compat:error] [pid 2411315:tid 2411315] [client 106.215.157.145:20323] AH01797: client denied by server configuration: /home/thepryor/public_html/xmlrpc.php
[Thu Jul 30 08:33:16.649179 2026] [ssl:error] [pid 2410998:tid 2410998] (5)Input/output error: [client 216.73.216.199:1804] AH02013: coalesce failed to read from data bucket
[Thu Jul 30 08:33:16.810113 2026] [core:error] [pid 2411412:tid 2411412] [client 20.104.16.169:21773] AH00124: Request exceeded the limit of 10 internal redirects due to probable configuration error. Use 'LimitInternalRecursion' to increase the limit if necessary. Use 'LogLevel debug' to get a backtrace.
[Thu Jul 30 08:33:16.810141 2026] [core:error] [pid 2411412:tid 2411412] [client 20.104.16.169:21773] AH00124: Request exceeded the limit of 10 internal redirects due to probable configuration error. Use 'LimitInternalRecursion' to increase the limit if necessary. Use 'LogLevel debug' to get a backtrace.
[Thu Jul 30 08:33:17.052653 2026] [access_compat:error] [pid 2411023:tid 2411023] [client 20.48.234.177:34821] AH01797: client denied by server configuration: /home/thepryor/public_html/2x.php
[Thu Jul 30 08:33:17.410389 2026] [core:error] [pid 2410999:tid 2410999] [client 57.141.0.12:59546] AH00124: Request exceeded the limit of 10 internal redirects due to probable configuration error. Use 'LimitInternalRecursion' to increase the limit if necessary. Use 'LogLevel debug' to get a backtrace.
[Thu Jul 30 08:33:17.410413 2026] [core:error] [pid 2410999:tid 2410999] [client 57.141.0.12:59546] AH00124: Request exceeded the limit of 10 internal redirects due to probable configuration error. Use 'LimitInternalRecursion' to increase the limit if necessary. Use 'LogLevel debug' to get a backtrace.
[Thu Jul 30 08:33:17.860362 2026] [access_compat:error] [pid 2411023:tid 2411023] [client 20.48.234.177:34821] AH01797: client denied by server configuration: /home/thepryor/public_html/petx.php
[Thu Jul 30 08:33:17.925589 2026] [ssl:error] [pid 2411408:tid 2411408] (EAI 2)Name or service not known: [client 144.76.19.72:59954] AH01972: could not resolve address of OCSP responder r10.o.lencr.org
[Thu Jul 30 08:33:17.925622 2026] [ssl:error] [pid 2411408:tid 2411408] AH01941: stapling_renew_response: responder error
[Thu Jul 30 08:33:17.980394 2026] [ssl:error] [pid 2412471:tid 2412471] (EAI 2)Name or service not known: [client 144.76.19.72:59970] AH01972: could not resolve address of OCSP responder r10.o.lencr.org
[Thu Jul 30 08:33:17.980424 2026] [ssl:error] [pid 2412471:tid 2412471] AH01941: stapling_renew_response: responder error
[Thu Jul 30 08:33:18.660395 2026] [access_compat:error] [pid 2411023:tid 2411023] [client 20.48.234.177:34821] AH01797: client denied by server configuration: /home/thepryor/public_html/zxz.php
[Thu Jul 30 08:33:19.009340 2026] [authz_core:error] [pid 2412428:tid 2412428] [client 57.141.0.47:49162] AH01630: client denied by server configuration: /home/candidejacobs/public_html/error_log
[Thu Jul 30 08:33:19.010312 2026] [authz_core:error] [pid 2412428:tid 2412428] [client 57.141.0.47:49162] AH01630: client denied by server configuration: /home/candidejacobs/public_html/php.ini
[Thu Jul 30 08:33:19.158737 2026] [authz_core:error] [pid 2411409:tid 2411409] [client 57.141.0.47:49172] AH01630: client denied by server configuration: /home/candidejacobs/public_html/error_log
[Thu Jul 30 08:33:19.159366 2026] [authz_core:error] [pid 2411409:tid 2411409] [client 57.141.0.47:49172] AH01630: client denied by server configuration: /home/candidejacobs/public_html/php.ini
[Thu Jul 30 08:33:19.451964 2026] [access_compat:error] [pid 2411023:tid 2411023] [client 20.48.234.177:34821] AH01797: client denied by server configuration: /home/thepryor/public_html/2.php
[Thu Jul 30 08:33:19.713152 2026] [security2:error] [pid 2411373:tid 2411373] [client 193.37.32.142:29407] ModSecurity: Warning. Matched phrase "/.git/" at REQUEST_FILENAME. [file "/etc/apache2/conf.d/modsec_vendor_configs/OWASP3/rules/REQUEST-930-APPLICATION-ATTACK-LFI.conf"] [line "49"] [id "930130"] [rev "1"] [msg "Restricted File Access Attempt"] [data "Matched Data: /.git/ found within REQUEST_FILENAME: /.git/head"] [severity "CRITICAL"] [ver "OWASP_CRS/3.0.0"] [maturity "7"] [accuracy "8"] [tag "application-multi"] [tag "language-multi"] [tag "platform-multi"] [tag "attack-lfi"] [tag "OWASP_CRS/WEB_ATTACK/FILE_INJECTION"] [tag "WASCTC/WASC-33"] [tag "OWASP_TOP_10/A4"] [tag "PCI/6.5.4"] [hostname "erskinenazarene.co.uk"] [uri "/.git/HEAD"] [unique_id "amr-P9EWCml9g6o0NKfGrQAAABw"]
[Thu Jul 30 08:33:19.713327 2026] [security2:error] [pid 2411373:tid 2411373] [client 193.37.32.142:29407] ModSecurity: Access denied with code 403 (phase 2). Operator GE matched 5 at TX:anomaly_score. [file "/etc/apache2/conf.d/modsec_vendor_configs/OWASP3/rules/REQUEST-949-BLOCKING-EVALUATION.conf"] [line "30"] [id "949110"] [msg "Inbound Anomaly Score Exceeded (Total Score: 5)"] [severity "CRITICAL"] [tag "application-multi"] [tag "language-multi"] [tag "platform-multi"] [tag "attack-generic"] [hostname "erskinenazarene.co.uk"] [uri "/.git/HEAD"] [unique_id "amr-P9EWCml9g6o0NKfGrQAAABw"]
[Thu Jul 30 08:33:19.714267 2026] [security2:error] [pid 2411408:tid 2411408] [client 193.37.32.160:48817] ModSecurity: Warning. Matched phrase "/.git/" at REQUEST_FILENAME. [file "/etc/apache2/conf.d/modsec_vendor_configs/OWASP3/rules/REQUEST-930-APPLICATION-ATTACK-LFI.conf"] [line "49"] [id "930130"] [rev "1"] [msg "Restricted File Access Attempt"] [data "Matched Data: /.git/ found within REQUEST_FILENAME: /.git/head"] [severity "CRITICAL"] [ver "OWASP_CRS/3.0.0"] [maturity "7"] [accuracy "8"] [tag "application-multi"] [tag "language-multi"] [tag "platform-multi"] [tag "attack-lfi"] [tag "OWASP_CRS/WEB_ATTACK/FILE_INJECTION"] [tag "WASCTC/WASC-33"] [tag "OWASP_TOP_10/A4"] [tag "PCI/6.5.4"] [hostname "www.impactscotland.erskinenazarene.co.uk"] [uri "/.git/HEAD"] [unique_id "amr-P5oC1GNI7Mml_OmjjwAAACE"]
[Thu Jul 30 08:33:19.714377 2026] [security2:error] [pid 2411408:tid 2411408] [client 193.37.32.160:48817] ModSecurity: Access denied with code 403 (phase 2). Operator GE matched 5 at TX:anomaly_score. [file "/etc/apache2/conf.d/modsec_vendor_configs/OWASP3/rules/REQUEST-949-BLOCKING-EVALUATION.conf"] [line "30"] [id "949110"] [msg "Inbound Anomaly Score Exceeded (Total Score: 5)"] [severity "CRITICAL"] [tag "application-multi"] [tag "language-multi"] [tag "platform-multi"] [tag "attack-generic"] [hostname "www.impactscotland.erskinenazarene.co.uk"] [uri "/.git/HEAD"] [unique_id "amr-P5oC1GNI7Mml_OmjjwAAACE"]
[Thu Jul 30 08:33:19.714782 2026] [core:error] [pid 2411408:tid 2411408] [client 193.37.32.160:48817] AH00124: Request exceeded the limit of 10 internal redirects due to probable configuration error. Use 'LimitInternalRecursion' to increase the limit if necessary. Use 'LogLevel debug' to get a backtrace.
[Thu Jul 30 08:33:19.714888 2026] [security2:error] [pid 2411408:tid 2411408] [client 193.37.32.160:48817] ModSecurity: Warning. Operator GE matched 5 at TX:inbound_anomaly_score. [file "/etc/apache2/conf.d/modsec_vendor_configs/OWASP3/rules/RESPONSE-980-CORRELATION.conf"] [line "37"] [id "980130"] [msg "Inbound Anomaly Score Exceeded (Total Inbound Score: 5 - SQLI=0,XSS=0,RFI=0,LFI=5,RCE=0,PHPI=0,HTTP=0,SESS=0): Restricted File Access Attempt"] [tag "event-correlation"] [hostname "www.impactscotland.erskinenazarene.co.uk"] [uri "/index.php"] [unique_id "amr-P5oC1GNI7Mml_OmjjwAAACE"]
[Thu Jul 30 08:33:19.726845 2026] [security2:error] [pid 2411409:tid 2411409] [client 193.37.32.154:39503] ModSecurity: Warning. Matched phrase "/.git/" at REQUEST_FILENAME. [file "/etc/apache2/conf.d/modsec_vendor_configs/OWASP3/rules/REQUEST-930-APPLICATION-ATTACK-LFI.conf"] [line "49"] [id "930130"] [rev "1"] [msg "Restricted File Access Attempt"] [data "Matched Data: /.git/ found within REQUEST_FILENAME: /.git/head"] [severity "CRITICAL"] [ver "OWASP_CRS/3.0.0"] [maturity "7"] [accuracy "8"] [tag "application-multi"] [tag "language-multi"] [tag "platform-multi"] [tag "attack-lfi"] [tag "OWASP_CRS/WEB_ATTACK/FILE_INJECTION"] [tag "WASCTC/WASC-33"] [tag "OWASP_TOP_10/A4"] [tag "PCI/6.5.4"] [hostname "www.jubileehousescotland.erskinenazarene.co.uk"] [uri "/.git/HEAD"] [unique_id "amr-P3iGnV0lYiYXbxD9XAAAACI"]
[Thu Jul 30 08:33:19.726977 2026] [security2:error] [pid 2411409:tid 2411409] [client 193.37.32.154:39503] ModSecurity: Access denied with code 403 (phase 2). Operator GE matched 5 at TX:anomaly_score. [file "/etc/apache2/conf.d/modsec_vendor_configs/OWASP3/rules/REQUEST-949-BLOCKING-EVALUATION.conf"] [line "30"] [id "949110"] [msg "Inbound Anomaly Score Exceeded (Total Score: 5)"] [severity "CRITICAL"] [tag "application-multi"] [tag "language-multi"] [tag "platform-multi"] [tag "attack-generic"] [hostname "www.jubileehousescotland.erskinenazarene.co.uk"] [uri "/.git/HEAD"] [unique_id "amr-P3iGnV0lYiYXbxD9XAAAACI"]
[Thu Jul 30 08:33:19.911673 2026] [security2:error] [pid 2411128:tid 2411128] [client 193.37.32.109:52179] ModSecurity: Warning. Matched phrase "/.git/" at REQUEST_FILENAME. [file "/etc/apache2/conf.d/modsec_vendor_configs/OWASP3/rules/REQUEST-930-APPLICATION-ATTACK-LFI.conf"] [line "49"] [id "930130"] [rev "1"] [msg "Restricted File Access Attempt"] [data "Matched Data: /.git/ found within REQUEST_FILENAME: /.git/head"] [severity "CRITICAL"] [ver "OWASP_CRS/3.0.0"] [maturity "7"] [accuracy "8"] [tag "application-multi"] [tag "language-multi"] [tag "platform-multi"] [tag "attack-lfi"] [tag "OWASP_CRS/WEB_ATTACK/FILE_INJECTION"] [tag "WASCTC/WASC-33"] [tag "OWASP_TOP_10/A4"] [tag "PCI/6.5.4"] [hostname "www.erskinefusion.erskinenazarene.co.uk"] [uri "/.git/HEAD"] [unique_id "amr-P6BFDOgTEaBwEi5APwAAAAU"]
[Thu Jul 30 08:33:19.911857 2026] [security2:error] [pid 2411128:tid 2411128] [client 193.37.32.109:52179] ModSecurity: Access denied with code 403 (phase 2). Operator GE matched 5 at TX:anomaly_score. [file "/etc/apache2/conf.d/modsec_vendor_configs/OWASP3/rules/REQUEST-949-BLOCKING-EVALUATION.conf"] [line "30"] [id "949110"] [msg "Inbound Anomaly Score Exceeded (Total Score: 5)"] [severity "CRITICAL"] [tag "application-multi"] [tag "language-multi"] [tag "platform-multi"] [tag "attack-generic"] [hostname "www.erskinefusion.erskinenazarene.co.uk"] [uri "/.git/HEAD"] [unique_id "amr-P6BFDOgTEaBwEi5APwAAAAU"]
[Thu Jul 30 08:33:19.912286 2026] [core:error] [pid 2411128:tid 2411128] [client 193.37.32.109:52179] AH00124: Request exceeded the limit of 10 internal redirects due to probable configuration error. Use 'LimitInternalRecursion' to increase the limit if necessary. Use 'LogLevel debug' to get a backtrace.
[Thu Jul 30 08:33:19.912396 2026] [security2:error] [pid 2411128:tid 2411128] [client 193.37.32.109:52179] ModSecurity: Warning. Operator GE matched 5 at TX:inbound_anomaly_score. [file "/etc/apache2/conf.d/modsec_vendor_configs/OWASP3/rules/RESPONSE-980-CORRELATION.conf"] [line "37"] [id "980130"] [msg "Inbound Anomaly Score Exceeded (Total Inbound Score: 5 - SQLI=0,XSS=0,RFI=0,LFI=5,RCE=0,PHPI=0,HTTP=0,SESS=0): Restricted File Access Attempt"] [tag "event-correlation"] [hostname "www.erskinefusion.erskinenazarene.co.uk"] [uri "/index.php"] [unique_id "amr-P6BFDOgTEaBwEi5APwAAAAU"]
[Thu Jul 30 08:33:20.065970 2026] [security2:error] [pid 2411373:tid 2411373] [client 193.37.32.142:29407] ModSecurity: Warning. Operator GE matched 5 at TX:inbound_anomaly_score. [file "/etc/apache2/conf.d/modsec_vendor_configs/OWASP3/rules/RESPONSE-980-CORRELATION.conf"] [line "37"] [id "980130"] [msg "Inbound Anomaly Score Exceeded (Total Inbound Score: 5 - SQLI=0,XSS=0,RFI=0,LFI=5,RCE=0,PHPI=0,HTTP=0,SESS=0): Restricted File Access Attempt"] [tag "event-correlation"] [hostname "erskinenazarene.co.uk"] [uri "/index.php"] [unique_id "amr-P9EWCml9g6o0NKfGrQAAABw"]
[Thu Jul 30 08:33:20.255846 2026] [access_compat:error] [pid 2411023:tid 2411023] [client 20.48.234.177:34821] AH01797: client denied by server configuration: /home/thepryor/public_html/op.php
[Thu Jul 30 08:33:20.269844 2026] [security2:error] [pid 2411049:tid 2411049] [client 216.73.216.199:5901] ModSecurity: Warning. String match within ".asa/ .asax/ .ascx/ .axd/ .backup/ .bak/ .bat/ .cdx/ .cer/ .cfg/ .cmd/ .com/ .config/ .conf/ .cs/ .csproj/ .csr/ .dat/ .db/ .dbf/ .dll/ .dos/ .htr/ .htw/ .ida/ .idc/ .idq/ .inc/ .ini/ .key/ .licx/ .lnk/ .log/ .mdb/ .old/ .pass/ .pdb/ .pol/ .printer/ .pwd/ .resources/ .resx/ .sql/ .sys/ .vb/ .vbs/ .vbproj/ .vsdisco/ .webinfo/ .xsd/ .xsx/" at TX:extension. [file "/etc/apache2/conf.d/modsec_vendor_configs/OWASP3/rules/REQUEST-920-PROTOCOL-ENFORCEMENT.conf"] [line "452"] [id "920440"] [rev "2"] [msg "URL file extension is restricted by policy"] [data ".conf"] [severity "CRITICAL"] [ver "OWASP_CRS/3.0.0"] [maturity "9"] [accuracy "9"] [tag "application-multi"] [tag "language-multi"] [tag "platform-multi"] [tag "attack-protocol"] [tag "OWASP_CRS/POLICY/EXT_RESTRICTED"] [tag "WASCTC/WASC-15"] [tag "OWASP_TOP_10/A7"] [tag "PCI/6.5.10"] [hostname "kinesiologylondon.co.uk"] [uri "/wp-includes/js/swfupload/1/2/lib/tmpfiles.d/x11.conf"] [unique_id "amr-QFzA3Ri_z9tm4eSSngAAAAE"]
[Thu Jul 30 08:33:20.270059 2026] [security2:error] [pid 2411049:tid 2411049] [client 216.73.216.199:5901] ModSecurity: Access denied with code 403 (phase 2). Operator GE matched 5 at TX:anomaly_score. [file "/etc/apache2/conf.d/modsec_vendor_configs/OWASP3/rules/REQUEST-949-BLOCKING-EVALUATION.conf"] [line "30"] [id "949110"] [msg "Inbound Anomaly Score Exceeded (Total Score: 5)"] [severity "CRITICAL"] [tag "application-multi"] [tag "language-multi"] [tag "platform-multi"] [tag "attack-generic"] [hostname "kinesiologylondon.co.uk"] [uri "/wp-includes/js/swfupload/1/2/lib/tmpfiles.d/x11.conf"] [unique_id "amr-QFzA3Ri_z9tm4eSSngAAAAE"]
[Thu Jul 30 08:33:20.270297 2026] [security2:error] [pid 2411049:tid 2411049] [client 216.73.216.199:5901] ModSecurity: Warning. Operator GE matched 5 at TX:inbound_anomaly_score. [file "/etc/apache2/conf.d/modsec_vendor_configs/OWASP3/rules/RESPONSE-980-CORRELATION.conf"] [line "37"] [id "980130"] [msg "Inbound Anomaly Score Exceeded (Total Inbound Score: 5 - SQLI=0,XSS=0,RFI=0,LFI=0,RCE=0,PHPI=0,HTTP=0,SESS=0): URL file extension is restricted by policy"] [tag "event-correlation"] [hostname "kinesiologylondon.co.uk"] [uri "/wp-includes/js/swfupload/1/2/lib/tmpfiles.d/x11.conf"] [unique_id "amr-QFzA3Ri_z9tm4eSSngAAAAE"]
[Thu Jul 30 08:33:20.362667 2026] [security2:error] [pid 2411409:tid 2411409] [client 193.37.32.154:39503] ModSecurity: Warning. Operator GE matched 5 at TX:inbound_anomaly_score. [file "/etc/apache2/conf.d/modsec_vendor_configs/OWASP3/rules/RESPONSE-980-CORRELATION.conf"] [line "37"] [id "980130"] [msg "Inbound Anomaly Score Exceeded (Total Inbound Score: 5 - SQLI=0,XSS=0,RFI=0,LFI=5,RCE=0,PHPI=0,HTTP=0,SESS=0): Restricted File Access Attempt"] [tag "event-correlation"] [hostname "www.jubileehousescotland.erskinenazarene.co.uk"] [uri "/index.php"] [unique_id "amr-P3iGnV0lYiYXbxD9XAAAACI"]
[Thu Jul 30 08:33:20.993770 2026] [access_compat:error] [pid 2411023:tid 2411023] [client 20.48.234.177:34821] AH01797: client denied by server configuration: /home/thepryor/public_html/a5.php
[Thu Jul 30 08:33:21.039551 2026] [ssl:error] [pid 2411409:tid 2411409] (EAI 2)Name or service not known: [client 144.76.19.72:32066] AH01972: could not resolve address of OCSP responder r10.o.lencr.org
[Thu Jul 30 08:33:21.039596 2026] [ssl:error] [pid 2411409:tid 2411409] AH01941: stapling_renew_response: responder error
[Thu Jul 30 08:33:21.096435 2026] [ssl:error] [pid 2411416:tid 2411416] (EAI 2)Name or service not known: [client 144.76.19.72:32078] AH01972: could not resolve address of OCSP responder r10.o.lencr.org
[Thu Jul 30 08:33:21.096464 2026] [ssl:error] [pid 2411416:tid 2411416] AH01941: stapling_renew_response: responder error
[Thu Jul 30 08:33:21.175361 2026] [security2:error] [pid 2411314:tid 2411314] [client 114.119.155.144:33065] ModSecurity: Access denied with code 403 (phase 1). Matched phrase "PetalBot" at REQUEST_HEADERS:User-Agent. [file "/etc/apache2/conf.d/modsec/modsec2.user.conf"] [line "2"] [id "1000001"] [msg "Bad Bot Blocked"] [hostname "www.erskinenazarene.co.uk"] [uri "/calendar/action~oneday/exact_date~1594854000/request_format~html/cat_ids~103"] [unique_id "amr-QW7CcAQ8GcgVcTbhggAAAA8"], referer: http://www.erskinenazarene.co.uk/calendar/action~oneday/exact_date~16-7-2020
[Thu Jul 30 08:33:21.188800 2026] [authz_core:error] [pid 2411264:tid 2411264] [client 82.102.18.190:58964] AH01630: client denied by server configuration: /home/purple/public_html/wp-includes/widgets/error_log
[Thu Jul 30 08:33:21.192491 2026] [lsapi:warn] [pid 2412505:tid 2412505] [client 217.165.124.222:0] [host revoracing.org.uk] Backend log: PHP Deprecated: Automatically populating $HTTP_RAW_POST_DATA is deprecated and will be removed in a future version. To avoid this warning set 'always_populate_raw_post_data' to '-1' in php.ini and use the php://input stream instead. in Unknown on line 0\n
[Thu Jul 30 08:33:21.741219 2026] [authz_core:error] [pid 2411315:tid 2411315] [client 57.141.0.20:22476] AH01630: client denied by server configuration: /home/candidejacobs/public_html/error_log
[Thu Jul 30 08:33:21.741839 2026] [authz_core:error] [pid 2411315:tid 2411315] [client 57.141.0.20:22476] AH01630: client denied by server configuration: /home/candidejacobs/public_html/php.ini
[Thu Jul 30 08:33:21.896321 2026] [authz_core:error] [pid 2411409:tid 2411409] [client 57.141.0.62:50588] AH01630: client denied by server configuration: /home/candidejacobs/public_html/error_log
[Thu Jul 30 08:33:21.896942 2026] [authz_core:error] [pid 2411409:tid 2411409] [client 57.141.0.62:50588] AH01630: client denied by server configuration: /home/candidejacobs/public_html/php.ini
[Thu Jul 30 08:33:21.953926 2026] [access_compat:error] [pid 2411373:tid 2411373] [client 20.48.234.177:34904] AH01797: client denied by server configuration: /home/thepryor/public_html/ws80.php
[Thu Jul 30 08:33:22.324236 2026] [security2:error] [pid 2411317:tid 2411317] [client 114.119.155.144:33077] ModSecurity: Access denied with code 403 (phase 1). Matched phrase "PetalBot" at REQUEST_HEADERS:User-Agent. [file "/etc/apache2/conf.d/modsec/modsec2.user.conf"] [line "2"] [id "1000001"] [msg "Bad Bot Blocked"] [hostname "erskinenazarene.co.uk"] [uri "/calendar/action~oneday/exact_date~1594854000/request_format~html/cat_ids~103"] [unique_id "amr-Qg1MJI8hnSf9rwybSQAAABI"], referer: http://www.erskinenazarene.co.uk/calendar/action~oneday/exact_date~16-7-2020
[Thu Jul 30 08:33:22.375658 2026] [core:error] [pid 2411049:tid 2411049] (13)Permission denied: [client 216.73.216.199:5901] AH00132: file permissions deny server access: /home/healthki/public_html/wp-includes/js/swfupload/1/2/proc/self/cwd/sys/module/drm/parameters/edid_fixup
[Thu Jul 30 08:33:22.676332 2026] [core:error] [pid 2411049:tid 2411049] (13)Permission denied: [client 216.73.216.199:5901] AH00132: file permissions deny server access: /home/healthki/public_html/wp-includes/js/swfupload/1/2/sys/devices/system/memory/memory220/subsystem/uevent
[Thu Jul 30 08:33:22.692550 2026] [access_compat:error] [pid 2411373:tid 2411373] [client 20.48.234.177:34904] AH01797: client denied by server configuration: /home/thepryor/public_html/xa.php
[Thu Jul 30 08:33:23.279027 2026] [core:error] [pid 2411049:tid 2411049] (13)Permission denied: [client 216.73.216.199:5901] AH00132: file permissions deny server access: /home/healthki/public_html/wp-includes/js/swfupload/1/2/sys/class/wakeup/wakeup10/device/physical_node/subsystem/rescan
[Thu Jul 30 08:33:23.509741 2026] [access_compat:error] [pid 2411373:tid 2411373] [client 20.48.234.177:34904] AH01797: client denied by server configuration: /home/thepryor/public_html/asd67.php
[Thu Jul 30 08:33:23.578914 2026] [core:error] [pid 2411049:tid 2411049] (13)Permission denied: [client 216.73.216.199:5901] AH00132: file permissions deny server access: /home/healthki/public_html/wp-includes/js/swfupload/1/2/proc/self/cwd/sys/module/libcrc32c/uevent
[Thu Jul 30 08:33:24.150100 2026] [ssl:error] [pid 2412506:tid 2412506] (EAI 2)Name or service not known: [client 144.76.19.72:32092] AH01972: could not resolve address of OCSP responder r10.o.lencr.org
[Thu Jul 30 08:33:24.150132 2026] [ssl:error] [pid 2412506:tid 2412506] AH01941: stapling_renew_response: responder error
[Thu Jul 30 08:33:24.180944 2026] [core:error] [pid 2411049:tid 2411049] (13)Permission denied: [client 216.73.216.199:5901] AH00132: file permissions deny server access: /home/healthki/public_html/wp-includes/js/swfupload/1/2/proc/self/root/boot/System.map-4.18.0-553.126.2.lve.el8.x86_64
[Thu Jul 30 08:33:24.248343 2026] [ssl:error] [pid 2412474:tid 2412474] (EAI 2)Name or service not known: [client 144.76.19.72:32100] AH01972: could not resolve address of OCSP responder r10.o.lencr.org
[Thu Jul 30 08:33:24.248380 2026] [ssl:error] [pid 2412474:tid 2412474] AH01941: stapling_renew_response: responder error
[Thu Jul 30 08:33:24.271928 2026] [access_compat:error] [pid 2411373:tid 2411373] [client 20.48.234.177:34904] AH01797: client denied by server configuration: /home/thepryor/public_html/bk.php
[Thu Jul 30 08:33:24.482891 2026] [core:error] [pid 2411049:tid 2411049] (13)Permission denied: [client 216.73.216.199:5901] AH00132: file permissions deny server access: /home/healthki/public_html/wp-includes/js/swfupload/1/2/sys/devices/system/memory/memory134/subsystem/uevent
[Thu Jul 30 08:33:25.039890 2026] [access_compat:error] [pid 2411373:tid 2411373] [client 20.48.234.177:34904] AH01797: client denied by server configuration: /home/thepryor/public_html/wp-links.php
[Thu Jul 30 08:33:25.745682 2026] [access_compat:error] [pid 2411413:tid 2411413] [client 20.104.16.169:59431] AH01797: client denied by server configuration: /home/thepryor/public_html/dev2/60856e3a4findex.php
[Thu Jul 30 08:33:25.746012 2026] [core:error] [pid 2411413:tid 2411413] [client 20.104.16.169:59431] AH00124: Request exceeded the limit of 10 internal redirects due to probable configuration error. Use 'LimitInternalRecursion' to increase the limit if necessary. Use 'LogLevel debug' to get a backtrace.
[Thu Jul 30 08:33:25.787184 2026] [access_compat:error] [pid 2411373:tid 2411373] [client 20.48.234.177:34904] AH01797: client denied by server configuration: /home/thepryor/public_html/mosty.php
[Thu Jul 30 08:33:26.185091 2026] [security2:error] [pid 2411366:tid 2411366] [client 27.7.196.25:3278] ModSecurity: Warning. Operator EQ matched 0 at REQUEST_HEADERS. [file "/etc/apache2/conf.d/modsec_vendor_configs/OWASP3/rules/REQUEST-943-APPLICATION-ATTACK-SESSION-FIXATION.conf"] [line "38"] [id "943120"] [rev "2"] [msg "Possible Session Fixation Attack: SessionID Parameter Name with No Referer"] [data "Matched Data: phpsessid found within REQUEST_HEADERS: 0"] [severity "CRITICAL"] [ver "OWASP_CRS/3.0.0"] [maturity "2"] [accuracy "7"] [tag "application-multi"] [tag "language-multi"] [tag "platform-multi"] [tag "attack-fixation"] [tag "OWASP_CRS/WEB_ATTACK/SESSION_FIXATION"] [tag "WASCTC/WASC-37"] [tag "CAPEC-61"] [hostname "www.bigbangburgerbar.co.uk"] [uri "/Forum/index.php"] [unique_id "amr-RvIRKzY8wXs4IBhKUwAAABM"]
[Thu Jul 30 08:33:26.185134 2026] [security2:error] [pid 2411366:tid 2411366] [client 27.7.196.25:3278] ModSecurity: Access denied with code 403 (phase 2). Operator GE matched 5 at TX:anomaly_score. [file "/etc/apache2/conf.d/modsec_vendor_configs/OWASP3/rules/REQUEST-949-BLOCKING-EVALUATION.conf"] [line "30"] [id "949110"] [msg "Inbound Anomaly Score Exceeded (Total Score: 5)"] [severity "CRITICAL"] [tag "application-multi"] [tag "language-multi"] [tag "platform-multi"] [tag "attack-generic"] [hostname "www.bigbangburgerbar.co.uk"] [uri "/Forum/index.php"] [unique_id "amr-RvIRKzY8wXs4IBhKUwAAABM"]
[Thu Jul 30 08:33:26.185365 2026] [security2:error] [pid 2411366:tid 2411366] [client 27.7.196.25:3278] ModSecurity: Warning. Operator GE matched 5 at TX:inbound_anomaly_score. [file "/etc/apache2/conf.d/modsec_vendor_configs/OWASP3/rules/RESPONSE-980-CORRELATION.conf"] [line "37"] [id "980130"] [msg "Inbound Anomaly Score Exceeded (Total Inbound Score: 5 - SQLI=0,XSS=0,RFI=0,LFI=0,RCE=0,PHPI=0,HTTP=0,SESS=5): Possible Session Fixation Attack: SessionID Parameter Name with No Referer"] [tag "event-correlation"] [hostname "www.bigbangburgerbar.co.uk"] [uri "/403.shtml"] [unique_id "amr-RvIRKzY8wXs4IBhKUwAAABM"]
[Thu Jul 30 08:33:26.545849 2026] [access_compat:error] [pid 2411373:tid 2411373] [client 20.48.234.177:34904] AH01797: client denied by server configuration: /home/thepryor/public_html/sump3.php
[Thu Jul 30 08:33:26.907961 2026] [access_compat:error] [pid 2411413:tid 2411413] [client 106.215.157.145:26681] AH01797: client denied by server configuration: /home/thepryor/public_html/xmlrpc.php
[Thu Jul 30 08:33:27.034062 2026] [authz_core:error] [pid 2412507:tid 2412507] [client 57.141.0.19:42690] AH01630: client denied by server configuration: /home/candidejacobs/public_html/error_log
[Thu Jul 30 08:33:27.034694 2026] [authz_core:error] [pid 2412507:tid 2412507] [client 57.141.0.19:42690] AH01630: client denied by server configuration: /home/candidejacobs/public_html/php.ini
[Thu Jul 30 08:33:27.302583 2026] [ssl:error] [pid 2412502:tid 2412502] (EAI 2)Name or service not known: [client 144.76.19.72:32108] AH01972: could not resolve address of OCSP responder r10.o.lencr.org
[Thu Jul 30 08:33:27.302630 2026] [ssl:error] [pid 2412502:tid 2412502] AH01941: stapling_renew_response: responder error
[Thu Jul 30 08:33:27.357493 2026] [ssl:error] [pid 2412503:tid 2412503] (EAI 2)Name or service not known: [client 144.76.19.72:32118] AH01972: could not resolve address of OCSP responder r10.o.lencr.org
[Thu Jul 30 08:33:27.357533 2026] [ssl:error] [pid 2412503:tid 2412503] AH01941: stapling_renew_response: responder error
[Thu Jul 30 08:33:27.375750 2026] [access_compat:error] [pid 2411373:tid 2411373] [client 20.48.234.177:34904] AH01797: client denied by server configuration: /home/thepryor/public_html/first.php
[Thu Jul 30 08:33:27.643952 2026] [authz_core:error] [pid 2411415:tid 2411415] [client 57.141.0.46:64914] AH01630: client denied by server configuration: /home/candidejacobs/public_html/error_log
[Thu Jul 30 08:33:27.644587 2026] [authz_core:error] [pid 2411415:tid 2411415] [client 57.141.0.46:64914] AH01630: client denied by server configuration: /home/candidejacobs/public_html/php.ini
[Thu Jul 30 08:33:28.282620 2026] [access_compat:error] [pid 2411373:tid 2411373] [client 20.48.234.177:34904] AH01797: client denied by server configuration: /home/thepryor/public_html/acp.php
[Thu Jul 30 08:33:28.981622 2026] [access_compat:error] [pid 2411000:tid 2411000] [client 20.104.16.169:60749] AH01797: client denied by server configuration: /home/thepryor/public_html/dev2/wp-the.php
[Thu Jul 30 08:33:28.981957 2026] [core:error] [pid 2411000:tid 2411000] [client 20.104.16.169:60749] AH00124: Request exceeded the limit of 10 internal redirects due to probable configuration error. Use 'LimitInternalRecursion' to increase the limit if necessary. Use 'LogLevel debug' to get a backtrace.
[Thu Jul 30 08:33:29.028573 2026] [access_compat:error] [pid 2411373:tid 2411373] [client 20.48.234.177:34904] AH01797: client denied by server configuration: /home/thepryor/public_html/wp-good.php
[Thu Jul 30 08:33:29.090748 2026] [security2:error] [pid 2411315:tid 2411315] [client 43.166.136.153:40748] ModSecurity: Warning. Pattern match "\\\\b(keep-alive|close),\\\\s?(keep-alive|close)\\\\b" at REQUEST_HEADERS:Connection. [file "/etc/apache2/conf.d/modsec_vendor_configs/OWASP3/rules/REQUEST-920-PROTOCOL-ENFORCEMENT.conf"] [line "198"] [id "920210"] [rev "2"] [msg "Multiple/Conflicting Connection Header Data Found."] [data "keep-alive, close"] [severity "WARNING"] [ver "OWASP_CRS/3.0.0"] [maturity "6"] [accuracy "8"] [tag "application-multi"] [tag "language-multi"] [tag "platform-multi"] [tag "attack-protocol"] [tag "OWASP_CRS/PROTOCOL_VIOLATION/INVALID_HREQ"] [hostname "kinesiologylondon.co.uk"] [uri "/ec7152/"] [unique_id "amr-SaSaEhqkahqjoikW1AAAABA"]
[Thu Jul 30 08:33:29.785141 2026] [access_compat:error] [pid 2411373:tid 2411373] [client 20.48.234.177:34904] AH01797: client denied by server configuration: /home/thepryor/public_html/daerl3.php
[Thu Jul 30 08:33:29.901190 2026] [ssl:error] [pid 2411614:tid 2411614] (70014)End of file found: [client 216.73.216.199:35755] AH02013: coalesce failed to read from data bucket
[Thu Jul 30 08:33:30.145973 2026] [lsapi:warn] [pid 2411409:tid 2411409] [client 195.26.253.119:0] [host www.revoracing.org.uk] Backend log: PHP Deprecated: Automatically populating $HTTP_RAW_POST_DATA is deprecated and will be removed in a future version. To avoid this warning set 'always_populate_raw_post_data' to '-1' in php.ini and use the php://input stream instead. in Unknown on line 0\n
[Thu Jul 30 08:33:30.416633 2026] [ssl:error] [pid 2411293:tid 2411293] (EAI 2)Name or service not known: [client 144.76.19.72:20740] AH01972: could not resolve address of OCSP responder r10.o.lencr.org
[Thu Jul 30 08:33:30.416669 2026] [ssl:error] [pid 2411293:tid 2411293] AH01941: stapling_renew_response: responder error
[Thu Jul 30 08:33:30.472736 2026] [ssl:error] [pid 2412509:tid 2412509] (EAI 2)Name or service not known: [client 144.76.19.72:20754] AH01972: could not resolve address of OCSP responder r10.o.lencr.org
[Thu Jul 30 08:33:30.472769 2026] [ssl:error] [pid 2412509:tid 2412509] AH01941: stapling_renew_response: responder error
[Thu Jul 30 08:33:30.530727 2026] [access_compat:error] [pid 2411373:tid 2411373] [client 20.48.234.177:34904] AH01797: client denied by server configuration: /home/thepryor/public_html/php5.php
[Thu Jul 30 08:33:31.105209 2026] [core:error] [pid 2411314:tid 2411314] (13)Permission denied: [client 216.73.216.199:63973] AH00132: file permissions deny server access: /home/healthki/public_html/wp-includes/js/swfupload/1/2/sys/devices/system/memory/memory158/subsystem/uevent
[Thu Jul 30 08:33:31.272673 2026] [access_compat:error] [pid 2411373:tid 2411373] [client 20.48.234.177:34904] AH01797: client denied by server configuration: /home/thepryor/public_html/xoot.php
[Thu Jul 30 08:33:31.841435 2026] [lsapi:warn] [pid 2411420:tid 2411420] [client 217.165.124.222:0] [host revoracing.org.uk] Backend log: PHP Deprecated: Automatically populating $HTTP_RAW_POST_DATA is deprecated and will be removed in a future version. To avoid this warning set 'always_populate_raw_post_data' to '-1' in php.ini and use the php://input stream instead. in Unknown on line 0\n
[Thu Jul 30 08:33:32.038486 2026] [access_compat:error] [pid 2411373:tid 2411373] [client 20.48.234.177:34904] AH01797: client denied by server configuration: /home/thepryor/public_html/clxcc.php
[Thu Jul 30 08:33:32.494945 2026] [security2:error] [pid 2411415:tid 2411415] [client 114.119.134.146:50359] ModSecurity: Access denied with code 403 (phase 1). Matched phrase "PetalBot" at REQUEST_HEADERS:User-Agent. [file "/etc/apache2/conf.d/modsec/modsec2.user.conf"] [line "2"] [id "1000001"] [msg "Bad Bot Blocked"] [hostname "www.shelterprojects.org"] [uri "/shelterprojects2010/A27-Romania-2010.pdf"] [unique_id "amr-TD-G1VCKQzXMG6UaxgAAACg"]
[Thu Jul 30 08:33:32.617617 2026] [authz_core:error] [pid 2411264:tid 2411264] [client 57.141.0.59:61642] AH01630: client denied by server configuration: /home/candidejacobs/public_html/error_log
[Thu Jul 30 08:33:32.618303 2026] [authz_core:error] [pid 2411264:tid 2411264] [client 57.141.0.59:61642] AH01630: client denied by server configuration: /home/candidejacobs/public_html/php.ini
[Thu Jul 30 08:33:32.800266 2026] [access_compat:error] [pid 2411373:tid 2411373] [client 20.48.234.177:34904] AH01797: client denied by server configuration: /home/thepryor/public_html/ai.php
[Thu Jul 30 08:33:33.134442 2026] [access_compat:error] [pid 2411420:tid 2411420] [client 20.104.16.169:59452] AH01797: client denied by server configuration: /home/thepryor/public_html/dev2/wp.php
[Thu Jul 30 08:33:33.134818 2026] [core:error] [pid 2411420:tid 2411420] [client 20.104.16.169:59452] AH00124: Request exceeded the limit of 10 internal redirects due to probable configuration error. Use 'LimitInternalRecursion' to increase the limit if necessary. Use 'LogLevel debug' to get a backtrace.
[Thu Jul 30 08:33:33.271011 2026] [authz_core:error] [pid 2411264:tid 2411264] [client 57.141.0.11:65016] AH01630: client denied by server configuration: /home/candidejacobs/public_html/error_log
[Thu Jul 30 08:33:33.271650 2026] [authz_core:error] [pid 2411264:tid 2411264] [client 57.141.0.11:65016] AH01630: client denied by server configuration: /home/candidejacobs/public_html/php.ini
[Thu Jul 30 08:33:33.463087 2026] [access_compat:error] [pid 2411366:tid 2411366] [client 106.215.157.145:19278] AH01797: client denied by server configuration: /home/thepryor/public_html/xmlrpc.php
[Thu Jul 30 08:33:33.563102 2026] [ssl:error] [pid 2411149:tid 2411149] (EAI 2)Name or service not known: [client 144.76.19.72:20772] AH01972: could not resolve address of OCSP responder r10.o.lencr.org
[Thu Jul 30 08:33:33.563138 2026] [ssl:error] [pid 2411149:tid 2411149] AH01941: stapling_renew_response: responder error
[Thu Jul 30 08:33:33.582664 2026] [access_compat:error] [pid 2411373:tid 2411373] [client 20.48.234.177:34904] AH01797: client denied by server configuration: /home/thepryor/public_html/nwflm.php
[Thu Jul 30 08:33:33.616884 2026] [ssl:error] [pid 2412507:tid 2412507] (EAI 2)Name or service not known: [client 144.76.19.72:20782] AH01972: could not resolve address of OCSP responder r10.o.lencr.org
[Thu Jul 30 08:33:33.616921 2026] [ssl:error] [pid 2412507:tid 2412507] AH01941: stapling_renew_response: responder error
[Thu Jul 30 08:33:34.439276 2026] [core:error] [pid 2412505:tid 2412505] [client 20.104.16.169:21764] AH00124: Request exceeded the limit of 10 internal redirects due to probable configuration error. Use 'LimitInternalRecursion' to increase the limit if necessary. Use 'LogLevel debug' to get a backtrace.
[Thu Jul 30 08:33:34.439302 2026] [core:error] [pid 2412505:tid 2412505] [client 20.104.16.169:21764] AH00124: Request exceeded the limit of 10 internal redirects due to probable configuration error. Use 'LimitInternalRecursion' to increase the limit if necessary. Use 'LogLevel debug' to get a backtrace.
[Thu Jul 30 08:33:34.571968 2026] [authz_core:error] [pid 2411415:tid 2411415] [client 57.141.0.38:25886] AH01630: client denied by server configuration: /home/candidejacobs/public_html/error_log
[Thu Jul 30 08:33:34.572607 2026] [authz_core:error] [pid 2411415:tid 2411415] [client 57.141.0.38:25886] AH01630: client denied by server configuration: /home/candidejacobs/public_html/php.ini
[Thu Jul 30 08:33:34.773813 2026] [access_compat:error] [pid 2411373:tid 2411373] [client 20.48.234.177:34904] AH01797: client denied by server configuration: /home/thepryor/public_html/hypo.php
[Thu Jul 30 08:33:35.334876 2026] [ssl:error] [pid 2411314:tid 2411314] (70014)End of file found: [client 216.73.216.199:63973] AH02013: coalesce failed to read from data bucket
[Thu Jul 30 08:33:35.553034 2026] [access_compat:error] [pid 2411373:tid 2411373] [client 20.48.234.177:34904] AH01797: client denied by server configuration: /home/thepryor/public_html/w3llscc.php
[Thu Jul 30 08:33:35.790678 2026] [access_compat:error] [pid 2412505:tid 2412505] [client 20.104.16.169:48313] AH01797: client denied by server configuration: /home/thepryor/public_html/dev2/tinysd.php
