[Thu Jul 30 08:35:16.086285 2026] [authz_core:error] [pid 2411409:tid 2411409] [client 57.141.0.22:51636] AH01630: client denied by server configuration: /home/candidejacobs/public_html/error_log
[Thu Jul 30 08:35:16.086911 2026] [authz_core:error] [pid 2411409:tid 2411409] [client 57.141.0.22:51636] AH01630: client denied by server configuration: /home/candidejacobs/public_html/php.ini
[Thu Jul 30 08:35:17.104991 2026] [authz_core:error] [pid 2414917:tid 2414917] [client 57.141.0.41:45684] AH01630: client denied by server configuration: /home/candidejacobs/public_html/error_log
[Thu Jul 30 08:35:17.105639 2026] [authz_core:error] [pid 2414917:tid 2414917] [client 57.141.0.41:45684] AH01630: client denied by server configuration: /home/candidejacobs/public_html/php.ini
[Thu Jul 30 08:35:17.212190 2026] [ssl:error] [pid 2415836:tid 2415836] (70014)End of file found: [client 216.73.216.199:38515] AH02013: coalesce failed to read from data bucket
[Thu Jul 30 08:35:17.900392 2026] [lsapi:warn] [pid 2418021:tid 2418021] [client 217.165.124.222:0] [host revoracing.org.uk] Backend log: PHP Deprecated: Automatically populating $HTTP_RAW_POST_DATA is deprecated and will be removed in a future version. To avoid this warning set 'always_populate_raw_post_data' to '-1' in php.ini and use the php://input stream instead. in Unknown on line 0\n
[Thu Jul 30 08:35:18.109057 2026] [ssl:error] [pid 2414917:tid 2414917] (70014)End of file found: [client 216.73.216.199:51667] AH02013: coalesce failed to read from data bucket
[Thu Jul 30 08:35:18.603887 2026] [authz_core:error] [pid 2411409:tid 2411409] [client 57.141.0.20:35172] AH01630: client denied by server configuration: /home/candidejacobs/public_html/error_log
[Thu Jul 30 08:35:18.605118 2026] [authz_core:error] [pid 2411409:tid 2411409] [client 57.141.0.20:35172] AH01630: client denied by server configuration: /home/candidejacobs/public_html/php.ini
[Thu Jul 30 08:35:18.628687 2026] [authz_core:error] [pid 2418021:tid 2418021] [client 169.58.39.192:57432] AH01630: client denied by server configuration: /home/shelterf/public_html/wp-admin/includes/error_log, referer: binance.com
[Thu Jul 30 08:35:18.942796 2026] [security2:error] [pid 2412507:tid 2412507] [client 49.51.233.46:55306] ModSecurity: Warning. Pattern match "\\\\b(keep-alive|close),\\\\s?(keep-alive|close)\\\\b" at REQUEST_HEADERS:Connection. [file "/etc/apache2/conf.d/modsec_vendor_configs/OWASP3/rules/REQUEST-920-PROTOCOL-ENFORCEMENT.conf"] [line "198"] [id "920210"] [rev "2"] [msg "Multiple/Conflicting Connection Header Data Found."] [data "keep-alive, close"] [severity "WARNING"] [ver "OWASP_CRS/3.0.0"] [maturity "6"] [accuracy "8"] [tag "application-multi"] [tag "language-multi"] [tag "platform-multi"] [tag "attack-protocol"] [tag "OWASP_CRS/PROTOCOL_VIOLATION/INVALID_HREQ"] [hostname "sudokulogicapp.com"] [uri "/"] [unique_id "amr-trqaA9Ba2AB974QV7gAAADU"]
[Thu Jul 30 08:35:19.122790 2026] [ssl:error] [pid 2411420:tid 2411420] (EAI 2)Name or service not known: [client 144.76.19.72:62940] AH01972: could not resolve address of OCSP responder r10.o.lencr.org
[Thu Jul 30 08:35:19.122814 2026] [ssl:error] [pid 2411420:tid 2411420] AH01941: stapling_renew_response: responder error
[Thu Jul 30 08:35:19.174696 2026] [ssl:error] [pid 2411420:tid 2411420] (EAI 2)Name or service not known: [client 144.76.19.72:62954] AH01972: could not resolve address of OCSP responder r10.o.lencr.org
[Thu Jul 30 08:35:19.174731 2026] [ssl:error] [pid 2411420:tid 2411420] AH01941: stapling_renew_response: responder error
[Thu Jul 30 08:35:20.111426 2026] [authz_core:error] [pid 2418021:tid 2418021] [client 57.141.0.60:54512] AH01630: client denied by server configuration: /home/candidejacobs/public_html/error_log
[Thu Jul 30 08:35:20.112047 2026] [authz_core:error] [pid 2418021:tid 2418021] [client 57.141.0.60:54512] AH01630: client denied by server configuration: /home/candidejacobs/public_html/php.ini
[Thu Jul 30 08:35:20.286844 2026] [core:error] [pid 2411420:tid 2411420] [client 66.249.66.8:65268] AH00124: Request exceeded the limit of 10 internal redirects due to probable configuration error. Use 'LimitInternalRecursion' to increase the limit if necessary. Use 'LogLevel debug' to get a backtrace.
[Thu Jul 30 08:35:20.286868 2026] [core:error] [pid 2411420:tid 2411420] [client 66.249.66.8:65268] AH00124: Request exceeded the limit of 10 internal redirects due to probable configuration error. Use 'LimitInternalRecursion' to increase the limit if necessary. Use 'LogLevel debug' to get a backtrace.
[Thu Jul 30 08:35:20.839802 2026] [ssl:error] [pid 2417171:tid 2417171] (70014)End of file found: [client 216.73.216.199:1352] AH02013: coalesce failed to read from data bucket
[Thu Jul 30 08:35:22.229273 2026] [ssl:error] [pid 2418302:tid 2418302] (EAI 2)Name or service not known: [client 144.76.19.72:19352] AH01972: could not resolve address of OCSP responder r10.o.lencr.org
[Thu Jul 30 08:35:22.229303 2026] [ssl:error] [pid 2418302:tid 2418302] AH01941: stapling_renew_response: responder error
[Thu Jul 30 08:35:22.280949 2026] [ssl:error] [pid 2412472:tid 2412472] (EAI 2)Name or service not known: [client 144.76.19.72:19356] AH01972: could not resolve address of OCSP responder r10.o.lencr.org
[Thu Jul 30 08:35:22.280973 2026] [ssl:error] [pid 2412472:tid 2412472] AH01941: stapling_renew_response: responder error
[Thu Jul 30 08:35:22.452032 2026] [access_compat:error] [pid 2417514:tid 2417514] [client 106.215.157.145:5192] AH01797: client denied by server configuration: /home/thepryor/public_html/xmlrpc.php
[Thu Jul 30 08:35:22.632306 2026] [security2:error] [pid 2415331:tid 2415331] [client 216.73.216.199:43654] ModSecurity: Warning. String match within ".asa/ .asax/ .ascx/ .axd/ .backup/ .bak/ .bat/ .cdx/ .cer/ .cfg/ .cmd/ .com/ .config/ .conf/ .cs/ .csproj/ .csr/ .dat/ .db/ .dbf/ .dll/ .dos/ .htr/ .htw/ .ida/ .idc/ .idq/ .inc/ .ini/ .key/ .licx/ .lnk/ .log/ .mdb/ .old/ .pass/ .pdb/ .pol/ .printer/ .pwd/ .resources/ .resx/ .sql/ .sys/ .vb/ .vbs/ .vbproj/ .vsdisco/ .webinfo/ .xsd/ .xsx/" at TX:extension. [file "/etc/apache2/conf.d/modsec_vendor_configs/OWASP3/rules/REQUEST-920-PROTOCOL-ENFORCEMENT.conf"] [line "452"] [id "920440"] [rev "2"] [msg "URL file extension is restricted by policy"] [data ".key"] [severity "CRITICAL"] [ver "OWASP_CRS/3.0.0"] [maturity "9"] [accuracy "9"] [tag "application-multi"] [tag "language-multi"] [tag "platform-multi"] [tag "attack-protocol"] [tag "OWASP_CRS/POLICY/EXT_RESTRICTED"] [tag "WASCTC/WASC-15"] [tag "OWASP_TOP_10/A7"] [tag "PCI/6.5.10"] [hostname "kinesiologylondon.co.uk"] [uri "/wp-includes/js/swfupload/1/2/proc/self/root/etc/unbound/root.key"] [unique_id "amr-uube3ErtEKRPEivmrQAAAAQ"]
[Thu Jul 30 08:35:22.632592 2026] [security2:error] [pid 2415331:tid 2415331] [client 216.73.216.199:43654] ModSecurity: Access denied with code 403 (phase 2). Operator GE matched 5 at TX:anomaly_score. [file "/etc/apache2/conf.d/modsec_vendor_configs/OWASP3/rules/REQUEST-949-BLOCKING-EVALUATION.conf"] [line "30"] [id "949110"] [msg "Inbound Anomaly Score Exceeded (Total Score: 5)"] [severity "CRITICAL"] [tag "application-multi"] [tag "language-multi"] [tag "platform-multi"] [tag "attack-generic"] [hostname "kinesiologylondon.co.uk"] [uri "/wp-includes/js/swfupload/1/2/proc/self/root/etc/unbound/root.key"] [unique_id "amr-uube3ErtEKRPEivmrQAAAAQ"]
[Thu Jul 30 08:35:22.632809 2026] [security2:error] [pid 2415331:tid 2415331] [client 216.73.216.199:43654] ModSecurity: Warning. Operator GE matched 5 at TX:inbound_anomaly_score. [file "/etc/apache2/conf.d/modsec_vendor_configs/OWASP3/rules/RESPONSE-980-CORRELATION.conf"] [line "37"] [id "980130"] [msg "Inbound Anomaly Score Exceeded (Total Inbound Score: 5 - SQLI=0,XSS=0,RFI=0,LFI=0,RCE=0,PHPI=0,HTTP=0,SESS=0): URL file extension is restricted by policy"] [tag "event-correlation"] [hostname "kinesiologylondon.co.uk"] [uri "/wp-includes/js/swfupload/1/2/proc/self/root/etc/unbound/root.key"] [unique_id "amr-uube3ErtEKRPEivmrQAAAAQ"]
[Thu Jul 30 08:35:22.745209 2026] [ssl:error] [pid 2415331:tid 2415331] (70014)End of file found: [client 216.73.216.199:43654] AH02013: coalesce failed to read from data bucket
[Thu Jul 30 08:35:23.283958 2026] [authz_core:error] [pid 2419172:tid 2419172] [client 169.58.39.192:58972] AH01630: client denied by server configuration: /home/shelterf/public_html/wp-admin/includes/error_log, referer: binance.com
[Thu Jul 30 08:35:24.330016 2026] [authz_core:error] [pid 2415778:tid 2415778] [client 57.141.0.65:28614] AH01630: client denied by server configuration: /home/candidejacobs/public_html/error_log
[Thu Jul 30 08:35:24.330646 2026] [authz_core:error] [pid 2415778:tid 2415778] [client 57.141.0.65:28614] AH01630: client denied by server configuration: /home/candidejacobs/public_html/php.ini
[Thu Jul 30 08:35:25.178616 2026] [core:error] [pid 2411315:tid 2411315] (13)Permission denied: [client 216.73.216.199:44347] AH00132: file permissions deny server access: /home/healthki/public_html/wp-includes/js/swfupload/1/2/sys/class/tty/tty41/subsystem/ttyS2/closing_wait
[Thu Jul 30 08:35:25.261411 2026] [authz_core:error] [pid 2417870:tid 2417870] [client 57.141.0.35:59784] AH01630: client denied by server configuration: /home/candidejacobs/public_html/error_log
[Thu Jul 30 08:35:25.262036 2026] [authz_core:error] [pid 2417870:tid 2417870] [client 57.141.0.35:59784] AH01630: client denied by server configuration: /home/candidejacobs/public_html/php.ini
[Thu Jul 30 08:35:25.336144 2026] [ssl:error] [pid 2412509:tid 2412509] (EAI 2)Name or service not known: [client 144.76.19.72:19372] AH01972: could not resolve address of OCSP responder r10.o.lencr.org
[Thu Jul 30 08:35:25.336188 2026] [ssl:error] [pid 2412509:tid 2412509] AH01941: stapling_renew_response: responder error
[Thu Jul 30 08:35:25.388022 2026] [ssl:error] [pid 2411373:tid 2411373] (EAI 2)Name or service not known: [client 144.76.19.72:19376] AH01972: could not resolve address of OCSP responder r10.o.lencr.org
[Thu Jul 30 08:35:25.388058 2026] [ssl:error] [pid 2411373:tid 2411373] AH01941: stapling_renew_response: responder error
[Thu Jul 30 08:35:25.479727 2026] [ssl:error] [pid 2411315:tid 2411315] (70014)End of file found: [client 216.73.216.199:44347] AH02013: coalesce failed to read from data bucket
[Thu Jul 30 08:35:26.680661 2026] [ssl:error] [pid 2411417:tid 2411417] (70014)End of file found: [client 216.73.216.199:52877] AH02013: coalesce failed to read from data bucket
[Thu Jul 30 08:35:27.623344 2026] [security2:error] [pid 2411314:tid 2411314] [client 85.208.96.210:37140] ModSecurity: Access denied with code 403 (phase 1). Matched phrase "SemrushBot" at REQUEST_HEADERS:User-Agent. [file "/etc/apache2/conf.d/modsec/modsec2.user.conf"] [line "2"] [id "1000001"] [msg "Bad Bot Blocked"] [hostname "www.mcgarvey.co.uk"] [uri "/robots.txt"] [unique_id "amr-v27CcAQ8GcgVcTbiJwAAAA8"]
[Thu Jul 30 08:35:27.790244 2026] [security2:error] [pid 2415778:tid 2415778] [client 165.16.188.47:5641] ModSecurity: Warning. Operator EQ matched 0 at REQUEST_HEADERS. [file "/etc/apache2/conf.d/modsec_vendor_configs/OWASP3/rules/REQUEST-943-APPLICATION-ATTACK-SESSION-FIXATION.conf"] [line "38"] [id "943120"] [rev "2"] [msg "Possible Session Fixation Attack: SessionID Parameter Name with No Referer"] [data "Matched Data: phpsessid found within REQUEST_HEADERS: 0"] [severity "CRITICAL"] [ver "OWASP_CRS/3.0.0"] [maturity "2"] [accuracy "7"] [tag "application-multi"] [tag "language-multi"] [tag "platform-multi"] [tag "attack-fixation"] [tag "OWASP_CRS/WEB_ATTACK/SESSION_FIXATION"] [tag "WASCTC/WASC-37"] [tag "CAPEC-61"] [hostname "www.bigbangburgerbar.co.uk"] [uri "/Forum/index.php"] [unique_id "amr-vxQlIytBsvBD-_AlmgAAADY"]
[Thu Jul 30 08:35:27.790286 2026] [security2:error] [pid 2415778:tid 2415778] [client 165.16.188.47:5641] ModSecurity: Access denied with code 403 (phase 2). Operator GE matched 5 at TX:anomaly_score. [file "/etc/apache2/conf.d/modsec_vendor_configs/OWASP3/rules/REQUEST-949-BLOCKING-EVALUATION.conf"] [line "30"] [id "949110"] [msg "Inbound Anomaly Score Exceeded (Total Score: 5)"] [severity "CRITICAL"] [tag "application-multi"] [tag "language-multi"] [tag "platform-multi"] [tag "attack-generic"] [hostname "www.bigbangburgerbar.co.uk"] [uri "/Forum/index.php"] [unique_id "amr-vxQlIytBsvBD-_AlmgAAADY"]
[Thu Jul 30 08:35:27.790503 2026] [security2:error] [pid 2415778:tid 2415778] [client 165.16.188.47:5641] ModSecurity: Warning. Operator GE matched 5 at TX:inbound_anomaly_score. [file "/etc/apache2/conf.d/modsec_vendor_configs/OWASP3/rules/RESPONSE-980-CORRELATION.conf"] [line "37"] [id "980130"] [msg "Inbound Anomaly Score Exceeded (Total Inbound Score: 5 - SQLI=0,XSS=0,RFI=0,LFI=0,RCE=0,PHPI=0,HTTP=0,SESS=5): Possible Session Fixation Attack: SessionID Parameter Name with No Referer"] [tag "event-correlation"] [hostname "www.bigbangburgerbar.co.uk"] [uri "/403.shtml"] [unique_id "amr-vxQlIytBsvBD-_AlmgAAADY"]
[Thu Jul 30 08:35:28.076801 2026] [core:error] [pid 2411373:tid 2411373] (13)Permission denied: [client 216.73.216.199:22250] AH00132: file permissions deny server access: /home/healthki/public_html/wp-includes/js/swfupload/1/2/sys/bus/hid/drivers/ntrig/bind
[Thu Jul 30 08:35:28.191846 2026] [ssl:error] [pid 2411373:tid 2411373] (70014)End of file found: [client 216.73.216.199:22250] AH02013: coalesce failed to read from data bucket
[Thu Jul 30 08:35:28.440101 2026] [ssl:error] [pid 2415331:tid 2415331] (EAI 2)Name or service not known: [client 144.76.19.72:19380] AH01972: could not resolve address of OCSP responder r10.o.lencr.org
[Thu Jul 30 08:35:28.440128 2026] [ssl:error] [pid 2415331:tid 2415331] AH01941: stapling_renew_response: responder error
[Thu Jul 30 08:35:28.493485 2026] [ssl:error] [pid 2415778:tid 2415778] (EAI 2)Name or service not known: [client 144.76.19.72:19388] AH01972: could not resolve address of OCSP responder r10.o.lencr.org
[Thu Jul 30 08:35:28.493512 2026] [ssl:error] [pid 2415778:tid 2415778] AH01941: stapling_renew_response: responder error
[Thu Jul 30 08:35:28.495132 2026] [lsapi:warn] [pid 2414864:tid 2414864] [client 217.165.124.222:0] [host revoracing.org.uk] Backend log: PHP Deprecated: Automatically populating $HTTP_RAW_POST_DATA is deprecated and will be removed in a future version. To avoid this warning set 'always_populate_raw_post_data' to '-1' in php.ini and use the php://input stream instead. in Unknown on line 0\n
[Thu Jul 30 08:35:28.763632 2026] [access_compat:error] [pid 2417870:tid 2417870] [client 106.215.157.145:20995] AH01797: client denied by server configuration: /home/thepryor/public_html/xmlrpc.php
[Thu Jul 30 08:35:30.044767 2026] [authz_core:error] [pid 2415778:tid 2415778] [client 57.141.0.3:23388] AH01630: client denied by server configuration: /home/candidejacobs/public_html/error_log
[Thu Jul 30 08:35:30.045401 2026] [authz_core:error] [pid 2415778:tid 2415778] [client 57.141.0.3:23388] AH01630: client denied by server configuration: /home/candidejacobs/public_html/php.ini
[Thu Jul 30 08:35:30.783118 2026] [core:error] [pid 2415660:tid 2415660] (13)Permission denied: [client 216.73.216.199:22219] AH00132: file permissions deny server access: /home/healthki/public_html/wp-includes/js/swfupload/1/2/sys/class/tty/tty60/subsystem/ttyS0/flags
[Thu Jul 30 08:35:31.219117 2026] [authz_core:error] [pid 2411106:tid 2411106] [client 57.141.0.23:49160] AH01630: client denied by server configuration: /home/candidejacobs/public_html/error_log
[Thu Jul 30 08:35:31.219728 2026] [authz_core:error] [pid 2411106:tid 2411106] [client 57.141.0.23:49160] AH01630: client denied by server configuration: /home/candidejacobs/public_html/php.ini
[Thu Jul 30 08:35:31.548709 2026] [ssl:error] [pid 2415839:tid 2415839] (EAI 2)Name or service not known: [client 144.76.19.72:52042] AH01972: could not resolve address of OCSP responder r10.o.lencr.org
[Thu Jul 30 08:35:31.548755 2026] [ssl:error] [pid 2415839:tid 2415839] AH01941: stapling_renew_response: responder error
[Thu Jul 30 08:35:31.605803 2026] [ssl:error] [pid 2419172:tid 2419172] (EAI 2)Name or service not known: [client 144.76.19.72:52052] AH01972: could not resolve address of OCSP responder r10.o.lencr.org
[Thu Jul 30 08:35:31.605836 2026] [ssl:error] [pid 2419172:tid 2419172] AH01941: stapling_renew_response: responder error
[Thu Jul 30 08:35:31.799532 2026] [ssl:error] [pid 2415660:tid 2415660] (70014)End of file found: [client 216.73.216.199:22219] AH02013: coalesce failed to read from data bucket
[Thu Jul 30 08:35:31.848825 2026] [authz_core:error] [pid 2411316:tid 2411316] [client 57.141.0.26:36292] AH01630: client denied by server configuration: /home/candidejacobs/public_html/error_log
[Thu Jul 30 08:35:31.849461 2026] [authz_core:error] [pid 2411316:tid 2411316] [client 57.141.0.26:36292] AH01630: client denied by server configuration: /home/candidejacobs/public_html/php.ini
[Thu Jul 30 08:35:32.409147 2026] [ssl:error] [pid 2410999:tid 2410999] (70014)End of file found: [client 216.73.216.199:20703] AH02013: coalesce failed to read from data bucket
[Thu Jul 30 08:35:32.981934 2026] [access_compat:error] [pid 2411415:tid 2411415] [client 106.215.157.145:26589] AH01797: client denied by server configuration: /home/thepryor/public_html/xmlrpc.php
[Thu Jul 30 08:35:34.664470 2026] [ssl:error] [pid 2418302:tid 2418302] (EAI 2)Name or service not known: [client 144.76.19.72:52054] AH01972: could not resolve address of OCSP responder r10.o.lencr.org
[Thu Jul 30 08:35:34.664501 2026] [ssl:error] [pid 2418302:tid 2418302] AH01941: stapling_renew_response: responder error
[Thu Jul 30 08:35:34.717450 2026] [ssl:error] [pid 2417358:tid 2417358] (EAI 2)Name or service not known: [client 144.76.19.72:52056] AH01972: could not resolve address of OCSP responder r10.o.lencr.org
[Thu Jul 30 08:35:34.717478 2026] [ssl:error] [pid 2417358:tid 2417358] AH01941: stapling_renew_response: responder error
[Thu Jul 30 08:35:35.458521 2026] [ssl:error] [pid 2414864:tid 2414864] (70014)End of file found: [client 216.73.216.199:59793] AH02013: coalesce failed to read from data bucket
[Thu Jul 30 08:35:36.301018 2026] [authz_core:error] [pid 2418302:tid 2418302] [client 57.141.0.52:64598] AH01630: client denied by server configuration: /home/candidejacobs/public_html/error_log
[Thu Jul 30 08:35:36.301659 2026] [authz_core:error] [pid 2418302:tid 2418302] [client 57.141.0.52:64598] AH01630: client denied by server configuration: /home/candidejacobs/public_html/php.ini
[Thu Jul 30 08:35:36.846416 2026] [authz_core:error] [pid 2419081:tid 2419081] [client 57.141.0.2:33580] AH01630: client denied by server configuration: /home/candidejacobs/public_html/error_log
[Thu Jul 30 08:35:36.847034 2026] [authz_core:error] [pid 2419081:tid 2419081] [client 57.141.0.2:33580] AH01630: client denied by server configuration: /home/candidejacobs/public_html/php.ini
[Thu Jul 30 08:35:37.617116 2026] [ssl:error] [pid 2412507:tid 2412507] (70014)End of file found: [client 216.73.216.199:15889] AH02013: coalesce failed to read from data bucket
[Thu Jul 30 08:35:37.786519 2026] [security2:error] [pid 2412472:tid 2412472] [client 39.34.129.174:52001] ModSecurity: Warning. Operator EQ matched 0 at REQUEST_HEADERS. [file "/etc/apache2/conf.d/modsec_vendor_configs/OWASP3/rules/REQUEST-943-APPLICATION-ATTACK-SESSION-FIXATION.conf"] [line "38"] [id "943120"] [rev "2"] [msg "Possible Session Fixation Attack: SessionID Parameter Name with No Referer"] [data "Matched Data: phpsessid found within REQUEST_HEADERS: 0"] [severity "CRITICAL"] [ver "OWASP_CRS/3.0.0"] [maturity "2"] [accuracy "7"] [tag "application-multi"] [tag "language-multi"] [tag "platform-multi"] [tag "attack-fixation"] [tag "OWASP_CRS/WEB_ATTACK/SESSION_FIXATION"] [tag "WASCTC/WASC-37"] [tag "CAPEC-61"] [hostname "www.bigbangburgerbar.co.uk"] [uri "/Forum/index.php"] [unique_id "amr-yS8z5UsblH75uX6kOQAAABc"]
[Thu Jul 30 08:35:37.786580 2026] [security2:error] [pid 2412472:tid 2412472] [client 39.34.129.174:52001] ModSecurity: Access denied with code 403 (phase 2). Operator GE matched 5 at TX:anomaly_score. [file "/etc/apache2/conf.d/modsec_vendor_configs/OWASP3/rules/REQUEST-949-BLOCKING-EVALUATION.conf"] [line "30"] [id "949110"] [msg "Inbound Anomaly Score Exceeded (Total Score: 5)"] [severity "CRITICAL"] [tag "application-multi"] [tag "language-multi"] [tag "platform-multi"] [tag "attack-generic"] [hostname "www.bigbangburgerbar.co.uk"] [uri "/Forum/index.php"] [unique_id "amr-yS8z5UsblH75uX6kOQAAABc"]
[Thu Jul 30 08:35:37.786844 2026] [security2:error] [pid 2412472:tid 2412472] [client 39.34.129.174:52001] ModSecurity: Warning. Operator GE matched 5 at TX:inbound_anomaly_score. [file "/etc/apache2/conf.d/modsec_vendor_configs/OWASP3/rules/RESPONSE-980-CORRELATION.conf"] [line "37"] [id "980130"] [msg "Inbound Anomaly Score Exceeded (Total Inbound Score: 5 - SQLI=0,XSS=0,RFI=0,LFI=0,RCE=0,PHPI=0,HTTP=0,SESS=5): Possible Session Fixation Attack: SessionID Parameter Name with No Referer"] [tag "event-correlation"] [hostname "www.bigbangburgerbar.co.uk"] [uri "/403.shtml"] [unique_id "amr-yS8z5UsblH75uX6kOQAAABc"]
[Thu Jul 30 08:35:37.863231 2026] [ssl:error] [pid 2410999:tid 2410999] (EAI 2)Name or service not known: [client 144.76.19.72:52066] AH01972: could not resolve address of OCSP responder r10.o.lencr.org
[Thu Jul 30 08:35:37.863288 2026] [ssl:error] [pid 2410999:tid 2410999] AH01941: stapling_renew_response: responder error
[Thu Jul 30 08:35:37.920693 2026] [ssl:error] [pid 2415839:tid 2415839] (EAI 2)Name or service not known: [client 144.76.19.72:52082] AH01972: could not resolve address of OCSP responder r10.o.lencr.org
[Thu Jul 30 08:35:37.920733 2026] [ssl:error] [pid 2415839:tid 2415839] AH01941: stapling_renew_response: responder error
[Thu Jul 30 08:35:39.172671 2026] [lsapi:warn] [pid 2415839:tid 2415839] [client 217.165.124.222:0] [host revoracing.org.uk] Backend log: PHP Deprecated: Automatically populating $HTTP_RAW_POST_DATA is deprecated and will be removed in a future version. To avoid this warning set 'always_populate_raw_post_data' to '-1' in php.ini and use the php://input stream instead. in Unknown on line 0\n
[Thu Jul 30 08:35:39.315638 2026] [access_compat:error] [pid 2411315:tid 2411315] [client 106.215.157.145:26987] AH01797: client denied by server configuration: /home/thepryor/public_html/xmlrpc.php
[Thu Jul 30 08:35:40.066524 2026] [core:error] [pid 2410999:tid 2410999] (13)Permission denied: [client 216.73.216.199:61268] AH00132: file permissions deny server access: /home/healthki/public_html/wp-includes/js/swfupload/1/2/sys/class/tty/ttyS1/subsystem/ttyS0/flags
[Thu Jul 30 08:35:40.159673 2026] [authz_core:error] [pid 2419607:tid 2419607] [client 57.141.0.32:53260] AH01630: client denied by server configuration: /home/candidejacobs/public_html/error_log
[Thu Jul 30 08:35:40.160298 2026] [authz_core:error] [pid 2419607:tid 2419607] [client 57.141.0.32:53260] AH01630: client denied by server configuration: /home/candidejacobs/public_html/php.ini
[Thu Jul 30 08:35:40.676030 2026] [authz_core:error] [pid 2419607:tid 2419607] [client 57.141.0.16:53958] AH01630: client denied by server configuration: /home/candidejacobs/public_html/error_log
[Thu Jul 30 08:35:40.676655 2026] [authz_core:error] [pid 2419607:tid 2419607] [client 57.141.0.16:53958] AH01630: client denied by server configuration: /home/candidejacobs/public_html/php.ini
[Thu Jul 30 08:35:40.951902 2026] [authz_core:error] [pid 2419665:tid 2419665] [client 57.141.0.38:59454] AH01630: client denied by server configuration: /home/candidejacobs/public_html/error_log
[Thu Jul 30 08:35:40.952556 2026] [authz_core:error] [pid 2419665:tid 2419665] [client 57.141.0.38:59454] AH01630: client denied by server configuration: /home/candidejacobs/public_html/php.ini
[Thu Jul 30 08:35:40.979205 2026] [ssl:error] [pid 2415660:tid 2415660] (EAI 2)Name or service not known: [client 144.76.19.72:19646] AH01972: could not resolve address of OCSP responder r10.o.lencr.org
[Thu Jul 30 08:35:40.979248 2026] [ssl:error] [pid 2415660:tid 2415660] AH01941: stapling_renew_response: responder error
[Thu Jul 30 08:35:40.986969 2026] [ssl:error] [pid 2410999:tid 2410999] (70014)End of file found: [client 216.73.216.199:61268] AH02013: coalesce failed to read from data bucket
[Thu Jul 30 08:35:41.033990 2026] [ssl:error] [pid 2411106:tid 2411106] (EAI 2)Name or service not known: [client 144.76.19.72:19658] AH01972: could not resolve address of OCSP responder r10.o.lencr.org
[Thu Jul 30 08:35:41.034043 2026] [ssl:error] [pid 2411106:tid 2411106] AH01941: stapling_renew_response: responder error
[Thu Jul 30 08:35:41.494229 2026] [ssl:error] [pid 2414864:tid 2414864] (70014)End of file found: [client 216.73.216.199:3829] AH02013: coalesce failed to read from data bucket
[Thu Jul 30 08:35:43.009150 2026] [core:error] [pid 2411409:tid 2411409] (13)Permission denied: [client 216.73.216.199:21370] AH00132: file permissions deny server access: /home/healthki/public_html/wp-includes/js/swfupload/1/2/sys/class/tty/tty24/subsystem/ttyS0/flags
[Thu Jul 30 08:35:44.026894 2026] [ssl:error] [pid 2411409:tid 2411409] (70014)End of file found: [client 216.73.216.199:21370] AH02013: coalesce failed to read from data bucket
[Thu Jul 30 08:35:44.088599 2026] [ssl:error] [pid 2412474:tid 2412474] (EAI 2)Name or service not known: [client 144.76.19.72:19672] AH01972: could not resolve address of OCSP responder r10.o.lencr.org
[Thu Jul 30 08:35:44.088625 2026] [ssl:error] [pid 2412474:tid 2412474] AH01941: stapling_renew_response: responder error
[Thu Jul 30 08:35:44.140332 2026] [ssl:error] [pid 2415660:tid 2415660] (EAI 2)Name or service not known: [client 144.76.19.72:19676] AH01972: could not resolve address of OCSP responder r10.o.lencr.org
[Thu Jul 30 08:35:44.140358 2026] [ssl:error] [pid 2415660:tid 2415660] AH01941: stapling_renew_response: responder error
[Thu Jul 30 08:35:44.933757 2026] [access_compat:error] [pid 2411373:tid 2411373] [client 106.215.157.145:25905] AH01797: client denied by server configuration: /home/thepryor/public_html/xmlrpc.php
[Thu Jul 30 08:35:45.847607 2026] [core:error] [pid 2419665:tid 2419665] [client 57.141.0.68:46452] AH00124: Request exceeded the limit of 10 internal redirects due to probable configuration error. Use 'LimitInternalRecursion' to increase the limit if necessary. Use 'LogLevel debug' to get a backtrace.
[Thu Jul 30 08:35:45.847632 2026] [core:error] [pid 2419665:tid 2419665] [client 57.141.0.68:46452] AH00124: Request exceeded the limit of 10 internal redirects due to probable configuration error. Use 'LimitInternalRecursion' to increase the limit if necessary. Use 'LogLevel debug' to get a backtrace.
[Thu Jul 30 08:35:46.449468 2026] [security2:error] [pid 2418302:tid 2418302] [client 175.27.163.171:36984] ModSecurity: Warning. Pattern match "\\\\b(keep-alive|close),\\\\s?(keep-alive|close)\\\\b" at REQUEST_HEADERS:Connection. [file "/etc/apache2/conf.d/modsec_vendor_configs/OWASP3/rules/REQUEST-920-PROTOCOL-ENFORCEMENT.conf"] [line "198"] [id "920210"] [rev "2"] [msg "Multiple/Conflicting Connection Header Data Found."] [data "keep-alive, close"] [severity "WARNING"] [ver "OWASP_CRS/3.0.0"] [maturity "6"] [accuracy "8"] [tag "application-multi"] [tag "language-multi"] [tag "platform-multi"] [tag "attack-protocol"] [tag "OWASP_CRS/PROTOCOL_VIOLATION/INVALID_HREQ"] [hostname "www.georgehotelofstamford.com"] [uri "/"] [unique_id "amr-0up682fDSrpTRC3ZuAAAACM"]
[Thu Jul 30 08:35:46.777841 2026] [ssl:error] [pid 2415660:tid 2415660] (70014)End of file found: [client 216.73.216.199:57215] AH02013: coalesce failed to read from data bucket
[Thu Jul 30 08:35:47.101752 2026] [authz_core:error] [pid 2414917:tid 2414917] [client 57.141.0.53:61262] AH01630: client denied by server configuration: /home/candidejacobs/public_html/error_log
[Thu Jul 30 08:35:47.102377 2026] [authz_core:error] [pid 2414917:tid 2414917] [client 57.141.0.53:61262] AH01630: client denied by server configuration: /home/candidejacobs/public_html/php.ini
[Thu Jul 30 08:35:47.195975 2026] [ssl:error] [pid 2411420:tid 2411420] (EAI 2)Name or service not known: [client 144.76.19.72:19678] AH01972: could not resolve address of OCSP responder r10.o.lencr.org
[Thu Jul 30 08:35:47.195999 2026] [ssl:error] [pid 2411420:tid 2411420] AH01941: stapling_renew_response: responder error
[Thu Jul 30 08:35:47.252095 2026] [ssl:error] [pid 2414864:tid 2414864] (EAI 2)Name or service not known: [client 144.76.19.72:19682] AH01972: could not resolve address of OCSP responder r10.o.lencr.org
[Thu Jul 30 08:35:47.252131 2026] [ssl:error] [pid 2414864:tid 2414864] AH01941: stapling_renew_response: responder error
[Thu Jul 30 08:35:47.287976 2026] [core:error] [pid 2411415:tid 2411415] [client 57.141.0.43:31382] AH00124: Request exceeded the limit of 10 internal redirects due to probable configuration error. Use 'LimitInternalRecursion' to increase the limit if necessary. Use 'LogLevel debug' to get a backtrace.
[Thu Jul 30 08:35:47.288000 2026] [core:error] [pid 2411415:tid 2411415] [client 57.141.0.43:31382] AH00124: Request exceeded the limit of 10 internal redirects due to probable configuration error. Use 'LimitInternalRecursion' to increase the limit if necessary. Use 'LogLevel debug' to get a backtrace.
[Thu Jul 30 08:35:47.818226 2026] [authz_core:error] [pid 2412472:tid 2412472] [client 57.141.0.65:32374] AH01630: client denied by server configuration: /home/candidejacobs/public_html/error_log
[Thu Jul 30 08:35:47.818868 2026] [authz_core:error] [pid 2412472:tid 2412472] [client 57.141.0.65:32374] AH01630: client denied by server configuration: /home/candidejacobs/public_html/php.ini
[Thu Jul 30 08:35:47.997907 2026] [core:error] [pid 2415778:tid 2415778] (13)Permission denied: [client 216.73.216.199:4917] AH00132: file permissions deny server access: /home/healthki/public_html/wp-includes/js/swfupload/1/2/sys/kernel/slab/cred_jar/slabs
[Thu Jul 30 08:35:48.910049 2026] [core:error] [pid 2415778:tid 2415778] (13)Permission denied: [client 216.73.216.199:4917] AH00132: file permissions deny server access: /home/healthki/public_html/wp-includes/js/swfupload/1/2/proc/self/root/var/run/dovecot/master.pid
[Thu Jul 30 08:35:49.758420 2026] [lsapi:warn] [pid 2415834:tid 2415834] [client 217.165.124.222:0] [host revoracing.org.uk] Backend log: PHP Deprecated: Automatically populating $HTTP_RAW_POST_DATA is deprecated and will be removed in a future version. To avoid this warning set 'always_populate_raw_post_data' to '-1' in php.ini and use the php://input stream instead. in Unknown on line 0\n
[Thu Jul 30 08:35:49.815911 2026] [ssl:error] [pid 2415778:tid 2415778] (70014)End of file found: [client 216.73.216.199:4917] AH02013: coalesce failed to read from data bucket
[Thu Jul 30 08:35:50.305922 2026] [ssl:error] [pid 2411316:tid 2411316] (EAI 2)Name or service not known: [client 144.76.19.72:22784] AH01972: could not resolve address of OCSP responder r10.o.lencr.org
[Thu Jul 30 08:35:50.305955 2026] [ssl:error] [pid 2411316:tid 2411316] AH01941: stapling_renew_response: responder error
[Thu Jul 30 08:35:50.360289 2026] [ssl:error] [pid 2411420:tid 2411420] (EAI 2)Name or service not known: [client 144.76.19.72:22788] AH01972: could not resolve address of OCSP responder r10.o.lencr.org
[Thu Jul 30 08:35:50.360315 2026] [ssl:error] [pid 2411420:tid 2411420] AH01941: stapling_renew_response: responder error
[Thu Jul 30 08:35:51.509081 2026] [authz_core:error] [pid 2419081:tid 2419081] [client 57.141.0.24:53166] AH01630: client denied by server configuration: /home/candidejacobs/public_html/error_log
[Thu Jul 30 08:35:51.509715 2026] [authz_core:error] [pid 2419081:tid 2419081] [client 57.141.0.24:53166] AH01630: client denied by server configuration: /home/candidejacobs/public_html/php.ini
[Thu Jul 30 08:35:52.545397 2026] [ssl:error] [pid 2411409:tid 2411409] (70014)End of file found: [client 216.73.216.199:49892] AH02013: coalesce failed to read from data bucket
[Thu Jul 30 08:35:53.054689 2026] [core:error] [pid 2410999:tid 2410999] (13)Permission denied: [client 216.73.216.199:5772] AH00132: file permissions deny server access: /home/healthki/public_html/wp-includes/js/swfupload/1/2/sys/class/scsi_host/host0/scan
[Thu Jul 30 08:35:53.413982 2026] [ssl:error] [pid 2419665:tid 2419665] (EAI 2)Name or service not known: [client 144.76.19.72:22798] AH01972: could not resolve address of OCSP responder r10.o.lencr.org
[Thu Jul 30 08:35:53.414032 2026] [ssl:error] [pid 2419665:tid 2419665] AH01941: stapling_renew_response: responder error
[Thu Jul 30 08:35:53.475209 2026] [ssl:error] [pid 2415660:tid 2415660] (EAI 2)Name or service not known: [client 144.76.19.72:22808] AH01972: could not resolve address of OCSP responder r10.o.lencr.org
[Thu Jul 30 08:35:53.475234 2026] [ssl:error] [pid 2415660:tid 2415660] AH01941: stapling_renew_response: responder error
[Thu Jul 30 08:35:54.134269 2026] [access_compat:error] [pid 2411415:tid 2411415] [client 106.215.157.145:24042] AH01797: client denied by server configuration: /home/thepryor/public_html/xmlrpc.php
[Thu Jul 30 08:35:54.646807 2026] [access_compat:error] [pid 2415660:tid 2415660] [client 45.158.164.139:41026] AH01797: client denied by server configuration: /home/thepryor/public_html/wp-cron.php
[Thu Jul 30 08:35:56.167199 2026] [core:error] [pid 2410999:tid 2410999] (13)Permission denied: [client 216.73.216.199:5772] AH00132: file permissions deny server access: /home/healthki/public_html/wp-includes/js/swfupload/1/2/proc/thread-self/root/etc/logrotate.d/named
[Thu Jul 30 08:35:56.574537 2026] [ssl:error] [pid 2415778:tid 2415778] (EAI 2)Name or service not known: [client 144.76.19.72:22810] AH01972: could not resolve address of OCSP responder r10.o.lencr.org
[Thu Jul 30 08:35:56.574578 2026] [ssl:error] [pid 2415778:tid 2415778] AH01941: stapling_renew_response: responder error
[Thu Jul 30 08:35:56.627495 2026] [ssl:error] [pid 2414865:tid 2414865] (EAI 2)Name or service not known: [client 144.76.19.72:22820] AH01972: could not resolve address of OCSP responder r10.o.lencr.org
[Thu Jul 30 08:35:56.627527 2026] [ssl:error] [pid 2414865:tid 2414865] AH01941: stapling_renew_response: responder error
[Thu Jul 30 08:35:56.773146 2026] [core:error] [pid 2410999:tid 2410999] (13)Permission denied: [client 216.73.216.199:5772] AH00132: file permissions deny server access: /home/healthki/public_html/wp-includes/js/swfupload/1/2/sys/kernel/slab/kmalloc-rcl-32/aliases
[Thu Jul 30 08:35:58.683119 2026] [authz_core:error] [pid 2420130:tid 2420130] [client 57.141.0.3:23290] AH01630: client denied by server configuration: /home/candidejacobs/public_html/error_log
[Thu Jul 30 08:35:58.683764 2026] [authz_core:error] [pid 2420130:tid 2420130] [client 57.141.0.3:23290] AH01630: client denied by server configuration: /home/candidejacobs/public_html/php.ini
[Thu Jul 30 08:35:58.878580 2026] [ssl:error] [pid 2414864:tid 2414864] (70014)End of file found: [client 216.73.216.199:16956] AH02013: coalesce failed to read from data bucket
[Thu Jul 30 08:35:59.492679 2026] [ssl:error] [pid 2410999:tid 2410999] (70014)End of file found: [client 216.73.216.199:5772] AH02013: coalesce failed to read from data bucket
[Thu Jul 30 08:35:59.682492 2026] [ssl:error] [pid 2411420:tid 2411420] (EAI 2)Name or service not known: [client 144.76.19.72:26152] AH01972: could not resolve address of OCSP responder r10.o.lencr.org
[Thu Jul 30 08:35:59.682522 2026] [ssl:error] [pid 2411420:tid 2411420] AH01941: stapling_renew_response: responder error
[Thu Jul 30 08:35:59.739951 2026] [ssl:error] [pid 2415778:tid 2415778] (EAI 2)Name or service not known: [client 144.76.19.72:26164] AH01972: could not resolve address of OCSP responder r10.o.lencr.org
[Thu Jul 30 08:35:59.739977 2026] [ssl:error] [pid 2415778:tid 2415778] AH01941: stapling_renew_response: responder error
[Thu Jul 30 08:36:00.267662 2026] [authz_core:error] [pid 2415834:tid 2415834] [client 57.141.0.1:31544] AH01630: client denied by server configuration: /home/candidejacobs/public_html/error_log
[Thu Jul 30 08:36:00.268293 2026] [authz_core:error] [pid 2415834:tid 2415834] [client 57.141.0.1:31544] AH01630: client denied by server configuration: /home/candidejacobs/public_html/php.ini
[Thu Jul 30 08:36:00.348133 2026] [lsapi:warn] [pid 2415778:tid 2415778] [client 217.165.124.222:0] [host revoracing.org.uk] Backend log: PHP Deprecated: Automatically populating $HTTP_RAW_POST_DATA is deprecated and will be removed in a future version. To avoid this warning set 'always_populate_raw_post_data' to '-1' in php.ini and use the php://input stream instead. in Unknown on line 0\n
[Thu Jul 30 08:36:01.052934 2026] [security2:error] [pid 2412507:tid 2412507] [client 47.254.92.190:49252] ModSecurity: Warning. Pattern match "\\\\b(keep-alive|close),\\\\s?(keep-alive|close)\\\\b" at REQUEST_HEADERS:Connection. [file "/etc/apache2/conf.d/modsec_vendor_configs/OWASP3/rules/REQUEST-920-PROTOCOL-ENFORCEMENT.conf"] [line "198"] [id "920210"] [rev "2"] [msg "Multiple/Conflicting Connection Header Data Found."] [data "keep-alive, close"] [severity "WARNING"] [ver "OWASP_CRS/3.0.0"] [maturity "6"] [accuracy "8"] [tag "application-multi"] [tag "language-multi"] [tag "platform-multi"] [tag "attack-protocol"] [tag "OWASP_CRS/PROTOCOL_VIOLATION/INVALID_HREQ"] [hostname "the-atrox-killers.net"] [uri "/"] [unique_id "amr-4bqaA9Ba2AB974QWXwAAADU"]
[Thu Jul 30 08:36:02.334107 2026] [authz_core:error] [pid 2411415:tid 2411415] [client 66.249.66.35:39965] AH01630: client denied by server configuration: /home/healthki/public_html/error_log
[Thu Jul 30 08:36:02.336778 2026] [authz_core:error] [pid 2411415:tid 2411415] [client 66.249.66.35:39965] AH01630: client denied by server configuration: /home/healthki/public_html/php.ini
[Thu Jul 30 08:36:02.475497 2026] [ssl:error] [pid 2420320:tid 2420320] (70014)End of file found: [client 216.73.216.199:33821] AH02013: coalesce failed to read from data bucket
[Thu Jul 30 08:36:02.796028 2026] [ssl:error] [pid 2411314:tid 2411314] (EAI 2)Name or service not known: [client 144.76.19.72:26174] AH01972: could not resolve address of OCSP responder r10.o.lencr.org
[Thu Jul 30 08:36:02.796056 2026] [ssl:error] [pid 2411314:tid 2411314] AH01941: stapling_renew_response: responder error
[Thu Jul 30 08:36:02.850333 2026] [ssl:error] [pid 2418302:tid 2418302] (EAI 2)Name or service not known: [client 144.76.19.72:26184] AH01972: could not resolve address of OCSP responder r10.o.lencr.org
[Thu Jul 30 08:36:02.850361 2026] [ssl:error] [pid 2418302:tid 2418302] AH01941: stapling_renew_response: responder error
[Thu Jul 30 08:36:03.354634 2026] [authz_core:error] [pid 2411409:tid 2411409] [client 57.141.0.44:26912] AH01630: client denied by server configuration: /home/candidejacobs/public_html/error_log
[Thu Jul 30 08:36:03.355329 2026] [authz_core:error] [pid 2411409:tid 2411409] [client 57.141.0.44:26912] AH01630: client denied by server configuration: /home/candidejacobs/public_html/php.ini
[Thu Jul 30 08:36:04.521678 2026] [access_compat:error] [pid 2412429:tid 2412429] [client 106.215.157.145:3235] AH01797: client denied by server configuration: /home/thepryor/public_html/xmlrpc.php
[Thu Jul 30 08:36:05.923521 2026] [ssl:error] [pid 2414918:tid 2414918] (EAI 2)Name or service not known: [client 144.76.19.72:26186] AH01972: could not resolve address of OCSP responder r10.o.lencr.org
[Thu Jul 30 08:36:05.923552 2026] [ssl:error] [pid 2414918:tid 2414918] AH01941: stapling_renew_response: responder error
[Thu Jul 30 08:36:05.975535 2026] [ssl:error] [pid 2411316:tid 2411316] (EAI 2)Name or service not known: [client 144.76.19.72:26194] AH01972: could not resolve address of OCSP responder r10.o.lencr.org
[Thu Jul 30 08:36:05.975574 2026] [ssl:error] [pid 2411316:tid 2411316] AH01941: stapling_renew_response: responder error
[Thu Jul 30 08:36:06.289590 2026] [authz_core:error] [pid 2414918:tid 2414918] [client 57.141.0.45:52034] AH01630: client denied by server configuration: /home/candidejacobs/public_html/error_log
[Thu Jul 30 08:36:06.290242 2026] [authz_core:error] [pid 2414918:tid 2414918] [client 57.141.0.45:52034] AH01630: client denied by server configuration: /home/candidejacobs/public_html/php.ini
[Thu Jul 30 08:36:06.904599 2026] [authz_core:error] [pid 2419769:tid 2419769] [client 57.141.0.50:24412] AH01630: client denied by server configuration: /home/candidejacobs/public_html/error_log
[Thu Jul 30 08:36:06.905233 2026] [authz_core:error] [pid 2419769:tid 2419769] [client 57.141.0.50:24412] AH01630: client denied by server configuration: /home/candidejacobs/public_html/php.ini
[Thu Jul 30 08:36:07.203797 2026] [authz_core:error] [pid 2420131:tid 2420131] [client 66.249.66.33:57852] AH01630: client denied by server configuration: /home/healthki/public_html/error_log
[Thu Jul 30 08:36:07.206467 2026] [authz_core:error] [pid 2420131:tid 2420131] [client 66.249.66.33:57852] AH01630: client denied by server configuration: /home/healthki/public_html/php.ini
[Thu Jul 30 08:36:07.891902 2026] [core:error] [pid 2414918:tid 2414918] (13)Permission denied: [client 216.73.216.199:49512] AH00132: file permissions deny server access: /home/healthki/public_html/wp-includes/js/swfupload/1/2/sys/class/tty/tty55/subsystem/ttyS2/uartclk
[Thu Jul 30 08:36:09.029059 2026] [ssl:error] [pid 2411316:tid 2411316] (EAI 2)Name or service not known: [client 144.76.19.72:26204] AH01972: could not resolve address of OCSP responder r10.o.lencr.org
[Thu Jul 30 08:36:09.029138 2026] [ssl:error] [pid 2411316:tid 2411316] AH01941: stapling_renew_response: responder error
[Thu Jul 30 08:36:09.085328 2026] [ssl:error] [pid 2420365:tid 2420365] (EAI 2)Name or service not known: [client 144.76.19.72:26210] AH01972: could not resolve address of OCSP responder r10.o.lencr.org
[Thu Jul 30 08:36:09.085370 2026] [ssl:error] [pid 2420365:tid 2420365] AH01941: stapling_renew_response: responder error
[Thu Jul 30 08:36:09.119042 2026] [security2:error] [pid 2415708:tid 2415708] [client 114.119.146.111:47309] ModSecurity: Access denied with code 403 (phase 1). Matched phrase "PetalBot" at REQUEST_HEADERS:User-Agent. [file "/etc/apache2/conf.d/modsec/modsec2.user.conf"] [line "2"] [id "1000001"] [msg "Bad Bot Blocked"] [hostname "www.erskinenazarene.co.uk"] [uri "/calendar/action~oneday/exact_date~1585695600/cat_ids~17,18/request_format~html"] [unique_id "amr-6ePouJ5_BOrIab5qxwAAACQ"], referer: http://www.erskinenazarene.co.uk/calendar/action~oneday/exact_date~1585695600/cat_ids~30,17,18/request_format~html
[Thu Jul 30 08:36:10.831534 2026] [access_compat:error] [pid 2420320:tid 2420320] [client 106.215.157.145:8411] AH01797: client denied by server configuration: /home/thepryor/public_html/xmlrpc.php
[Thu Jul 30 08:36:10.927449 2026] [core:error] [pid 2411314:tid 2411314] (13)Permission denied: [client 216.73.216.199:47114] AH00132: file permissions deny server access: /home/healthki/public_html/wp-includes/js/swfupload/1/2/sys/class/tty/tty36/subsystem/ttyS2/uartclk
[Thu Jul 30 08:36:10.983149 2026] [lsapi:warn] [pid 2419171:tid 2419171] [client 217.165.124.222:0] [host revoracing.org.uk] Backend log: PHP Deprecated: Automatically populating $HTTP_RAW_POST_DATA is deprecated and will be removed in a future version. To avoid this warning set 'always_populate_raw_post_data' to '-1' in php.ini and use the php://input stream instead. in Unknown on line 0\n
[Thu Jul 30 08:36:11.045728 2026] [security2:error] [pid 2414865:tid 2414865] [client 114.119.146.111:62015] ModSecurity: Access denied with code 403 (phase 1). Matched phrase "PetalBot" at REQUEST_HEADERS:User-Agent. [file "/etc/apache2/conf.d/modsec/modsec2.user.conf"] [line "2"] [id "1000001"] [msg "Bad Bot Blocked"] [hostname "erskinenazarene.co.uk"] [uri "/calendar/action~oneday/exact_date~1585695600/cat_ids~17,18/request_format~html"] [unique_id "amr-69VtxCBUSPwlMZFKIAAAABk"], referer: http://www.erskinenazarene.co.uk/calendar/action~oneday/exact_date~1585695600/cat_ids~30,17,18/request_format~html
[Thu Jul 30 08:36:11.442304 2026] [security2:error] [pid 2412506:tid 2412506] [client 168.222.198.47:53600] ModSecurity: Warning. Operator EQ matched 0 at REQUEST_HEADERS. [file "/etc/apache2/conf.d/modsec_vendor_configs/OWASP3/rules/REQUEST-943-APPLICATION-ATTACK-SESSION-FIXATION.conf"] [line "38"] [id "943120"] [rev "2"] [msg "Possible Session Fixation Attack: SessionID Parameter Name with No Referer"] [data "Matched Data: phpsessid found within REQUEST_HEADERS: 0"] [severity "CRITICAL"] [ver "OWASP_CRS/3.0.0"] [maturity "2"] [accuracy "7"] [tag "application-multi"] [tag "language-multi"] [tag "platform-multi"] [tag "attack-fixation"] [tag "OWASP_CRS/WEB_ATTACK/SESSION_FIXATION"] [tag "WASCTC/WASC-37"] [tag "CAPEC-61"] [hostname "www.bigbangburgerbar.co.uk"] [uri "/Forum/index.php"] [unique_id "amr-6xGCGrlKGv3qqKZECwAAADQ"]
[Thu Jul 30 08:36:11.442355 2026] [security2:error] [pid 2412506:tid 2412506] [client 168.222.198.47:53600] ModSecurity: Access denied with code 403 (phase 2). Operator GE matched 5 at TX:anomaly_score. [file "/etc/apache2/conf.d/modsec_vendor_configs/OWASP3/rules/REQUEST-949-BLOCKING-EVALUATION.conf"] [line "30"] [id "949110"] [msg "Inbound Anomaly Score Exceeded (Total Score: 5)"] [severity "CRITICAL"] [tag "application-multi"] [tag "language-multi"] [tag "platform-multi"] [tag "attack-generic"] [hostname "www.bigbangburgerbar.co.uk"] [uri "/Forum/index.php"] [unique_id "amr-6xGCGrlKGv3qqKZECwAAADQ"]
[Thu Jul 30 08:36:11.442621 2026] [security2:error] [pid 2412506:tid 2412506] [client 168.222.198.47:53600] ModSecurity: Warning. Operator GE matched 5 at TX:inbound_anomaly_score. [file "/etc/apache2/conf.d/modsec_vendor_configs/OWASP3/rules/RESPONSE-980-CORRELATION.conf"] [line "37"] [id "980130"] [msg "Inbound Anomaly Score Exceeded (Total Inbound Score: 5 - SQLI=0,XSS=0,RFI=0,LFI=0,RCE=0,PHPI=0,HTTP=0,SESS=5): Possible Session Fixation Attack: SessionID Parameter Name with No Referer"] [tag "event-correlation"] [hostname "www.bigbangburgerbar.co.uk"] [uri "/403.shtml"] [unique_id "amr-6xGCGrlKGv3qqKZECwAAADQ"]
[Thu Jul 30 08:36:11.640928 2026] [security2:error] [pid 2415708:tid 2415708] [client 91.168.141.113:17911] ModSecurity: Warning. Operator EQ matched 0 at REQUEST_HEADERS. [file "/etc/apache2/conf.d/modsec_vendor_configs/OWASP3/rules/REQUEST-943-APPLICATION-ATTACK-SESSION-FIXATION.conf"] [line "38"] [id "943120"] [rev "2"] [msg "Possible Session Fixation Attack: SessionID Parameter Name with No Referer"] [data "Matched Data: phpsessid found within REQUEST_HEADERS: 0"] [severity "CRITICAL"] [ver "OWASP_CRS/3.0.0"] [maturity "2"] [accuracy "7"] [tag "application-multi"] [tag "language-multi"] [tag "platform-multi"] [tag "attack-fixation"] [tag "OWASP_CRS/WEB_ATTACK/SESSION_FIXATION"] [tag "WASCTC/WASC-37"] [tag "CAPEC-61"] [hostname "www.bigbangburgerbar.co.uk"] [uri "/Forum/index.php"] [unique_id "amr-6-PouJ5_BOrIab5qyQAAACQ"]
[Thu Jul 30 08:36:11.640977 2026] [security2:error] [pid 2415708:tid 2415708] [client 91.168.141.113:17911] ModSecurity: Access denied with code 403 (phase 2). Operator GE matched 5 at TX:anomaly_score. [file "/etc/apache2/conf.d/modsec_vendor_configs/OWASP3/rules/REQUEST-949-BLOCKING-EVALUATION.conf"] [line "30"] [id "949110"] [msg "Inbound Anomaly Score Exceeded (Total Score: 5)"] [severity "CRITICAL"] [tag "application-multi"] [tag "language-multi"] [tag "platform-multi"] [tag "attack-generic"] [hostname "www.bigbangburgerbar.co.uk"] [uri "/Forum/index.php"] [unique_id "amr-6-PouJ5_BOrIab5qyQAAACQ"]
[Thu Jul 30 08:36:11.641242 2026] [security2:error] [pid 2415708:tid 2415708] [client 91.168.141.113:17911] ModSecurity: Warning. Operator GE matched 5 at TX:inbound_anomaly_score. [file "/etc/apache2/conf.d/modsec_vendor_configs/OWASP3/rules/RESPONSE-980-CORRELATION.conf"] [line "37"] [id "980130"] [msg "Inbound Anomaly Score Exceeded (Total Inbound Score: 5 - SQLI=0,XSS=0,RFI=0,LFI=0,RCE=0,PHPI=0,HTTP=0,SESS=5): Possible Session Fixation Attack: SessionID Parameter Name with No Referer"] [tag "event-correlation"] [hostname "www.bigbangburgerbar.co.uk"] [uri "/403.shtml"] [unique_id "amr-6-PouJ5_BOrIab5qyQAAACQ"]
[Thu Jul 30 08:36:12.143508 2026] [ssl:error] [pid 2412429:tid 2412429] (EAI 2)Name or service not known: [client 144.76.19.72:51890] AH01972: could not resolve address of OCSP responder r10.o.lencr.org
[Thu Jul 30 08:36:12.143539 2026] [ssl:error] [pid 2412429:tid 2412429] AH01941: stapling_renew_response: responder error
[Thu Jul 30 08:36:12.199246 2026] [ssl:error] [pid 2420320:tid 2420320] (EAI 2)Name or service not known: [client 144.76.19.72:51898] AH01972: could not resolve address of OCSP responder r10.o.lencr.org
[Thu Jul 30 08:36:12.199275 2026] [ssl:error] [pid 2420320:tid 2420320] AH01941: stapling_renew_response: responder error
[Thu Jul 30 08:36:13.505866 2026] [security2:error] [pid 2420320:tid 2420320] [client 43.106.6.65:53971] ModSecurity: Warning. Operator EQ matched 0 at REQUEST_HEADERS. [file "/etc/apache2/conf.d/modsec_vendor_configs/OWASP3/rules/REQUEST-943-APPLICATION-ATTACK-SESSION-FIXATION.conf"] [line "38"] [id "943120"] [rev "2"] [msg "Possible Session Fixation Attack: SessionID Parameter Name with No Referer"] [data "Matched Data: phpsessid found within REQUEST_HEADERS: 0"] [severity "CRITICAL"] [ver "OWASP_CRS/3.0.0"] [maturity "2"] [accuracy "7"] [tag "application-multi"] [tag "language-multi"] [tag "platform-multi"] [tag "attack-fixation"] [tag "OWASP_CRS/WEB_ATTACK/SESSION_FIXATION"] [tag "WASCTC/WASC-37"] [tag "CAPEC-61"] [hostname "www.bigbangburgerbar.co.uk"] [uri "/Forum/index.php"] [unique_id "amr-7QaBAuUQCWqTeDF1HQAAACY"]
