[Thu Jul 30 08:36:13.505945 2026] [security2:error] [pid 2420320:tid 2420320] [client 43.106.6.65:53971] ModSecurity: Access denied with code 403 (phase 2). Operator GE matched 5 at TX:anomaly_score. [file "/etc/apache2/conf.d/modsec_vendor_configs/OWASP3/rules/REQUEST-949-BLOCKING-EVALUATION.conf"] [line "30"] [id "949110"] [msg "Inbound Anomaly Score Exceeded (Total Score: 5)"] [severity "CRITICAL"] [tag "application-multi"] [tag "language-multi"] [tag "platform-multi"] [tag "attack-generic"] [hostname "www.bigbangburgerbar.co.uk"] [uri "/Forum/index.php"] [unique_id "amr-7QaBAuUQCWqTeDF1HQAAACY"]
[Thu Jul 30 08:36:13.506316 2026] [security2:error] [pid 2420320:tid 2420320] [client 43.106.6.65:53971] ModSecurity: Warning. Operator GE matched 5 at TX:inbound_anomaly_score. [file "/etc/apache2/conf.d/modsec_vendor_configs/OWASP3/rules/RESPONSE-980-CORRELATION.conf"] [line "37"] [id "980130"] [msg "Inbound Anomaly Score Exceeded (Total Inbound Score: 5 - SQLI=0,XSS=0,RFI=0,LFI=0,RCE=0,PHPI=0,HTTP=0,SESS=5): Possible Session Fixation Attack: SessionID Parameter Name with No Referer"] [tag "event-correlation"] [hostname "www.bigbangburgerbar.co.uk"] [uri "/403.shtml"] [unique_id "amr-7QaBAuUQCWqTeDF1HQAAACY"]
[Thu Jul 30 08:36:13.606138 2026] [security2:error] [pid 2411373:tid 2411373] [client 8.216.46.213:44045] ModSecurity: Warning. Operator EQ matched 0 at REQUEST_HEADERS. [file "/etc/apache2/conf.d/modsec_vendor_configs/OWASP3/rules/REQUEST-943-APPLICATION-ATTACK-SESSION-FIXATION.conf"] [line "38"] [id "943120"] [rev "2"] [msg "Possible Session Fixation Attack: SessionID Parameter Name with No Referer"] [data "Matched Data: phpsessid found within REQUEST_HEADERS: 0"] [severity "CRITICAL"] [ver "OWASP_CRS/3.0.0"] [maturity "2"] [accuracy "7"] [tag "application-multi"] [tag "language-multi"] [tag "platform-multi"] [tag "attack-fixation"] [tag "OWASP_CRS/WEB_ATTACK/SESSION_FIXATION"] [tag "WASCTC/WASC-37"] [tag "CAPEC-61"] [hostname "www.bigbangburgerbar.co.uk"] [uri "/Forum/index.php"] [unique_id "amr-7dEWCml9g6o0NKfHDQAAABw"]
[Thu Jul 30 08:36:13.606210 2026] [security2:error] [pid 2411373:tid 2411373] [client 8.216.46.213:44045] ModSecurity: Access denied with code 403 (phase 2). Operator GE matched 5 at TX:anomaly_score. [file "/etc/apache2/conf.d/modsec_vendor_configs/OWASP3/rules/REQUEST-949-BLOCKING-EVALUATION.conf"] [line "30"] [id "949110"] [msg "Inbound Anomaly Score Exceeded (Total Score: 5)"] [severity "CRITICAL"] [tag "application-multi"] [tag "language-multi"] [tag "platform-multi"] [tag "attack-generic"] [hostname "www.bigbangburgerbar.co.uk"] [uri "/Forum/index.php"] [unique_id "amr-7dEWCml9g6o0NKfHDQAAABw"]
[Thu Jul 30 08:36:13.606530 2026] [security2:error] [pid 2411373:tid 2411373] [client 8.216.46.213:44045] ModSecurity: Warning. Operator GE matched 5 at TX:inbound_anomaly_score. [file "/etc/apache2/conf.d/modsec_vendor_configs/OWASP3/rules/RESPONSE-980-CORRELATION.conf"] [line "37"] [id "980130"] [msg "Inbound Anomaly Score Exceeded (Total Inbound Score: 5 - SQLI=0,XSS=0,RFI=0,LFI=0,RCE=0,PHPI=0,HTTP=0,SESS=5): Possible Session Fixation Attack: SessionID Parameter Name with No Referer"] [tag "event-correlation"] [hostname "www.bigbangburgerbar.co.uk"] [uri "/403.shtml"] [unique_id "amr-7dEWCml9g6o0NKfHDQAAABw"]
[Thu Jul 30 08:36:14.297994 2026] [ssl:error] [pid 2414918:tid 2414918] (70014)End of file found: [client 216.73.216.199:49512] AH02013: coalesce failed to read from data bucket
[Thu Jul 30 08:36:15.137868 2026] [access_compat:error] [pid 2419769:tid 2419769] [client 106.215.157.145:22705] AH01797: client denied by server configuration: /home/thepryor/public_html/xmlrpc.php
[Thu Jul 30 08:36:15.201078 2026] [ssl:error] [pid 2411314:tid 2411314] (70014)End of file found: [client 216.73.216.199:47114] AH02013: coalesce failed to read from data bucket
[Thu Jul 30 08:36:15.252113 2026] [ssl:error] [pid 2415708:tid 2415708] (EAI 2)Name or service not known: [client 144.76.19.72:51902] AH01972: could not resolve address of OCSP responder r10.o.lencr.org
[Thu Jul 30 08:36:15.252140 2026] [ssl:error] [pid 2415708:tid 2415708] AH01941: stapling_renew_response: responder error
[Thu Jul 30 08:36:15.303864 2026] [ssl:error] [pid 2411420:tid 2411420] (EAI 2)Name or service not known: [client 144.76.19.72:51912] AH01972: could not resolve address of OCSP responder r10.o.lencr.org
[Thu Jul 30 08:36:15.303889 2026] [ssl:error] [pid 2411420:tid 2411420] AH01941: stapling_renew_response: responder error
[Thu Jul 30 08:36:15.542059 2026] [security2:error] [pid 2419960:tid 2419960] [client 43.106.6.65:54145] ModSecurity: Warning. Operator EQ matched 0 at REQUEST_HEADERS. [file "/etc/apache2/conf.d/modsec_vendor_configs/OWASP3/rules/REQUEST-943-APPLICATION-ATTACK-SESSION-FIXATION.conf"] [line "38"] [id "943120"] [rev "2"] [msg "Possible Session Fixation Attack: SessionID Parameter Name with No Referer"] [data "Matched Data: phpsessid found within REQUEST_HEADERS: 0"] [severity "CRITICAL"] [ver "OWASP_CRS/3.0.0"] [maturity "2"] [accuracy "7"] [tag "application-multi"] [tag "language-multi"] [tag "platform-multi"] [tag "attack-fixation"] [tag "OWASP_CRS/WEB_ATTACK/SESSION_FIXATION"] [tag "WASCTC/WASC-37"] [tag "CAPEC-61"] [hostname "www.bigbangburgerbar.co.uk"] [uri "/Forum/index.php"] [unique_id "amr-747QYn_mSSYdmItJaAAAAA0"]
[Thu Jul 30 08:36:15.542122 2026] [security2:error] [pid 2419960:tid 2419960] [client 43.106.6.65:54145] ModSecurity: Access denied with code 403 (phase 2). Operator GE matched 5 at TX:anomaly_score. [file "/etc/apache2/conf.d/modsec_vendor_configs/OWASP3/rules/REQUEST-949-BLOCKING-EVALUATION.conf"] [line "30"] [id "949110"] [msg "Inbound Anomaly Score Exceeded (Total Score: 5)"] [severity "CRITICAL"] [tag "application-multi"] [tag "language-multi"] [tag "platform-multi"] [tag "attack-generic"] [hostname "www.bigbangburgerbar.co.uk"] [uri "/Forum/index.php"] [unique_id "amr-747QYn_mSSYdmItJaAAAAA0"]
[Thu Jul 30 08:36:15.542399 2026] [security2:error] [pid 2419960:tid 2419960] [client 43.106.6.65:54145] ModSecurity: Warning. Operator GE matched 5 at TX:inbound_anomaly_score. [file "/etc/apache2/conf.d/modsec_vendor_configs/OWASP3/rules/RESPONSE-980-CORRELATION.conf"] [line "37"] [id "980130"] [msg "Inbound Anomaly Score Exceeded (Total Inbound Score: 5 - SQLI=0,XSS=0,RFI=0,LFI=0,RCE=0,PHPI=0,HTTP=0,SESS=5): Possible Session Fixation Attack: SessionID Parameter Name with No Referer"] [tag "event-correlation"] [hostname "www.bigbangburgerbar.co.uk"] [uri "/403.shtml"] [unique_id "amr-747QYn_mSSYdmItJaAAAAA0"]
[Thu Jul 30 08:36:15.708204 2026] [ssl:error] [pid 2414865:tid 2414865] (70014)End of file found: [client 216.73.216.199:40112] AH02013: coalesce failed to read from data bucket
[Thu Jul 30 08:36:16.263844 2026] [security2:error] [pid 2414864:tid 2414864] [client 8.216.46.213:23967] ModSecurity: Warning. Operator EQ matched 0 at REQUEST_HEADERS. [file "/etc/apache2/conf.d/modsec_vendor_configs/OWASP3/rules/REQUEST-943-APPLICATION-ATTACK-SESSION-FIXATION.conf"] [line "38"] [id "943120"] [rev "2"] [msg "Possible Session Fixation Attack: SessionID Parameter Name with No Referer"] [data "Matched Data: phpsessid found within REQUEST_HEADERS: 0"] [severity "CRITICAL"] [ver "OWASP_CRS/3.0.0"] [maturity "2"] [accuracy "7"] [tag "application-multi"] [tag "language-multi"] [tag "platform-multi"] [tag "attack-fixation"] [tag "OWASP_CRS/WEB_ATTACK/SESSION_FIXATION"] [tag "WASCTC/WASC-37"] [tag "CAPEC-61"] [hostname "www.bigbangburgerbar.co.uk"] [uri "/Forum/index.php"] [unique_id "amr-8LN3wIlXLpdyGCSG3AAAABg"]
[Thu Jul 30 08:36:16.263888 2026] [security2:error] [pid 2414864:tid 2414864] [client 8.216.46.213:23967] ModSecurity: Access denied with code 403 (phase 2). Operator GE matched 5 at TX:anomaly_score. [file "/etc/apache2/conf.d/modsec_vendor_configs/OWASP3/rules/REQUEST-949-BLOCKING-EVALUATION.conf"] [line "30"] [id "949110"] [msg "Inbound Anomaly Score Exceeded (Total Score: 5)"] [severity "CRITICAL"] [tag "application-multi"] [tag "language-multi"] [tag "platform-multi"] [tag "attack-generic"] [hostname "www.bigbangburgerbar.co.uk"] [uri "/Forum/index.php"] [unique_id "amr-8LN3wIlXLpdyGCSG3AAAABg"]
[Thu Jul 30 08:36:16.264164 2026] [security2:error] [pid 2414864:tid 2414864] [client 8.216.46.213:23967] ModSecurity: Warning. Operator GE matched 5 at TX:inbound_anomaly_score. [file "/etc/apache2/conf.d/modsec_vendor_configs/OWASP3/rules/RESPONSE-980-CORRELATION.conf"] [line "37"] [id "980130"] [msg "Inbound Anomaly Score Exceeded (Total Inbound Score: 5 - SQLI=0,XSS=0,RFI=0,LFI=0,RCE=0,PHPI=0,HTTP=0,SESS=5): Possible Session Fixation Attack: SessionID Parameter Name with No Referer"] [tag "event-correlation"] [hostname "www.bigbangburgerbar.co.uk"] [uri "/403.shtml"] [unique_id "amr-8LN3wIlXLpdyGCSG3AAAABg"]
[Thu Jul 30 08:36:17.431442 2026] [authz_core:error] [pid 2419960:tid 2419960] [client 57.141.0.39:33202] AH01630: client denied by server configuration: /home/candidejacobs/public_html/error_log
[Thu Jul 30 08:36:17.432140 2026] [authz_core:error] [pid 2419960:tid 2419960] [client 57.141.0.39:33202] AH01630: client denied by server configuration: /home/candidejacobs/public_html/php.ini
[Thu Jul 30 08:36:17.804398 2026] [authz_core:error] [pid 2411366:tid 2411366] [client 57.141.0.7:26816] AH01630: client denied by server configuration: /home/candidejacobs/public_html/error_log
[Thu Jul 30 08:36:17.805019 2026] [authz_core:error] [pid 2411366:tid 2411366] [client 57.141.0.7:26816] AH01630: client denied by server configuration: /home/candidejacobs/public_html/php.ini
[Thu Jul 30 08:36:18.355527 2026] [ssl:error] [pid 2412506:tid 2412506] (EAI 2)Name or service not known: [client 144.76.19.72:51920] AH01972: could not resolve address of OCSP responder r10.o.lencr.org
[Thu Jul 30 08:36:18.355556 2026] [ssl:error] [pid 2412506:tid 2412506] AH01941: stapling_renew_response: responder error
[Thu Jul 30 08:36:18.372942 2026] [authz_core:error] [pid 2411316:tid 2411316] [client 57.141.0.5:26202] AH01630: client denied by server configuration: /home/candidejacobs/public_html/error_log
[Thu Jul 30 08:36:18.373570 2026] [authz_core:error] [pid 2411316:tid 2411316] [client 57.141.0.5:26202] AH01630: client denied by server configuration: /home/candidejacobs/public_html/php.ini
[Thu Jul 30 08:36:18.410018 2026] [ssl:error] [pid 2415834:tid 2415834] (EAI 2)Name or service not known: [client 144.76.19.72:51936] AH01972: could not resolve address of OCSP responder r10.o.lencr.org
[Thu Jul 30 08:36:18.410053 2026] [ssl:error] [pid 2415834:tid 2415834] AH01941: stapling_renew_response: responder error
[Thu Jul 30 08:36:18.814617 2026] [authz_core:error] [pid 2418302:tid 2418302] [client 66.249.66.33:61681] AH01630: client denied by server configuration: /home/healthki/public_html/error_log
[Thu Jul 30 08:36:18.819430 2026] [authz_core:error] [pid 2418302:tid 2418302] [client 66.249.66.33:61681] AH01630: client denied by server configuration: /home/healthki/public_html/php.ini
[Thu Jul 30 08:36:19.445458 2026] [core:error] [pid 2411366:tid 2411366] [client 66.249.64.170:59343] AH00124: Request exceeded the limit of 10 internal redirects due to probable configuration error. Use 'LimitInternalRecursion' to increase the limit if necessary. Use 'LogLevel debug' to get a backtrace.
[Thu Jul 30 08:36:19.445486 2026] [core:error] [pid 2411366:tid 2411366] [client 66.249.64.170:59343] AH00124: Request exceeded the limit of 10 internal redirects due to probable configuration error. Use 'LimitInternalRecursion' to increase the limit if necessary. Use 'LogLevel debug' to get a backtrace.
[Thu Jul 30 08:36:19.619890 2026] [ssl:error] [pid 2415834:tid 2415834] (70014)End of file found: [client 216.73.216.199:50637] AH02013: coalesce failed to read from data bucket
[Thu Jul 30 08:36:20.653988 2026] [ssl:error] [pid 2412506:tid 2412506] (70014)End of file found: [client 216.73.216.199:5940] AH02013: coalesce failed to read from data bucket
[Thu Jul 30 08:36:21.358625 2026] [security2:error] [pid 2420367:tid 2420367] [client 20.171.55.167:3049] ModSecurity: Warning. Matched phrase "wp-config.php" at REQUEST_FILENAME. [file "/etc/apache2/conf.d/modsec_vendor_configs/OWASP3/rules/REQUEST-930-APPLICATION-ATTACK-LFI.conf"] [line "49"] [id "930130"] [rev "1"] [msg "Restricted File Access Attempt"] [data "Matched Data: wp-config.php found within REQUEST_FILENAME: /.well-known/pki-validation/wp-config.php"] [severity "CRITICAL"] [ver "OWASP_CRS/3.0.0"] [maturity "7"] [accuracy "8"] [tag "application-multi"] [tag "language-multi"] [tag "platform-multi"] [tag "attack-lfi"] [tag "OWASP_CRS/WEB_ATTACK/FILE_INJECTION"] [tag "WASCTC/WASC-33"] [tag "OWASP_TOP_10/A4"] [tag "PCI/6.5.4"] [hostname "lucynaden.com"] [uri "/.well-known/pki-validation/wp-config.php"] [unique_id "amr-9SSe2NSLL34J1qvSLQAAACo"]
[Thu Jul 30 08:36:21.358790 2026] [security2:error] [pid 2420367:tid 2420367] [client 20.171.55.167:3049] ModSecurity: Access denied with code 403 (phase 2). Operator GE matched 5 at TX:anomaly_score. [file "/etc/apache2/conf.d/modsec_vendor_configs/OWASP3/rules/REQUEST-949-BLOCKING-EVALUATION.conf"] [line "30"] [id "949110"] [msg "Inbound Anomaly Score Exceeded (Total Score: 5)"] [severity "CRITICAL"] [tag "application-multi"] [tag "language-multi"] [tag "platform-multi"] [tag "attack-generic"] [hostname "lucynaden.com"] [uri "/.well-known/pki-validation/wp-config.php"] [unique_id "amr-9SSe2NSLL34J1qvSLQAAACo"]
[Thu Jul 30 08:36:21.358991 2026] [security2:error] [pid 2420367:tid 2420367] [client 20.171.55.167:3049] ModSecurity: Warning. Operator GE matched 5 at TX:inbound_anomaly_score. [file "/etc/apache2/conf.d/modsec_vendor_configs/OWASP3/rules/RESPONSE-980-CORRELATION.conf"] [line "37"] [id "980130"] [msg "Inbound Anomaly Score Exceeded (Total Inbound Score: 5 - SQLI=0,XSS=0,RFI=0,LFI=5,RCE=0,PHPI=0,HTTP=0,SESS=0): Restricted File Access Attempt"] [tag "event-correlation"] [hostname "lucynaden.com"] [uri "/.well-known/pki-validation/wp-config.php"] [unique_id "amr-9SSe2NSLL34J1qvSLQAAACo"]
[Thu Jul 30 08:36:21.496500 2026] [ssl:error] [pid 2411314:tid 2411314] (EAI 2)Name or service not known: [client 144.76.19.72:56616] AH01972: could not resolve address of OCSP responder r10.o.lencr.org
[Thu Jul 30 08:36:21.496526 2026] [ssl:error] [pid 2411314:tid 2411314] AH01941: stapling_renew_response: responder error
[Thu Jul 30 08:36:21.553645 2026] [ssl:error] [pid 2414865:tid 2414865] (EAI 2)Name or service not known: [client 144.76.19.72:56626] AH01972: could not resolve address of OCSP responder r10.o.lencr.org
[Thu Jul 30 08:36:21.553672 2026] [ssl:error] [pid 2414865:tid 2414865] AH01941: stapling_renew_response: responder error
[Thu Jul 30 08:36:21.579658 2026] [lsapi:warn] [pid 2420130:tid 2420130] [client 217.165.124.222:0] [host revoracing.org.uk] Backend log: PHP Deprecated: Automatically populating $HTTP_RAW_POST_DATA is deprecated and will be removed in a future version. To avoid this warning set 'always_populate_raw_post_data' to '-1' in php.ini and use the php://input stream instead. in Unknown on line 0\n
[Thu Jul 30 08:36:22.697269 2026] [authz_core:error] [pid 2420320:tid 2420320] [client 57.141.0.9:28234] AH01630: client denied by server configuration: /home/candidejacobs/public_html/error_log
[Thu Jul 30 08:36:22.697924 2026] [authz_core:error] [pid 2420320:tid 2420320] [client 57.141.0.9:28234] AH01630: client denied by server configuration: /home/candidejacobs/public_html/php.ini
[Thu Jul 30 08:36:22.868687 2026] [authz_core:error] [pid 2412429:tid 2412429] [client 57.141.0.6:57914] AH01630: client denied by server configuration: /home/candidejacobs/public_html/error_log
[Thu Jul 30 08:36:22.869303 2026] [authz_core:error] [pid 2412429:tid 2412429] [client 57.141.0.6:57914] AH01630: client denied by server configuration: /home/candidejacobs/public_html/php.ini
[Thu Jul 30 08:36:23.579443 2026] [core:error] [pid 2411366:tid 2411366] [client 66.249.66.71:48059] AH00124: Request exceeded the limit of 10 internal redirects due to probable configuration error. Use 'LimitInternalRecursion' to increase the limit if necessary. Use 'LogLevel debug' to get a backtrace.
[Thu Jul 30 08:36:23.579468 2026] [core:error] [pid 2411366:tid 2411366] [client 66.249.66.71:48059] AH00124: Request exceeded the limit of 10 internal redirects due to probable configuration error. Use 'LimitInternalRecursion' to increase the limit if necessary. Use 'LogLevel debug' to get a backtrace.
[Thu Jul 30 08:36:24.069500 2026] [ssl:error] [pid 2419081:tid 2419081] (70014)End of file found: [client 216.73.216.199:30311] AH02013: coalesce failed to read from data bucket
[Thu Jul 30 08:36:24.637692 2026] [ssl:error] [pid 2420319:tid 2420319] (EAI 2)Name or service not known: [client 144.76.19.72:56636] AH01972: could not resolve address of OCSP responder r10.o.lencr.org
[Thu Jul 30 08:36:24.637724 2026] [ssl:error] [pid 2420319:tid 2420319] AH01941: stapling_renew_response: responder error
[Thu Jul 30 08:36:24.692584 2026] [ssl:error] [pid 2411366:tid 2411366] (EAI 2)Name or service not known: [client 144.76.19.72:56648] AH01972: could not resolve address of OCSP responder r10.o.lencr.org
[Thu Jul 30 08:36:24.692611 2026] [ssl:error] [pid 2411366:tid 2411366] AH01941: stapling_renew_response: responder error
[Thu Jul 30 08:36:25.598409 2026] [access_compat:error] [pid 2419665:tid 2419665] [client 106.215.157.145:19617] AH01797: client denied by server configuration: /home/thepryor/public_html/xmlrpc.php
[Thu Jul 30 08:36:26.177925 2026] [ssl:error] [pid 2412502:tid 2412502] (70014)End of file found: [client 216.73.216.199:61590] AH02013: coalesce failed to read from data bucket
[Thu Jul 30 08:36:26.574574 2026] [authz_core:error] [pid 2420262:tid 2420262] [client 57.141.0.21:40884] AH01630: client denied by server configuration: /home/candidejacobs/public_html/error_log
[Thu Jul 30 08:36:26.575191 2026] [authz_core:error] [pid 2420262:tid 2420262] [client 57.141.0.21:40884] AH01630: client denied by server configuration: /home/candidejacobs/public_html/php.ini
[Thu Jul 30 08:36:27.746198 2026] [ssl:error] [pid 2411373:tid 2411373] (EAI 2)Name or service not known: [client 144.76.19.72:56662] AH01972: could not resolve address of OCSP responder r10.o.lencr.org
[Thu Jul 30 08:36:27.746238 2026] [ssl:error] [pid 2411373:tid 2411373] AH01941: stapling_renew_response: responder error
[Thu Jul 30 08:36:27.798922 2026] [ssl:error] [pid 2420262:tid 2420262] (EAI 2)Name or service not known: [client 144.76.19.72:56664] AH01972: could not resolve address of OCSP responder r10.o.lencr.org
[Thu Jul 30 08:36:27.798953 2026] [ssl:error] [pid 2420262:tid 2420262] AH01941: stapling_renew_response: responder error
[Thu Jul 30 08:36:28.010807 2026] [authz_core:error] [pid 2417171:tid 2417171] [client 57.141.0.58:40382] AH01630: client denied by server configuration: /home/candidejacobs/public_html/error_log
[Thu Jul 30 08:36:28.011426 2026] [authz_core:error] [pid 2417171:tid 2417171] [client 57.141.0.58:40382] AH01630: client denied by server configuration: /home/candidejacobs/public_html/php.ini
[Thu Jul 30 08:36:28.891574 2026] [ssl:error] [pid 2418302:tid 2418302] (70014)End of file found: [client 216.73.216.199:15831] AH02013: coalesce failed to read from data bucket
[Thu Jul 30 08:36:30.853482 2026] [ssl:error] [pid 2420320:tid 2420320] (EAI 2)Name or service not known: [client 144.76.19.72:41946] AH01972: could not resolve address of OCSP responder r10.o.lencr.org
[Thu Jul 30 08:36:30.853507 2026] [ssl:error] [pid 2420320:tid 2420320] AH01941: stapling_renew_response: responder error
[Thu Jul 30 08:36:30.909325 2026] [ssl:error] [pid 2411415:tid 2411415] (EAI 2)Name or service not known: [client 144.76.19.72:41956] AH01972: could not resolve address of OCSP responder r10.o.lencr.org
[Thu Jul 30 08:36:30.909344 2026] [ssl:error] [pid 2411415:tid 2411415] AH01941: stapling_renew_response: responder error
[Thu Jul 30 08:36:31.282658 2026] [ssl:error] [pid 2415778:tid 2415778] (70014)End of file found: [client 216.73.216.199:20626] AH02013: coalesce failed to read from data bucket
[Thu Jul 30 08:36:31.883459 2026] [ssl:error] [pid 2421705:tid 2421705] (70014)End of file found: [client 216.73.216.199:18709] AH02013: coalesce failed to read from data bucket
[Thu Jul 30 08:36:32.200954 2026] [lsapi:warn] [pid 2412472:tid 2412472] [client 217.165.124.222:0] [host revoracing.org.uk] Backend log: PHP Deprecated: Automatically populating $HTTP_RAW_POST_DATA is deprecated and will be removed in a future version. To avoid this warning set 'always_populate_raw_post_data' to '-1' in php.ini and use the php://input stream instead. in Unknown on line 0\n
[Thu Jul 30 08:36:33.598539 2026] [authz_core:error] [pid 2420320:tid 2420320] [client 57.141.0.32:46580] AH01630: client denied by server configuration: /home/candidejacobs/public_html/error_log
[Thu Jul 30 08:36:33.599183 2026] [authz_core:error] [pid 2420320:tid 2420320] [client 57.141.0.32:46580] AH01630: client denied by server configuration: /home/candidejacobs/public_html/php.ini
[Thu Jul 30 08:36:33.695261 2026] [ssl:error] [pid 2415708:tid 2415708] (70014)End of file found: [client 216.73.216.199:13788] AH02013: coalesce failed to read from data bucket
[Thu Jul 30 08:36:33.965759 2026] [ssl:error] [pid 2421758:tid 2421758] (EAI 2)Name or service not known: [client 144.76.19.72:41964] AH01972: could not resolve address of OCSP responder r10.o.lencr.org
[Thu Jul 30 08:36:33.965797 2026] [ssl:error] [pid 2421758:tid 2421758] AH01941: stapling_renew_response: responder error
[Thu Jul 30 08:36:34.017914 2026] [ssl:error] [pid 2411366:tid 2411366] (EAI 2)Name or service not known: [client 144.76.19.72:41970] AH01972: could not resolve address of OCSP responder r10.o.lencr.org
[Thu Jul 30 08:36:34.017937 2026] [ssl:error] [pid 2411366:tid 2411366] AH01941: stapling_renew_response: responder error
[Thu Jul 30 08:36:35.170673 2026] [authz_core:error] [pid 2420368:tid 2420368] [client 57.141.0.17:34696] AH01630: client denied by server configuration: /home/candidejacobs/public_html/error_log
[Thu Jul 30 08:36:35.171298 2026] [authz_core:error] [pid 2420368:tid 2420368] [client 57.141.0.17:34696] AH01630: client denied by server configuration: /home/candidejacobs/public_html/php.ini
[Thu Jul 30 08:36:36.177017 2026] [core:error] [pid 2419665:tid 2419665] [client 107.150.61.58:37138] AH00124: Request exceeded the limit of 10 internal redirects due to probable configuration error. Use 'LimitInternalRecursion' to increase the limit if necessary. Use 'LogLevel debug' to get a backtrace., referer: http://stopfordsackville.com/wp-includes/edit.php
[Thu Jul 30 08:36:36.177045 2026] [core:error] [pid 2419665:tid 2419665] [client 107.150.61.58:37138] AH00124: Request exceeded the limit of 10 internal redirects due to probable configuration error. Use 'LimitInternalRecursion' to increase the limit if necessary. Use 'LogLevel debug' to get a backtrace., referer: http://stopfordsackville.com/wp-includes/edit.php
[Thu Jul 30 08:36:36.615218 2026] [core:error] [pid 2412506:tid 2412506] (13)Permission denied: [client 216.73.216.199:58413] AH00132: file permissions deny server access: /home/healthki/public_html/wp-includes/js/swfupload/1/2/sys/kernel/slab/Acpi-Parse/red_zone
[Thu Jul 30 08:36:36.720429 2026] [ssl:error] [pid 2412506:tid 2412506] (70014)End of file found: [client 216.73.216.199:58413] AH02013: coalesce failed to read from data bucket
[Thu Jul 30 08:36:36.964342 2026] [authz_core:error] [pid 2414864:tid 2414864] [client 57.141.0.1:64752] AH01630: client denied by server configuration: /home/candidejacobs/public_html/error_log
[Thu Jul 30 08:36:36.964965 2026] [authz_core:error] [pid 2414864:tid 2414864] [client 57.141.0.1:64752] AH01630: client denied by server configuration: /home/candidejacobs/public_html/php.ini
[Thu Jul 30 08:36:37.106106 2026] [ssl:error] [pid 2411415:tid 2411415] (EAI 2)Name or service not known: [client 144.76.19.72:41972] AH01972: could not resolve address of OCSP responder r10.o.lencr.org
[Thu Jul 30 08:36:37.106172 2026] [ssl:error] [pid 2411415:tid 2411415] AH01941: stapling_renew_response: responder error
[Thu Jul 30 08:36:37.158008 2026] [ssl:error] [pid 2414864:tid 2414864] (EAI 2)Name or service not known: [client 144.76.19.72:41986] AH01972: could not resolve address of OCSP responder r10.o.lencr.org
[Thu Jul 30 08:36:37.158040 2026] [ssl:error] [pid 2414864:tid 2414864] AH01941: stapling_renew_response: responder error
[Thu Jul 30 08:36:37.212665 2026] [access_compat:error] [pid 2420131:tid 2420131] [client 106.215.157.145:26005] AH01797: client denied by server configuration: /home/thepryor/public_html/xmlrpc.php
[Thu Jul 30 08:36:37.622319 2026] [core:error] [pid 2415778:tid 2415778] (13)Permission denied: [client 216.73.216.199:58192] AH00132: file permissions deny server access: /home/healthki/public_html/wp-includes/js/swfupload/1/2/sys/devices/system/memory/memory198/subsystem/uevent
[Thu Jul 30 08:36:37.886033 2026] [authz_core:error] [pid 2421705:tid 2421705] [client 57.141.0.56:37124] AH01630: client denied by server configuration: /home/candidejacobs/public_html/error_log
[Thu Jul 30 08:36:37.887050 2026] [authz_core:error] [pid 2421705:tid 2421705] [client 57.141.0.56:37124] AH01630: client denied by server configuration: /home/candidejacobs/public_html/php.ini
[Thu Jul 30 08:36:38.351081 2026] [authz_core:error] [pid 2414864:tid 2414864] [client 57.141.0.7:62038] AH01630: client denied by server configuration: /home/candidejacobs/public_html/error_log
[Thu Jul 30 08:36:38.351706 2026] [authz_core:error] [pid 2414864:tid 2414864] [client 57.141.0.7:62038] AH01630: client denied by server configuration: /home/candidejacobs/public_html/php.ini
[Thu Jul 30 08:36:38.528124 2026] [ssl:error] [pid 2415778:tid 2415778] (70014)End of file found: [client 216.73.216.199:58192] AH02013: coalesce failed to read from data bucket
[Thu Jul 30 08:36:39.017532 2026] [ssl:error] [pid 2420087:tid 2420087] (70014)End of file found: [client 216.73.216.199:40841] AH02013: coalesce failed to read from data bucket
[Thu Jul 30 08:36:40.213522 2026] [ssl:error] [pid 2415708:tid 2415708] (EAI 2)Name or service not known: [client 144.76.19.72:60380] AH01972: could not resolve address of OCSP responder r10.o.lencr.org
[Thu Jul 30 08:36:40.213550 2026] [ssl:error] [pid 2415708:tid 2415708] AH01941: stapling_renew_response: responder error
[Thu Jul 30 08:36:40.269336 2026] [ssl:error] [pid 2422023:tid 2422023] (EAI 2)Name or service not known: [client 144.76.19.72:60386] AH01972: could not resolve address of OCSP responder r10.o.lencr.org
[Thu Jul 30 08:36:40.269366 2026] [ssl:error] [pid 2422023:tid 2422023] AH01941: stapling_renew_response: responder error
[Thu Jul 30 08:36:42.090129 2026] [authz_core:error] [pid 2415708:tid 2415708] [client 66.249.66.33:56396] AH01630: client denied by server configuration: /home/healthki/public_html/error_log
[Thu Jul 30 08:36:42.092921 2026] [authz_core:error] [pid 2415708:tid 2415708] [client 66.249.66.33:56396] AH01630: client denied by server configuration: /home/healthki/public_html/php.ini
[Thu Jul 30 08:36:42.505150 2026] [authz_core:error] [pid 2411106:tid 2411106] [client 57.141.0.49:30294] AH01630: client denied by server configuration: /home/candidejacobs/public_html/error_log
[Thu Jul 30 08:36:42.505771 2026] [authz_core:error] [pid 2411106:tid 2411106] [client 57.141.0.49:30294] AH01630: client denied by server configuration: /home/candidejacobs/public_html/php.ini
[Thu Jul 30 08:36:42.607012 2026] [core:error] [pid 2419960:tid 2419960] [client 107.150.61.58:37142] AH00124: Request exceeded the limit of 10 internal redirects due to probable configuration error. Use 'LimitInternalRecursion' to increase the limit if necessary. Use 'LogLevel debug' to get a backtrace., referer: http://stopfordsackville.com/wp-includes/edit.php
[Thu Jul 30 08:36:42.607033 2026] [core:error] [pid 2419960:tid 2419960] [client 107.150.61.58:37142] AH00124: Request exceeded the limit of 10 internal redirects due to probable configuration error. Use 'LimitInternalRecursion' to increase the limit if necessary. Use 'LogLevel debug' to get a backtrace., referer: http://stopfordsackville.com/wp-includes/edit.php
[Thu Jul 30 08:36:42.828280 2026] [lsapi:warn] [pid 2419081:tid 2419081] [client 217.165.124.222:0] [host revoracing.org.uk] Backend log: PHP Deprecated: Automatically populating $HTTP_RAW_POST_DATA is deprecated and will be removed in a future version. To avoid this warning set 'always_populate_raw_post_data' to '-1' in php.ini and use the php://input stream instead. in Unknown on line 0\n
[Thu Jul 30 08:36:43.322940 2026] [ssl:error] [pid 2420131:tid 2420131] (EAI 2)Name or service not known: [client 144.76.19.72:60400] AH01972: could not resolve address of OCSP responder r10.o.lencr.org
[Thu Jul 30 08:36:43.322968 2026] [ssl:error] [pid 2420131:tid 2420131] AH01941: stapling_renew_response: responder error
[Thu Jul 30 08:36:43.380012 2026] [ssl:error] [pid 2412502:tid 2412502] (EAI 2)Name or service not known: [client 144.76.19.72:60410] AH01972: could not resolve address of OCSP responder r10.o.lencr.org
[Thu Jul 30 08:36:43.380033 2026] [ssl:error] [pid 2412502:tid 2412502] AH01941: stapling_renew_response: responder error
[Thu Jul 30 08:36:43.791912 2026] [authz_core:error] [pid 2415708:tid 2415708] [client 66.249.66.33:56396] AH01630: client denied by server configuration: /home/healthki/public_html/error_log
[Thu Jul 30 08:36:43.794697 2026] [authz_core:error] [pid 2415708:tid 2415708] [client 66.249.66.33:56396] AH01630: client denied by server configuration: /home/healthki/public_html/php.ini
[Thu Jul 30 08:36:44.698481 2026] [authz_core:error] [pid 2420319:tid 2420319] [client 57.141.0.39:62962] AH01630: client denied by server configuration: /home/candidejacobs/public_html/error_log
[Thu Jul 30 08:36:44.699106 2026] [authz_core:error] [pid 2420319:tid 2420319] [client 57.141.0.39:62962] AH01630: client denied by server configuration: /home/candidejacobs/public_html/php.ini
[Thu Jul 30 08:36:45.154214 2026] [ssl:error] [pid 2414865:tid 2414865] (70014)End of file found: [client 216.73.216.199:59194] AH02013: coalesce failed to read from data bucket
[Thu Jul 30 08:36:46.060834 2026] [core:error] [pid 2411316:tid 2411316] (13)Permission denied: [client 216.73.216.199:5507] AH00132: file permissions deny server access: /home/healthki/public_html/wp-includes/js/swfupload/1/2/sys/kernel/slab/biovec-64/remote_node_defrag_ratio
[Thu Jul 30 08:36:46.439956 2026] [ssl:error] [pid 2412509:tid 2412509] (EAI 2)Name or service not known: [client 144.76.19.72:60424] AH01972: could not resolve address of OCSP responder r10.o.lencr.org
[Thu Jul 30 08:36:46.439999 2026] [ssl:error] [pid 2412509:tid 2412509] AH01941: stapling_renew_response: responder error
[Thu Jul 30 08:36:46.494526 2026] [ssl:error] [pid 2413521:tid 2413521] (EAI 2)Name or service not known: [client 144.76.19.72:60428] AH01972: could not resolve address of OCSP responder r10.o.lencr.org
[Thu Jul 30 08:36:46.494573 2026] [ssl:error] [pid 2413521:tid 2413521] AH01941: stapling_renew_response: responder error
[Thu Jul 30 08:36:46.644799 2026] [authz_core:error] [pid 2420262:tid 2420262] [client 169.58.39.192:56063] AH01630: client denied by server configuration: /home/shelterf/public_html/wp-includes/error_log, referer: binance.com
[Thu Jul 30 08:36:46.675134 2026] [ssl:error] [pid 2411316:tid 2411316] (70014)End of file found: [client 216.73.216.199:5507] AH02013: coalesce failed to read from data bucket
[Thu Jul 30 08:36:47.265658 2026] [authz_core:error] [pid 2419769:tid 2419769] [client 57.141.0.8:39150] AH01630: client denied by server configuration: /home/candidejacobs/public_html/error_log
[Thu Jul 30 08:36:47.266329 2026] [authz_core:error] [pid 2419769:tid 2419769] [client 57.141.0.8:39150] AH01630: client denied by server configuration: /home/candidejacobs/public_html/php.ini
[Thu Jul 30 08:36:47.636900 2026] [access_compat:error] [pid 2411373:tid 2411373] [client 106.215.157.145:30851] AH01797: client denied by server configuration: /home/thepryor/public_html/xmlrpc.php
[Thu Jul 30 08:36:47.894351 2026] [core:error] [pid 2411420:tid 2411420] (13)Permission denied: [client 216.73.216.199:35551] AH00132: file permissions deny server access: /home/healthki/public_html/wp-includes/js/swfupload/1/2/sys/kernel/slab/xfs_efi_item/min_partial
[Thu Jul 30 08:36:48.046397 2026] [authz_core:error] [pid 2422379:tid 2422379] [client 57.141.0.7:60580] AH01630: client denied by server configuration: /home/candidejacobs/public_html/error_log
[Thu Jul 30 08:36:48.047043 2026] [authz_core:error] [pid 2422379:tid 2422379] [client 57.141.0.7:60580] AH01630: client denied by server configuration: /home/candidejacobs/public_html/php.ini
[Thu Jul 30 08:36:48.496296 2026] [core:error] [pid 2411420:tid 2411420] (13)Permission denied: [client 216.73.216.199:35551] AH00132: file permissions deny server access: /home/healthki/public_html/wp-includes/js/swfupload/1/2/sys/kernel/slab/Acpi-Parse/store_user
[Thu Jul 30 08:36:49.401666 2026] [ssl:error] [pid 2411420:tid 2411420] (70014)End of file found: [client 216.73.216.199:35551] AH02013: coalesce failed to read from data bucket
[Thu Jul 30 08:36:49.552571 2026] [ssl:error] [pid 2420367:tid 2420367] (EAI 2)Name or service not known: [client 144.76.19.72:60436] AH01972: could not resolve address of OCSP responder r10.o.lencr.org
[Thu Jul 30 08:36:49.552616 2026] [ssl:error] [pid 2420367:tid 2420367] AH01941: stapling_renew_response: responder error
[Thu Jul 30 08:36:49.611514 2026] [ssl:error] [pid 2421983:tid 2421983] (EAI 2)Name or service not known: [client 144.76.19.72:60670] AH01972: could not resolve address of OCSP responder r10.o.lencr.org
[Thu Jul 30 08:36:49.611556 2026] [ssl:error] [pid 2421983:tid 2421983] AH01941: stapling_renew_response: responder error
[Thu Jul 30 08:36:50.538666 2026] [authz_core:error] [pid 2420367:tid 2420367] [client 169.58.39.192:57058] AH01630: client denied by server configuration: /home/shelterf/public_html/wp-includes/error_log, referer: binance.com
[Thu Jul 30 08:36:51.220776 2026] [core:error] [pid 2414917:tid 2414917] (13)Permission denied: [client 216.73.216.199:39718] AH00132: file permissions deny server access: /home/healthki/public_html/wp-includes/js/swfupload/1/2/sys/class/tty/tty60/subsystem/ttyS0/rx_trig_bytes
[Thu Jul 30 08:36:52.127493 2026] [core:error] [pid 2414917:tid 2414917] (13)Permission denied: [client 216.73.216.199:39718] AH00132: file permissions deny server access: /home/healthki/public_html/wp-includes/js/swfupload/1/2/sys/module/nft_reject/sections/__kcrctab_gpl
[Thu Jul 30 08:36:52.428966 2026] [ssl:error] [pid 2414917:tid 2414917] (70014)End of file found: [client 216.73.216.199:39718] AH02013: coalesce failed to read from data bucket
[Thu Jul 30 08:36:52.633962 2026] [authz_core:error] [pid 2415708:tid 2415708] [client 57.141.0.64:56250] AH01630: client denied by server configuration: /home/candidejacobs/public_html/error_log
[Thu Jul 30 08:36:52.634639 2026] [authz_core:error] [pid 2415708:tid 2415708] [client 57.141.0.64:56250] AH01630: client denied by server configuration: /home/candidejacobs/public_html/php.ini
[Thu Jul 30 08:36:52.670006 2026] [ssl:error] [pid 2410999:tid 2410999] (EAI 2)Name or service not known: [client 144.76.19.72:60672] AH01972: could not resolve address of OCSP responder r10.o.lencr.org
[Thu Jul 30 08:36:52.670031 2026] [ssl:error] [pid 2410999:tid 2410999] AH01941: stapling_renew_response: responder error
[Thu Jul 30 08:36:52.724520 2026] [ssl:error] [pid 2412472:tid 2412472] (EAI 2)Name or service not known: [client 144.76.19.72:60678] AH01972: could not resolve address of OCSP responder r10.o.lencr.org
[Thu Jul 30 08:36:52.724543 2026] [ssl:error] [pid 2412472:tid 2412472] AH01941: stapling_renew_response: responder error
[Thu Jul 30 08:36:53.332263 2026] [ssl:error] [pid 2411316:tid 2411316] (70014)End of file found: [client 216.73.216.199:16324] AH02013: coalesce failed to read from data bucket
[Thu Jul 30 08:36:53.471207 2026] [lsapi:warn] [pid 2419665:tid 2419665] [client 217.165.124.222:0] [host revoracing.org.uk] Backend log: PHP Deprecated: Automatically populating $HTTP_RAW_POST_DATA is deprecated and will be removed in a future version. To avoid this warning set 'always_populate_raw_post_data' to '-1' in php.ini and use the php://input stream instead. in Unknown on line 0\n
[Thu Jul 30 08:36:53.624388 2026] [authz_core:error] [pid 2421367:tid 2421367] [client 57.141.0.37:62990] AH01630: client denied by server configuration: /home/candidejacobs/public_html/error_log
[Thu Jul 30 08:36:53.625083 2026] [authz_core:error] [pid 2421367:tid 2421367] [client 57.141.0.37:62990] AH01630: client denied by server configuration: /home/candidejacobs/public_html/php.ini
[Thu Jul 30 08:36:54.906433 2026] [lsapi:warn] [pid 2419665:tid 2419665] [client 45.158.164.139:42134] [host brodie-engineering.co.uk] Backend log: PHP Warning: Unknown: write failed: Disk quota exceeded (122) in Unknown on line 0\n
[Thu Jul 30 08:36:54.906477 2026] [lsapi:warn] [pid 2419665:tid 2419665] [client 45.158.164.139:42134] [host brodie-engineering.co.uk] Backend log: PHP Warning: Unknown: Failed to write session data (files). Please verify that the current setting of session.save_path is correct (/tmp) in Unknown on line 0\n
[Thu Jul 30 08:36:55.782508 2026] [ssl:error] [pid 2420712:tid 2420712] (EAI 2)Name or service not known: [client 144.76.19.72:60692] AH01972: could not resolve address of OCSP responder r10.o.lencr.org
[Thu Jul 30 08:36:55.782538 2026] [ssl:error] [pid 2420712:tid 2420712] AH01941: stapling_renew_response: responder error
[Thu Jul 30 08:36:55.837307 2026] [ssl:error] [pid 2420831:tid 2420831] (EAI 2)Name or service not known: [client 144.76.19.72:60708] AH01972: could not resolve address of OCSP responder r10.o.lencr.org
[Thu Jul 30 08:36:55.837334 2026] [ssl:error] [pid 2420831:tid 2420831] AH01941: stapling_renew_response: responder error
[Thu Jul 30 08:36:56.382256 2026] [ssl:error] [pid 2420367:tid 2420367] (70014)End of file found: [client 216.73.216.199:53628] AH02013: coalesce failed to read from data bucket
[Thu Jul 30 08:36:56.620550 2026] [authz_core:error] [pid 2411409:tid 2411409] [client 57.141.0.6:32200] AH01630: client denied by server configuration: /home/candidejacobs/public_html/error_log
[Thu Jul 30 08:36:56.621179 2026] [authz_core:error] [pid 2411409:tid 2411409] [client 57.141.0.6:32200] AH01630: client denied by server configuration: /home/candidejacobs/public_html/php.ini
[Thu Jul 30 08:36:57.051479 2026] [security2:error] [pid 2412472:tid 2412472] [client 43.157.172.39:47104] ModSecurity: Warning. Pattern match "\\\\b(keep-alive|close),\\\\s?(keep-alive|close)\\\\b" at REQUEST_HEADERS:Connection. [file "/etc/apache2/conf.d/modsec_vendor_configs/OWASP3/rules/REQUEST-920-PROTOCOL-ENFORCEMENT.conf"] [line "198"] [id "920210"] [rev "2"] [msg "Multiple/Conflicting Connection Header Data Found."] [data "keep-alive, close"] [severity "WARNING"] [ver "OWASP_CRS/3.0.0"] [maturity "6"] [accuracy "8"] [tag "application-multi"] [tag "language-multi"] [tag "platform-multi"] [tag "attack-protocol"] [tag "OWASP_CRS/PROTOCOL_VIOLATION/INVALID_HREQ"] [hostname "www.taylorshouse.com"] [uri "/"] [unique_id "amr_GS8z5UsblH75uX6kugAAABc"]
[Thu Jul 30 08:36:57.063104 2026] [access_compat:error] [pid 2419960:tid 2419960] [client 106.215.157.145:22888] AH01797: client denied by server configuration: /home/thepryor/public_html/xmlrpc.php
[Thu Jul 30 08:36:57.488153 2026] [access_compat:error] [pid 2413521:tid 2413521] [client 45.158.164.139:42194] AH01797: client denied by server configuration: /home/thepryor/public_html/wp-cron.php
[Thu Jul 30 08:36:58.144861 2026] [security2:error] [pid 2420368:tid 2420368] [client 43.157.172.39:48992] ModSecurity: Warning. Pattern match "\\\\b(keep-alive|close),\\\\s?(keep-alive|close)\\\\b" at REQUEST_HEADERS:Connection. [file "/etc/apache2/conf.d/modsec_vendor_configs/OWASP3/rules/REQUEST-920-PROTOCOL-ENFORCEMENT.conf"] [line "198"] [id "920210"] [rev "2"] [msg "Multiple/Conflicting Connection Header Data Found."] [data "keep-alive, close"] [severity "WARNING"] [ver "OWASP_CRS/3.0.0"] [maturity "6"] [accuracy "8"] [tag "application-multi"] [tag "language-multi"] [tag "platform-multi"] [tag "attack-protocol"] [tag "OWASP_CRS/PROTOCOL_VIOLATION/INVALID_HREQ"] [hostname "www.taylorshouse.com"] [uri "/home"] [unique_id "amr_GtIk9vtWgKYiYE5hcgAAACs"], referer: http://www.taylorshouse.com
[Thu Jul 30 08:36:58.541013 2026] [ssl:error] [pid 2418302:tid 2418302] (70014)End of file found: [client 216.73.216.199:37997] AH02013: coalesce failed to read from data bucket
[Thu Jul 30 08:36:58.894639 2026] [ssl:error] [pid 2420831:tid 2420831] (EAI 2)Name or service not known: [client 144.76.19.72:60722] AH01972: could not resolve address of OCSP responder r10.o.lencr.org
[Thu Jul 30 08:36:58.894675 2026] [ssl:error] [pid 2420831:tid 2420831] AH01941: stapling_renew_response: responder error
[Thu Jul 30 08:36:58.947485 2026] [ssl:error] [pid 2421983:tid 2421983] (EAI 2)Name or service not known: [client 144.76.19.72:60730] AH01972: could not resolve address of OCSP responder r10.o.lencr.org
[Thu Jul 30 08:36:58.947508 2026] [ssl:error] [pid 2421983:tid 2421983] AH01941: stapling_renew_response: responder error
[Thu Jul 30 08:36:59.295378 2026] [security2:error] [pid 2411409:tid 2411409] [client 43.157.172.39:51178] ModSecurity: Warning. Pattern match "\\\\b(keep-alive|close),\\\\s?(keep-alive|close)\\\\b" at REQUEST_HEADERS:Connection. [file "/etc/apache2/conf.d/modsec_vendor_configs/OWASP3/rules/REQUEST-920-PROTOCOL-ENFORCEMENT.conf"] [line "198"] [id "920210"] [rev "2"] [msg "Multiple/Conflicting Connection Header Data Found."] [data "keep-alive, close"] [severity "WARNING"] [ver "OWASP_CRS/3.0.0"] [maturity "6"] [accuracy "8"] [tag "application-multi"] [tag "language-multi"] [tag "platform-multi"] [tag "attack-protocol"] [tag "OWASP_CRS/PROTOCOL_VIOLATION/INVALID_HREQ"] [hostname "www.taylorshouse.com"] [uri "/home/"] [unique_id "amr_G3iGnV0lYiYXbxD-FgAAACI"], referer: http://www.taylorshouse.com/home
[Thu Jul 30 08:36:59.464505 2026] [ssl:error] [pid 2410999:tid 2410999] (70014)End of file found: [client 216.73.216.199:22922] AH02013: coalesce failed to read from data bucket
[Thu Jul 30 08:37:00.933224 2026] [security2:error] [pid 2420368:tid 2420368] [client 43.157.172.39:53766] ModSecurity: Warning. Pattern match "\\\\b(keep-alive|close),\\\\s?(keep-alive|close)\\\\b" at REQUEST_HEADERS:Connection. [file "/etc/apache2/conf.d/modsec_vendor_configs/OWASP3/rules/REQUEST-920-PROTOCOL-ENFORCEMENT.conf"] [line "198"] [id "920210"] [rev "2"] [msg "Multiple/Conflicting Connection Header Data Found."] [data "keep-alive, close"] [severity "WARNING"] [ver "OWASP_CRS/3.0.0"] [maturity "6"] [accuracy "8"] [tag "application-multi"] [tag "language-multi"] [tag "platform-multi"] [tag "attack-protocol"] [tag "OWASP_CRS/PROTOCOL_VIOLATION/INVALID_HREQ"] [hostname "taylorshouse.com"] [uri "/home/"] [unique_id "amr_HNIk9vtWgKYiYE5hdAAAACs"], referer: http://www.taylorshouse.com/home/
[Thu Jul 30 08:37:02.000083 2026] [ssl:error] [pid 2421983:tid 2421983] (EAI 2)Name or service not known: [client 144.76.19.72:57070] AH01972: could not resolve address of OCSP responder r10.o.lencr.org
[Thu Jul 30 08:37:02.000122 2026] [ssl:error] [pid 2421983:tid 2421983] AH01941: stapling_renew_response: responder error
[Thu Jul 30 08:37:02.051422 2026] [ssl:error] [pid 2419665:tid 2419665] (EAI 2)Name or service not known: [client 144.76.19.72:57074] AH01972: could not resolve address of OCSP responder r10.o.lencr.org
[Thu Jul 30 08:37:02.051446 2026] [ssl:error] [pid 2419665:tid 2419665] AH01941: stapling_renew_response: responder error
[Thu Jul 30 08:37:02.271829 2026] [ssl:error] [pid 2412507:tid 2412507] (70014)End of file found: [client 216.73.216.199:6967] AH02013: coalesce failed to read from data bucket
[Thu Jul 30 08:37:02.877166 2026] [core:error] [pid 2411366:tid 2411366] (13)Permission denied: [client 216.73.216.199:64196] AH00132: file permissions deny server access: /home/healthki/public_html/wp-includes/js/swfupload/1/2/sys/kernel/slab/xfs_rud_item/alloc_calls
[Thu Jul 30 08:37:03.178997 2026] [ssl:error] [pid 2411366:tid 2411366] (70014)End of file found: [client 216.73.216.199:64196] AH02013: coalesce failed to read from data bucket
[Thu Jul 30 08:37:03.914907 2026] [access_compat:error] [pid 2421983:tid 2421983] [client 106.215.157.145:8779] AH01797: client denied by server configuration: /home/thepryor/public_html/xmlrpc.php
[Thu Jul 30 08:37:04.026704 2026] [lsapi:warn] [pid 2422835:tid 2422835] [client 217.165.124.222:0] [host revoracing.org.uk] Backend log: PHP Deprecated: Automatically populating $HTTP_RAW_POST_DATA is deprecated and will be removed in a future version. To avoid this warning set 'always_populate_raw_post_data' to '-1' in php.ini and use the php://input stream instead. in Unknown on line 0\n
[Thu Jul 30 08:37:04.466271 2026] [authz_core:error] [pid 2415778:tid 2415778] [client 57.141.0.51:31312] AH01630: client denied by server configuration: /home/candidejacobs/public_html/error_log
[Thu Jul 30 08:37:04.466919 2026] [authz_core:error] [pid 2415778:tid 2415778] [client 57.141.0.51:31312] AH01630: client denied by server configuration: /home/candidejacobs/public_html/php.ini
[Thu Jul 30 08:37:05.105096 2026] [ssl:error] [pid 2410999:tid 2410999] (EAI 2)Name or service not known: [client 144.76.19.72:57080] AH01972: could not resolve address of OCSP responder r10.o.lencr.org
[Thu Jul 30 08:37:05.105122 2026] [ssl:error] [pid 2410999:tid 2410999] AH01941: stapling_renew_response: responder error
[Thu Jul 30 08:37:05.162407 2026] [ssl:error] [pid 2422886:tid 2422886] (EAI 2)Name or service not known: [client 144.76.19.72:57086] AH01972: could not resolve address of OCSP responder r10.o.lencr.org
[Thu Jul 30 08:37:05.162457 2026] [ssl:error] [pid 2422886:tid 2422886] AH01941: stapling_renew_response: responder error
[Thu Jul 30 08:37:07.098063 2026] [ssl:error] [pid 2412474:tid 2412474] (70014)End of file found: [client 216.73.216.199:26295] AH02013: coalesce failed to read from data bucket
[Thu Jul 30 08:37:07.487904 2026] [cgi:error] [pid 2422885:tid 2422885] [client 47.128.117.52:28604] AH02811: stderr from /usr/local/cpanel/cgi-sys/ea-php73: script not found or unable to stat
[Thu Jul 30 08:37:07.582259 2026] [access_compat:error] [pid 2419081:tid 2419081] [client 106.215.157.145:6791] AH01797: client denied by server configuration: /home/thepryor/public_html/xmlrpc.php
[Thu Jul 30 08:37:08.011916 2026] [ssl:error] [pid 2410999:tid 2410999] (70014)End of file found: [client 216.73.216.199:62991] AH02013: coalesce failed to read from data bucket
[Thu Jul 30 08:37:08.241445 2026] [ssl:error] [pid 2419665:tid 2419665] (EAI 2)Name or service not known: [client 144.76.19.72:57092] AH01972: could not resolve address of OCSP responder r10.o.lencr.org
[Thu Jul 30 08:37:08.241485 2026] [ssl:error] [pid 2419665:tid 2419665] AH01941: stapling_renew_response: responder error
[Thu Jul 30 08:37:08.294453 2026] [ssl:error] [pid 2414865:tid 2414865] (EAI 2)Name or service not known: [client 144.76.19.72:57108] AH01972: could not resolve address of OCSP responder r10.o.lencr.org
[Thu Jul 30 08:37:08.294494 2026] [ssl:error] [pid 2414865:tid 2414865] AH01941: stapling_renew_response: responder error
[Thu Jul 30 08:37:08.797717 2026] [authz_core:error] [pid 2411415:tid 2411415] [client 57.141.0.71:40632] AH01630: client denied by server configuration: /home/candidejacobs/public_html/error_log
[Thu Jul 30 08:37:08.798355 2026] [authz_core:error] [pid 2411415:tid 2411415] [client 57.141.0.71:40632] AH01630: client denied by server configuration: /home/candidejacobs/public_html/php.ini
[Thu Jul 30 08:37:09.211162 2026] [core:error] [pid 2415708:tid 2415708] (13)Permission denied: [client 216.73.216.199:3179] AH00132: file permissions deny server access: /home/healthki/public_html/wp-includes/js/swfupload/1/2/sys/kernel/slab/PING/destroy_by_rcu
[Thu Jul 30 08:37:09.512732 2026] [core:error] [pid 2415708:tid 2415708] (13)Permission denied: [client 216.73.216.199:3179] AH00132: file permissions deny server access: /home/healthki/public_html/wp-includes/js/swfupload/1/2/sys/kernel/slab/xfs_bud_item/trace
[Thu Jul 30 08:37:10.320628 2026] [lsapi:error] [pid 2415708:tid 2415708] [client 216.73.216.199:3179] [host kinesiologylondon.co.uk] Backend fatal error: PHP Fatal error: Uncaught Error: Class "Plesk\\Wappspector\\MatchResult\\MatchResult" not found in /opt/cpanel/ea-wappspector/src/MatchResult/Prestashop.php:8\nStack trace:\n#0 {main}\n thrown in /opt/cpanel/ea-wappspector/src/MatchResult/Prestashop.php on line 8\n
[Thu Jul 30 08:37:11.333000 2026] [core:error] [pid 2419960:tid 2419960] (13)Permission denied: [client 216.73.216.199:9775] AH00132: file permissions deny server access: /home/healthki/public_html/wp-includes/js/swfupload/1/2/proc/self/root/usr/sbin/unix_update
[Thu Jul 30 08:37:11.346973 2026] [ssl:error] [pid 2418302:tid 2418302] (EAI 2)Name or service not known: [client 144.76.19.72:53690] AH01972: could not resolve address of OCSP responder r10.o.lencr.org
[Thu Jul 30 08:37:11.347005 2026] [ssl:error] [pid 2418302:tid 2418302] AH01941: stapling_renew_response: responder error
[Thu Jul 30 08:37:11.400134 2026] [ssl:error] [pid 2414865:tid 2414865] (EAI 2)Name or service not known: [client 144.76.19.72:53698] AH01972: could not resolve address of OCSP responder r10.o.lencr.org
[Thu Jul 30 08:37:11.400164 2026] [ssl:error] [pid 2414865:tid 2414865] AH01941: stapling_renew_response: responder error
