[Thu Jul 30 08:32:09.172725 2026] [hostinglimits:notice] [pid 2274919:tid 2274919] mod_hostinglimits: use Min UID 1000
[Thu Jul 30 08:32:09.172785 2026] [hostinglimits:notice] [pid 2274919:tid 2274919] mod_hostinglimits: version 1.0-39. LVE mechanism enabled
[Thu Jul 30 08:32:09.172790 2026] [hostinglimits:notice] [pid 2274919:tid 2274919] mod_hostinglimits: found apr extention version 3
[Thu Jul 30 08:32:09.172800 2026] [hostinglimits:notice] [pid 2274919:tid 2274919] mod_hostinglimits: apr_lve_environment_init_group_minuid check ok
[Thu Jul 30 08:32:09.177922 2026] [lsapi:notice] [pid 2274919:tid 2274919] mod_lsapi: version 1.1-96 with CRIU support
[Thu Jul 30 08:32:09.181162 2026] [:notice] [pid 2410982:tid 2410982] [host nativespace-pandora.ns-pandora.com] mod_lsapi: Selfstarter 2410982 started
[Thu Jul 30 08:32:09.204776 2026] [ssl:warn] [pid 2274919:tid 2274919] AH01909: craft-buddies.stadiumdatabase.com:443:0 server certificate does NOT include an ID which matches the server name
[Thu Jul 30 08:32:09.232112 2026] [ssl:warn] [pid 2274919:tid 2274919] AH01909: jonathanhill.stadiumdatabase.com:443:0 server certificate does NOT include an ID which matches the server name
[Thu Jul 30 08:32:09.237422 2026] [ssl:warn] [pid 2274919:tid 2274919] AH01909: development.horus-wellbeing.co.uk:443:0 server certificate does NOT include an ID which matches the server name
[Thu Jul 30 08:32:09.240578 2026] [ssl:warn] [pid 2274919:tid 2274919] AH01909: simplychange.robwalsh.com:443:0 server certificate does NOT include an ID which matches the server name
[Thu Jul 30 08:32:09.271470 2026] [ssl:warn] [pid 2274919:tid 2274919] AH01909: wartypig.stadiumdatabase.com:443:0 server certificate does NOT include an ID which matches the server name
[Thu Jul 30 08:32:09.272366 2026] [ssl:warn] [pid 2274919:tid 2274919] AH01909: lucynaden.stadiumdatabase.com:443:0 server certificate does NOT include an ID which matches the server name
[Thu Jul 30 08:32:09.281516 2026] [ssl:warn] [pid 2274919:tid 2274919] AH01909: sharonduggal.sharonduggal.com:443:0 server certificate does NOT include an ID which matches the server name
[Thu Jul 30 08:32:09.314064 2026] [ssl:warn] [pid 2274919:tid 2274919] AH01909: vain.yorkschoolofsewing.co.uk:443:0 server certificate does NOT include an ID which matches the server name
[Thu Jul 30 08:32:09.314901 2026] [ssl:warn] [pid 2274919:tid 2274919] AH01909: sewyork.yorkschoolofsewing.co.uk:443:0 server certificate does NOT include an ID which matches the server name
[Thu Jul 30 08:32:09.315731 2026] [ssl:warn] [pid 2274919:tid 2274919] AH01909: p2studio.yorkschoolofsewing.co.uk:443:0 server certificate does NOT include an ID which matches the server name
[Thu Jul 30 08:32:09.316670 2026] [ssl:warn] [pid 2274919:tid 2274919] AH01909: yorkfabricshop.yorkschoolofsewing.co.uk:443:0 server certificate does NOT include an ID which matches the server name
[Thu Jul 30 08:32:09.317575 2026] [ssl:warn] [pid 2274919:tid 2274919] AH01909: yorkguitarworkshop.yorkschoolofsewing.co.uk:443:0 server certificate does NOT include an ID which matches the server name
[Thu Jul 30 08:32:09.318452 2026] [ssl:warn] [pid 2274919:tid 2274919] AH01909: karenthomasjewellery.yorkschoolofsewing.co.uk:443:0 server certificate does NOT include an ID which matches the server name
[Thu Jul 30 08:32:09.320326 2026] [ssl:warn] [pid 2274919:tid 2274919] AH01909: codeworks.printmycontent.com:443:0 server certificate does NOT include an ID which matches the server name
[Thu Jul 30 08:32:09.321233 2026] [ssl:warn] [pid 2274919:tid 2274919] AH01909: codeworksuk.printmycontent.com:443:0 server certificate does NOT include an ID which matches the server name
[Thu Jul 30 08:32:09.322147 2026] [ssl:warn] [pid 2274919:tid 2274919] AH01909: thewhitefamily.printmycontent.com:443:0 server certificate does NOT include an ID which matches the server name
[Thu Jul 30 08:32:09.323016 2026] [ssl:warn] [pid 2274919:tid 2274919] AH01909: thewhitefamily.uk.printmycontent.com:443:0 server certificate does NOT include an ID which matches the server name
[Thu Jul 30 08:32:09.349200 2026] [ssl:warn] [pid 2274919:tid 2274919] AH01909: render-farm.broadcastmonitors.co.uk:443:0 server certificate does NOT include an ID which matches the server name
[Thu Jul 30 08:32:09.350152 2026] [ssl:warn] [pid 2274919:tid 2274919] AH01909: 4k-monitors.broadcastmonitors.co.uk:443:0 server certificate does NOT include an ID which matches the server name
[Thu Jul 30 08:32:09.351062 2026] [ssl:warn] [pid 2274919:tid 2274919] AH01909: renderserver.broadcastmonitors.co.uk:443:0 server certificate does NOT include an ID which matches the server name
[Thu Jul 30 08:32:09.351988 2026] [ssl:warn] [pid 2274919:tid 2274919] AH01909: 3dworkstation.broadcastmonitors.co.uk:443:0 server certificate does NOT include an ID which matches the server name
[Thu Jul 30 08:32:09.352912 2026] [ssl:warn] [pid 2274919:tid 2274919] AH01909: highbrightness.broadcastmonitors.co.uk:443:0 server certificate does NOT include an ID which matches the server name
[Thu Jul 30 08:32:09.357244 2026] [ssl:warn] [pid 2274919:tid 2274919] AH01909: highbrightnesscom.broadcastmonitors.co.uk:443:0 server certificate does NOT include an ID which matches the server name
[Thu Jul 30 08:32:09.379275 2026] [ssl:warn] [pid 2274919:tid 2274919] AH01909: evtech.ltd.jd-media.tv:443:0 server certificate does NOT include an ID which matches the server name
[Thu Jul 30 08:32:09.394638 2026] [ssl:warn] [pid 2274919:tid 2274919] AH01909: risergrating.grpgratingsystems.co.uk:443:0 server certificate does NOT include an ID which matches the server name
[Thu Jul 30 08:32:09.395422 2026] [ssl:warn] [pid 2274919:tid 2274919] AH01909: minimeshgrating.grpgratingsystems.co.uk:443:0 server certificate does NOT include an ID which matches the server name
[Thu Jul 30 08:32:09.408076 2026] [ssl:warn] [pid 2274919:tid 2274919] AH01909: europla.fireworkswedding.co.uk:443:0 server certificate does NOT include an ID which matches the server name
[Thu Jul 30 08:32:09.408947 2026] [ssl:warn] [pid 2274919:tid 2274919] AH01909: pyromusical.fireworkswedding.co.uk:443:0 server certificate does NOT include an ID which matches the server name
[Thu Jul 30 08:32:09.409756 2026] [ssl:warn] [pid 2274919:tid 2274919] AH01909: fireworkssolihull.fireworkswedding.co.uk:443:0 server certificate does NOT include an ID which matches the server name
[Thu Jul 30 08:32:09.420138 2026] [ssl:warn] [pid 2274919:tid 2274919] AH01909: ditchlingfair.ditchfest.com:443:0 server certificate does NOT include an ID which matches the server name
[Thu Jul 30 08:32:09.450453 2026] [ssl:warn] [pid 2274919:tid 2274919] AH01909: thecameramonkey.broken-paradox.com:443:0 server certificate does NOT include an ID which matches the server name
[Thu Jul 30 08:32:09.451425 2026] [ssl:warn] [pid 2274919:tid 2274919] AH01909: disturbancephotography.broken-paradox.com:443:0 server certificate does NOT include an ID which matches the server name
[Thu Jul 30 08:32:09.492490 2026] [ssl:warn] [pid 2274919:tid 2274919] AH01909: strategem-ireland.com:443:0 server certificate does NOT include an ID which matches the server name
[Thu Jul 30 08:32:09.505979 2026] [ssl:warn] [pid 2274919:tid 2274919] AH01909: sharonduggal.com:443:0 server certificate does NOT include an ID which matches the server name
[Thu Jul 30 08:32:09.585406 2026] [ssl:warn] [pid 2274919:tid 2274919] AH01909: grpgratingsystems.co.uk:443:0 server certificate does NOT include an ID which matches the server name
[Thu Jul 30 08:32:09.600334 2026] [ssl:warn] [pid 2274919:tid 2274919] AH01909: equinoxkombucha.com:443:0 server certificate does NOT include an ID which matches the server name
[Thu Jul 30 08:32:09.620118 2026] [ssl:warn] [pid 2274919:tid 2274919] AH01909: clucasdesign.com:443:0 server certificate does NOT include an ID which matches the server name
[Thu Jul 30 08:32:09.651100 2026] [ssl:warn] [pid 2274919:tid 2274919] AH01909: adamdix.com:443:0 server certificate does NOT include an ID which matches the server name
[Thu Jul 30 08:32:09.671198 2026] [mpm_prefork:notice] [pid 2274919:tid 2274919] AH00163: Apache/2.4.68 (cPanel) OpenSSL/1.1.1k mod_bwlimited/1.4 configured -- resuming normal operations
[Thu Jul 30 08:32:09.671243 2026] [core:notice] [pid 2274919:tid 2274919] AH00094: Command line: '/usr/sbin/httpd'
[Thu Jul 30 08:32:10.570893 2026] [core:error] [pid 2411001:tid 2411001] (13)Permission denied: [client 216.73.216.199:35758] AH00132: file permissions deny server access: /home/healthki/public_html/wp-includes/js/swfupload/1/2/sys/kernel/slab/request_sock_TCPv6/objs_per_slab
[Thu Jul 30 08:32:10.724910 2026] [security2:error] [pid 2410998:tid 2410998] [client 188.163.14.59:58684] ModSecurity: Warning. Operator EQ matched 0 at REQUEST_HEADERS. [file "/etc/apache2/conf.d/modsec_vendor_configs/OWASP3/rules/REQUEST-943-APPLICATION-ATTACK-SESSION-FIXATION.conf"] [line "38"] [id "943120"] [rev "2"] [msg "Possible Session Fixation Attack: SessionID Parameter Name with No Referer"] [data "Matched Data: phpsessid found within REQUEST_HEADERS: 0"] [severity "CRITICAL"] [ver "OWASP_CRS/3.0.0"] [maturity "2"] [accuracy "7"] [tag "application-multi"] [tag "language-multi"] [tag "platform-multi"] [tag "attack-fixation"] [tag "OWASP_CRS/WEB_ATTACK/SESSION_FIXATION"] [tag "WASCTC/WASC-37"] [tag "CAPEC-61"] [hostname "www.bigbangburgerbar.co.uk"] [uri "/Forum/index.php"] [unique_id "amr9-mbO7Ve-VHuiZF2Y6gAAABU"]
[Thu Jul 30 08:32:10.724967 2026] [security2:error] [pid 2410998:tid 2410998] [client 188.163.14.59:58684] ModSecurity: Access denied with code 403 (phase 2). Operator GE matched 5 at TX:anomaly_score. [file "/etc/apache2/conf.d/modsec_vendor_configs/OWASP3/rules/REQUEST-949-BLOCKING-EVALUATION.conf"] [line "30"] [id "949110"] [msg "Inbound Anomaly Score Exceeded (Total Score: 5)"] [severity "CRITICAL"] [tag "application-multi"] [tag "language-multi"] [tag "platform-multi"] [tag "attack-generic"] [hostname "www.bigbangburgerbar.co.uk"] [uri "/Forum/index.php"] [unique_id "amr9-mbO7Ve-VHuiZF2Y6gAAABU"]
[Thu Jul 30 08:32:10.725265 2026] [security2:error] [pid 2410998:tid 2410998] [client 188.163.14.59:58684] ModSecurity: Warning. Operator GE matched 5 at TX:inbound_anomaly_score. [file "/etc/apache2/conf.d/modsec_vendor_configs/OWASP3/rules/RESPONSE-980-CORRELATION.conf"] [line "37"] [id "980130"] [msg "Inbound Anomaly Score Exceeded (Total Inbound Score: 5 - SQLI=0,XSS=0,RFI=0,LFI=0,RCE=0,PHPI=0,HTTP=0,SESS=5): Possible Session Fixation Attack: SessionID Parameter Name with No Referer"] [tag "event-correlation"] [hostname "www.bigbangburgerbar.co.uk"] [uri "/403.shtml"] [unique_id "amr9-mbO7Ve-VHuiZF2Y6gAAABU"]
[Thu Jul 30 08:32:11.305140 2026] [ssl:error] [pid 2411001:tid 2411001] (70014)End of file found: [client 216.73.216.199:35758] AH02013: coalesce failed to read from data bucket
[Thu Jul 30 08:32:11.376323 2026] [access_compat:error] [pid 2411023:tid 2411023] [client 20.48.234.177:34821] AH01797: client denied by server configuration: /home/thepryor/public_html/pucci.php
[Thu Jul 30 08:32:12.111914 2026] [access_compat:error] [pid 2411023:tid 2411023] [client 20.48.234.177:34821] AH01797: client denied by server configuration: /home/thepryor/public_html/xwpg.php
[Thu Jul 30 08:32:12.758409 2026] [access_compat:error] [pid 2411023:tid 2411023] [client 20.48.234.177:34821] AH01797: client denied by server configuration: /home/thepryor/public_html/ops.php
[Thu Jul 30 08:32:13.405202 2026] [access_compat:error] [pid 2411023:tid 2411023] [client 20.48.234.177:34821] AH01797: client denied by server configuration: /home/thepryor/public_html/1.php
[Thu Jul 30 08:32:13.781556 2026] [ssl:error] [pid 2411106:tid 2411106] (EAI 2)Name or service not known: [client 144.76.19.72:48850] AH01972: could not resolve address of OCSP responder r10.o.lencr.org
[Thu Jul 30 08:32:13.781609 2026] [ssl:error] [pid 2411106:tid 2411106] AH01941: stapling_renew_response: responder error
[Thu Jul 30 08:32:14.041819 2026] [access_compat:error] [pid 2411023:tid 2411023] [client 20.48.234.177:34821] AH01797: client denied by server configuration: /home/thepryor/public_html/mac.php
[Thu Jul 30 08:32:15.277728 2026] [access_compat:error] [pid 2411023:tid 2411023] [client 20.48.234.177:34821] AH01797: client denied by server configuration: /home/thepryor/public_html/aa.php
[Thu Jul 30 08:32:15.914446 2026] [access_compat:error] [pid 2411023:tid 2411023] [client 20.48.234.177:34821] AH01797: client denied by server configuration: /home/thepryor/public_html/xyn.php
[Thu Jul 30 08:32:16.539985 2026] [access_compat:error] [pid 2411023:tid 2411023] [client 20.48.234.177:34821] AH01797: client denied by server configuration: /home/thepryor/public_html/wp-wp.php
[Thu Jul 30 08:32:17.179392 2026] [access_compat:error] [pid 2411023:tid 2411023] [client 20.48.234.177:34821] AH01797: client denied by server configuration: /home/thepryor/public_html/aw.php
[Thu Jul 30 08:32:17.826417 2026] [access_compat:error] [pid 2411023:tid 2411023] [client 20.48.234.177:34821] AH01797: client denied by server configuration: /home/thepryor/public_html/classwithtostring.php
[Thu Jul 30 08:32:18.464087 2026] [access_compat:error] [pid 2411023:tid 2411023] [client 20.48.234.177:34821] AH01797: client denied by server configuration: /home/thepryor/public_html/yawa.php
[Thu Jul 30 08:32:19.123250 2026] [access_compat:error] [pid 2411023:tid 2411023] [client 20.48.234.177:34821] AH01797: client denied by server configuration: /home/thepryor/public_html/sym403.php
[Thu Jul 30 08:32:19.965934 2026] [access_compat:error] [pid 2411023:tid 2411023] [client 20.48.234.177:34821] AH01797: client denied by server configuration: /home/thepryor/public_html/adminner.php
[Thu Jul 30 08:32:20.355885 2026] [access_compat:error] [pid 2411000:tid 2411000] [client 20.104.16.169:48290] AH01797: client denied by server configuration: /home/thepryor/public_html/dev2/8573.php
[Thu Jul 30 08:32:20.356274 2026] [core:error] [pid 2411000:tid 2411000] [client 20.104.16.169:48290] AH00124: Request exceeded the limit of 10 internal redirects due to probable configuration error. Use 'LimitInternalRecursion' to increase the limit if necessary. Use 'LogLevel debug' to get a backtrace.
[Thu Jul 30 08:32:20.746515 2026] [access_compat:error] [pid 2411023:tid 2411023] [client 20.48.234.177:34821] AH01797: client denied by server configuration: /home/thepryor/public_html/yup.php
[Thu Jul 30 08:32:21.008902 2026] [security2:error] [pid 2410999:tid 2410999] [client 47.128.98.69:18844] ModSecurity: Access denied with code 403 (phase 1). Matched phrase "Bytespider" at REQUEST_HEADERS:User-Agent. [file "/etc/apache2/conf.d/modsec/modsec2.user.conf"] [line "2"] [id "1000001"] [msg "Bad Bot Blocked"] [hostname "www.mcgarvey.co.uk"] [uri "/"] [unique_id "amr-BcVDgdzdvTL2t3XxcQAAAB0"]
[Thu Jul 30 08:32:21.389794 2026] [access_compat:error] [pid 2411023:tid 2411023] [client 20.48.234.177:34821] AH01797: client denied by server configuration: /home/thepryor/public_html/config.json.php
[Thu Jul 30 08:32:22.149960 2026] [access_compat:error] [pid 2411023:tid 2411023] [client 20.48.234.177:34821] AH01797: client denied by server configuration: /home/thepryor/public_html/wp-includes/block-bindings/pattern-overrides.php
[Thu Jul 30 08:32:22.149998 2026] [authz_core:error] [pid 2411023:tid 2411023] [client 20.48.234.177:34821] AH01630: client denied by server configuration: /home/thepryor/public_html/wp-includes/block-bindings/error_log
[Thu Jul 30 08:32:22.150014 2026] [access_compat:error] [pid 2411023:tid 2411023] [client 20.48.234.177:34821] AH01797: client denied by server configuration: /home/thepryor/public_html/wp-includes/block-bindings/term-data.php
[Thu Jul 30 08:32:22.150027 2026] [access_compat:error] [pid 2411023:tid 2411023] [client 20.48.234.177:34821] AH01797: client denied by server configuration: /home/thepryor/public_html/wp-includes/block-bindings/post-data.php
[Thu Jul 30 08:32:22.150040 2026] [access_compat:error] [pid 2411023:tid 2411023] [client 20.48.234.177:34821] AH01797: client denied by server configuration: /home/thepryor/public_html/wp-includes/block-bindings/post-meta.php
[Thu Jul 30 08:32:22.235126 2026] [access_compat:error] [pid 2411023:tid 2411023] [client 20.48.234.177:34821] AH01797: client denied by server configuration: /home/thepryor/public_html/2.php
[Thu Jul 30 08:32:22.742718 2026] [access_compat:error] [pid 2411023:tid 2411023] [client 20.48.234.177:34821] AH01797: client denied by server configuration: /home/thepryor/public_html/2.php
[Thu Jul 30 08:32:22.744908 2026] [core:error] [pid 2411264:tid 2411264] (13)Permission denied: [client 216.73.216.199:41403] AH00132: file permissions deny server access: /home/healthki/public_html/wp-includes/js/swfupload/1/2/sys/module/nf_conntrack/sections/__mcount_loc
[Thu Jul 30 08:32:23.141940 2026] [ssl:error] [pid 2411314:tid 2411314] (EAI 2)Name or service not known: [client 144.76.19.72:44644] AH01972: could not resolve address of OCSP responder r10.o.lencr.org
[Thu Jul 30 08:32:23.141979 2026] [ssl:error] [pid 2411314:tid 2411314] AH01941: stapling_renew_response: responder error
[Thu Jul 30 08:32:23.490038 2026] [access_compat:error] [pid 2411023:tid 2411023] [client 20.48.234.177:34821] AH01797: client denied by server configuration: /home/thepryor/public_html/f35.update.php
[Thu Jul 30 08:32:23.649155 2026] [ssl:error] [pid 2411264:tid 2411264] (70014)End of file found: [client 216.73.216.199:41403] AH02013: coalesce failed to read from data bucket
[Thu Jul 30 08:32:23.949402 2026] [ssl:error] [pid 2410999:tid 2410999] (70014)End of file found: [client 216.73.216.199:1946] AH02013: coalesce failed to read from data bucket
[Thu Jul 30 08:32:24.130491 2026] [access_compat:error] [pid 2411023:tid 2411023] [client 20.48.234.177:34821] AH01797: client denied by server configuration: /home/thepryor/public_html/k.php
[Thu Jul 30 08:32:24.679085 2026] [core:error] [pid 2411371:tid 2411371] [client 66.249.66.167:42096] AH00124: Request exceeded the limit of 10 internal redirects due to probable configuration error. Use 'LimitInternalRecursion' to increase the limit if necessary. Use 'LogLevel debug' to get a backtrace.
[Thu Jul 30 08:32:24.679122 2026] [core:error] [pid 2411371:tid 2411371] [client 66.249.66.167:42096] AH00124: Request exceeded the limit of 10 internal redirects due to probable configuration error. Use 'LimitInternalRecursion' to increase the limit if necessary. Use 'LogLevel debug' to get a backtrace.
[Thu Jul 30 08:32:24.681654 2026] [core:error] [pid 2411372:tid 2411372] [client 66.249.66.168:63000] AH00124: Request exceeded the limit of 10 internal redirects due to probable configuration error. Use 'LimitInternalRecursion' to increase the limit if necessary. Use 'LogLevel debug' to get a backtrace.
[Thu Jul 30 08:32:24.681690 2026] [core:error] [pid 2411372:tid 2411372] [client 66.249.66.168:63000] AH00124: Request exceeded the limit of 10 internal redirects due to probable configuration error. Use 'LimitInternalRecursion' to increase the limit if necessary. Use 'LogLevel debug' to get a backtrace.
[Thu Jul 30 08:32:24.861993 2026] [access_compat:error] [pid 2411023:tid 2411023] [client 20.48.234.177:34821] AH01797: client denied by server configuration: /home/thepryor/public_html/spadex.php
[Thu Jul 30 08:32:25.109121 2026] [lsapi:error] [pid 2411368:tid 2411368] [client 217.165.124.222:0] [host revoracing.org.uk] Request retrieving failed. Reason: unknown, On: request body, Source: client, Where: unknown
[Thu Jul 30 08:32:25.109158 2026] [lsapi:error] [pid 2411368:tid 2411368] [client 217.165.124.222:0] [host revoracing.org.uk] In order to get more info about fail reason try to change LogLevel to Info in httpd.conf and restart Apache
[Thu Jul 30 08:32:25.109166 2026] [lsapi:error] [pid 2411368:tid 2411368] [client 217.165.124.222:0] [host revoracing.org.uk] Client error on sending request(POST /xmlrpc.php HTTP/1.1); uri(/xmlrpc.php) content-length(712): user_get_body(tmpstackbuf, 16384): read from client failed
[Thu Jul 30 08:32:25.145497 2026] [authz_core:error] [pid 2411373:tid 2411373] [client 57.141.0.13:53936] AH01630: client denied by server configuration: /home/candidejacobs/public_html/error_log
[Thu Jul 30 08:32:25.146168 2026] [authz_core:error] [pid 2411373:tid 2411373] [client 57.141.0.13:53936] AH01630: client denied by server configuration: /home/candidejacobs/public_html/php.ini
[Thu Jul 30 08:32:25.228619 2026] [authz_core:error] [pid 2411128:tid 2411128] [client 57.141.0.24:57650] AH01630: client denied by server configuration: /home/candidejacobs/public_html/error_log
[Thu Jul 30 08:32:25.229251 2026] [authz_core:error] [pid 2411128:tid 2411128] [client 57.141.0.24:57650] AH01630: client denied by server configuration: /home/candidejacobs/public_html/php.ini
[Thu Jul 30 08:32:25.516831 2026] [access_compat:error] [pid 2411023:tid 2411023] [client 20.48.234.177:34821] AH01797: client denied by server configuration: /home/thepryor/public_html/mg.php
[Thu Jul 30 08:32:25.856398 2026] [authz_core:error] [pid 2411128:tid 2411128] [client 57.141.0.23:41604] AH01630: client denied by server configuration: /home/candidejacobs/public_html/error_log
[Thu Jul 30 08:32:25.857015 2026] [authz_core:error] [pid 2411128:tid 2411128] [client 57.141.0.23:41604] AH01630: client denied by server configuration: /home/candidejacobs/public_html/php.ini
[Thu Jul 30 08:32:25.944363 2026] [core:error] [pid 2411128:tid 2411128] [client 20.104.16.169:65444] AH00124: Request exceeded the limit of 10 internal redirects due to probable configuration error. Use 'LimitInternalRecursion' to increase the limit if necessary. Use 'LogLevel debug' to get a backtrace.
[Thu Jul 30 08:32:25.944384 2026] [core:error] [pid 2411128:tid 2411128] [client 20.104.16.169:65444] AH00124: Request exceeded the limit of 10 internal redirects due to probable configuration error. Use 'LimitInternalRecursion' to increase the limit if necessary. Use 'LogLevel debug' to get a backtrace.
[Thu Jul 30 08:32:26.278219 2026] [access_compat:error] [pid 2411023:tid 2411023] [client 20.48.234.177:34821] AH01797: client denied by server configuration: /home/thepryor/public_html/fnstall.php
[Thu Jul 30 08:32:26.379052 2026] [ssl:error] [pid 2411369:tid 2411369] (70014)End of file found: [client 216.73.216.199:62518] AH02013: coalesce failed to read from data bucket
[Thu Jul 30 08:32:26.929611 2026] [access_compat:error] [pid 2411023:tid 2411023] [client 20.48.234.177:34821] AH01797: client denied by server configuration: /home/thepryor/public_html/ortasekerli1.php
[Thu Jul 30 08:32:27.185938 2026] [ssl:error] [pid 2411420:tid 2411420] (EAI 2)Name or service not known: [client 144.76.19.72:46144] AH01972: could not resolve address of OCSP responder r10.o.lencr.org
[Thu Jul 30 08:32:27.185994 2026] [ssl:error] [pid 2411420:tid 2411420] AH01941: stapling_renew_response: responder error
[Thu Jul 30 08:32:27.267119 2026] [core:error] [pid 2411293:tid 2411293] [client 66.249.66.45:63866] AH00124: Request exceeded the limit of 10 internal redirects due to probable configuration error. Use 'LimitInternalRecursion' to increase the limit if necessary. Use 'LogLevel debug' to get a backtrace.
[Thu Jul 30 08:32:27.267141 2026] [core:error] [pid 2411293:tid 2411293] [client 66.249.66.45:63866] AH00124: Request exceeded the limit of 10 internal redirects due to probable configuration error. Use 'LimitInternalRecursion' to increase the limit if necessary. Use 'LogLevel debug' to get a backtrace.
[Thu Jul 30 08:32:27.306944 2026] [authz_core:error] [pid 2411420:tid 2411420] [client 57.141.0.50:56830] AH01630: client denied by server configuration: /home/candidejacobs/public_html/error_log
[Thu Jul 30 08:32:27.307574 2026] [authz_core:error] [pid 2411420:tid 2411420] [client 57.141.0.50:56830] AH01630: client denied by server configuration: /home/candidejacobs/public_html/php.ini
[Thu Jul 30 08:32:27.441348 2026] [cgi:error] [pid 2411415:tid 2411415] [client 35.199.181.150:47698] AH02812: stderr from /home/pstudioc/public_html/yorkguitarworkshop.co.uk/cgi-bin/: attempt to invoke directory as script
[Thu Jul 30 08:32:27.574528 2026] [access_compat:error] [pid 2411023:tid 2411023] [client 20.48.234.177:34821] AH01797: client denied by server configuration: /home/thepryor/public_html/sump1.php
[Thu Jul 30 08:32:27.626292 2026] [security2:error] [pid 2411411:tid 2411411] [client 169.150.201.35:55353] ModSecurity: Warning. Matched phrase "/sftp-config.json" at REQUEST_FILENAME. [file "/etc/apache2/conf.d/modsec_vendor_configs/OWASP3/rules/REQUEST-930-APPLICATION-ATTACK-LFI.conf"] [line "49"] [id "930130"] [rev "1"] [msg "Restricted File Access Attempt"] [data "Matched Data: /sftp-config.json found within REQUEST_FILENAME: /sftp-config.json"] [severity "CRITICAL"] [ver "OWASP_CRS/3.0.0"] [maturity "7"] [accuracy "8"] [tag "application-multi"] [tag "language-multi"] [tag "platform-multi"] [tag "attack-lfi"] [tag "OWASP_CRS/WEB_ATTACK/FILE_INJECTION"] [tag "WASCTC/WASC-33"] [tag "OWASP_TOP_10/A4"] [tag "PCI/6.5.4"] [hostname "www.wmsfirearmstraining.com"] [uri "/sftp-config.json"] [unique_id "amr-C5E4hd1gvYlgX6WzeAAAACQ"]
[Thu Jul 30 08:32:27.626483 2026] [security2:error] [pid 2411411:tid 2411411] [client 169.150.201.35:55353] ModSecurity: Access denied with code 403 (phase 2). Operator GE matched 5 at TX:anomaly_score. [file "/etc/apache2/conf.d/modsec_vendor_configs/OWASP3/rules/REQUEST-949-BLOCKING-EVALUATION.conf"] [line "30"] [id "949110"] [msg "Inbound Anomaly Score Exceeded (Total Score: 5)"] [severity "CRITICAL"] [tag "application-multi"] [tag "language-multi"] [tag "platform-multi"] [tag "attack-generic"] [hostname "www.wmsfirearmstraining.com"] [uri "/sftp-config.json"] [unique_id "amr-C5E4hd1gvYlgX6WzeAAAACQ"]
[Thu Jul 30 08:32:27.841589 2026] [ssl:error] [pid 2411414:tid 2411414] (EAI 2)Name or service not known: [client 144.76.19.72:46158] AH01972: could not resolve address of OCSP responder r10.o.lencr.org
[Thu Jul 30 08:32:27.841617 2026] [ssl:error] [pid 2411414:tid 2411414] AH01941: stapling_renew_response: responder error
[Thu Jul 30 08:32:28.348676 2026] [access_compat:error] [pid 2411023:tid 2411023] [client 20.48.234.177:34821] AH01797: client denied by server configuration: /home/thepryor/public_html/ops.php
[Thu Jul 30 08:32:28.363687 2026] [access_compat:error] [pid 2411408:tid 2411408] [client 106.215.157.145:23897] AH01797: client denied by server configuration: /home/thepryor/public_html/xmlrpc.php
[Thu Jul 30 08:32:28.815128 2026] [lsapi:warn] [pid 2411415:tid 2411415] [client 217.165.124.222:0] [host revoracing.org.uk] Backend log: PHP Deprecated: Automatically populating $HTTP_RAW_POST_DATA is deprecated and will be removed in a future version. To avoid this warning set 'always_populate_raw_post_data' to '-1' in php.ini and use the php://input stream instead. in Unknown on line 0\n
[Thu Jul 30 08:32:29.379407 2026] [ssl:error] [pid 2411413:tid 2411413] (70014)End of file found: [client 216.73.216.199:51571] AH02013: coalesce failed to read from data bucket
[Thu Jul 30 08:32:29.676511 2026] [access_compat:error] [pid 2411023:tid 2411023] [client 20.48.234.177:34821] AH01797: client denied by server configuration: /home/thepryor/public_html/wp-post-data.php
[Thu Jul 30 08:32:29.697227 2026] [security2:error] [pid 2411411:tid 2411411] [client 169.150.201.35:55353] ModSecurity: Warning. Operator GE matched 5 at TX:inbound_anomaly_score. [file "/etc/apache2/conf.d/modsec_vendor_configs/OWASP3/rules/RESPONSE-980-CORRELATION.conf"] [line "37"] [id "980130"] [msg "Inbound Anomaly Score Exceeded (Total Inbound Score: 5 - SQLI=0,XSS=0,RFI=0,LFI=5,RCE=0,PHPI=0,HTTP=0,SESS=0): Restricted File Access Attempt"] [tag "event-correlation"] [hostname "www.wmsfirearmstraining.com"] [uri "/index.php"] [unique_id "amr-C5E4hd1gvYlgX6WzeAAAACQ"]
[Thu Jul 30 08:32:29.767841 2026] [authz_core:error] [pid 2411417:tid 2411417] [client 57.141.0.52:60790] AH01630: client denied by server configuration: /home/candidejacobs/public_html/error_log
[Thu Jul 30 08:32:29.768470 2026] [authz_core:error] [pid 2411417:tid 2411417] [client 57.141.0.52:60790] AH01630: client denied by server configuration: /home/candidejacobs/public_html/php.ini
[Thu Jul 30 08:32:29.853949 2026] [security2:error] [pid 2411417:tid 2411417] [client 169.150.201.35:56999] ModSecurity: Warning. Matched phrase "/sftp-config.json" at REQUEST_FILENAME. [file "/etc/apache2/conf.d/modsec_vendor_configs/OWASP3/rules/REQUEST-930-APPLICATION-ATTACK-LFI.conf"] [line "49"] [id "930130"] [rev "1"] [msg "Restricted File Access Attempt"] [data "Matched Data: /sftp-config.json found within REQUEST_FILENAME: /sftp-config.json"] [severity "CRITICAL"] [ver "OWASP_CRS/3.0.0"] [maturity "7"] [accuracy "8"] [tag "application-multi"] [tag "language-multi"] [tag "platform-multi"] [tag "attack-lfi"] [tag "OWASP_CRS/WEB_ATTACK/FILE_INJECTION"] [tag "WASCTC/WASC-33"] [tag "OWASP_TOP_10/A4"] [tag "PCI/6.5.4"] [hostname "www.wmsfirearmstraining.com"] [uri "/sftp-config.json"] [unique_id "amr-DdRH0BKfuOPG3wTKMwAAACs"]
[Thu Jul 30 08:32:29.854151 2026] [security2:error] [pid 2411417:tid 2411417] [client 169.150.201.35:56999] ModSecurity: Access denied with code 403 (phase 2). Operator GE matched 5 at TX:anomaly_score. [file "/etc/apache2/conf.d/modsec_vendor_configs/OWASP3/rules/REQUEST-949-BLOCKING-EVALUATION.conf"] [line "30"] [id "949110"] [msg "Inbound Anomaly Score Exceeded (Total Score: 5)"] [severity "CRITICAL"] [tag "application-multi"] [tag "language-multi"] [tag "platform-multi"] [tag "attack-generic"] [hostname "www.wmsfirearmstraining.com"] [uri "/sftp-config.json"] [unique_id "amr-DdRH0BKfuOPG3wTKMwAAACs"]
[Thu Jul 30 08:32:29.889766 2026] [access_compat:error] [pid 2411405:tid 2411405] [client 20.104.16.169:48283] AH01797: client denied by server configuration: /home/thepryor/public_html/dev2/classwithtostring.php
[Thu Jul 30 08:32:29.890113 2026] [core:error] [pid 2411405:tid 2411405] [client 20.104.16.169:48283] AH00124: Request exceeded the limit of 10 internal redirects due to probable configuration error. Use 'LimitInternalRecursion' to increase the limit if necessary. Use 'LogLevel debug' to get a backtrace.
[Thu Jul 30 08:32:29.988297 2026] [ssl:error] [pid 2411049:tid 2411049] (70014)End of file found: [client 216.73.216.199:53744] AH02013: coalesce failed to read from data bucket
[Thu Jul 30 08:32:30.402405 2026] [cgi:error] [pid 2411586:tid 2411586] [client 136.65.23.210:43348] AH02812: stderr from /home/healthki/public_html/cgi-bin/: attempt to invoke directory as script, referer: http://kinesiologylondon.co.uk/cgi-bin
[Thu Jul 30 08:32:30.475829 2026] [access_compat:error] [pid 2411023:tid 2411023] [client 20.48.234.177:34821] AH01797: client denied by server configuration: /home/thepryor/public_html/root.php
[Thu Jul 30 08:32:30.749210 2026] [security2:error] [pid 2411417:tid 2411417] [client 169.150.201.35:56999] ModSecurity: Warning. Operator GE matched 5 at TX:inbound_anomaly_score. [file "/etc/apache2/conf.d/modsec_vendor_configs/OWASP3/rules/RESPONSE-980-CORRELATION.conf"] [line "37"] [id "980130"] [msg "Inbound Anomaly Score Exceeded (Total Inbound Score: 5 - SQLI=0,XSS=0,RFI=0,LFI=5,RCE=0,PHPI=0,HTTP=0,SESS=0): Restricted File Access Attempt"] [tag "event-correlation"] [hostname "www.wmsfirearmstraining.com"] [uri "/index.php"] [unique_id "amr-DdRH0BKfuOPG3wTKMwAAACs"]
[Thu Jul 30 08:32:30.897579 2026] [ssl:error] [pid 2411317:tid 2411317] (EAI 2)Name or service not known: [client 144.76.19.72:29548] AH01972: could not resolve address of OCSP responder r10.o.lencr.org
[Thu Jul 30 08:32:30.897610 2026] [ssl:error] [pid 2411317:tid 2411317] AH01941: stapling_renew_response: responder error
[Thu Jul 30 08:32:30.950974 2026] [ssl:error] [pid 2411149:tid 2411149] (EAI 2)Name or service not known: [client 144.76.19.72:29562] AH01972: could not resolve address of OCSP responder r10.o.lencr.org
[Thu Jul 30 08:32:30.951002 2026] [ssl:error] [pid 2411149:tid 2411149] AH01941: stapling_renew_response: responder error
[Thu Jul 30 08:32:31.228144 2026] [access_compat:error] [pid 2411023:tid 2411023] [client 20.48.234.177:34821] AH01797: client denied by server configuration: /home/thepryor/public_html/v543.php
[Thu Jul 30 08:32:31.509926 2026] [access_compat:error] [pid 2411170:tid 2411170] [client 20.104.16.169:59411] AH01797: client denied by server configuration: /home/thepryor/public_html/dev2/ohct.php
[Thu Jul 30 08:32:31.510296 2026] [core:error] [pid 2411170:tid 2411170] [client 20.104.16.169:59411] AH00124: Request exceeded the limit of 10 internal redirects due to probable configuration error. Use 'LimitInternalRecursion' to increase the limit if necessary. Use 'LogLevel debug' to get a backtrace.
[Thu Jul 30 08:32:31.993554 2026] [access_compat:error] [pid 2411023:tid 2411023] [client 20.48.234.177:34821] AH01797: client denied by server configuration: /home/thepryor/public_html/sixxis.php
[Thu Jul 30 08:32:32.397331 2026] [ssl:error] [pid 2411415:tid 2411415] (70014)End of file found: [client 216.73.216.199:50417] AH02013: coalesce failed to read from data bucket
[Thu Jul 30 08:32:32.789277 2026] [access_compat:error] [pid 2411023:tid 2411023] [client 20.48.234.177:34821] AH01797: client denied by server configuration: /home/thepryor/public_html/ip.php
[Thu Jul 30 08:32:33.313257 2026] [access_compat:error] [pid 2411023:tid 2411023] [client 20.48.234.177:34821] AH01797: client denied by server configuration: /home/thepryor/public_html/ip.php
[Thu Jul 30 08:32:33.705511 2026] [access_compat:error] [pid 2411294:tid 2411294] [client 20.104.16.169:60797] AH01797: client denied by server configuration: /home/thepryor/public_html/dev2/bless.php
[Thu Jul 30 08:32:33.705891 2026] [core:error] [pid 2411294:tid 2411294] [client 20.104.16.169:60797] AH00124: Request exceeded the limit of 10 internal redirects due to probable configuration error. Use 'LimitInternalRecursion' to increase the limit if necessary. Use 'LogLevel debug' to get a backtrace.
[Thu Jul 30 08:32:34.023790 2026] [ssl:error] [pid 2410998:tid 2410998] (EAI 2)Name or service not known: [client 144.76.19.72:29572] AH01972: could not resolve address of OCSP responder r10.o.lencr.org
[Thu Jul 30 08:32:34.023831 2026] [ssl:error] [pid 2410998:tid 2410998] AH01941: stapling_renew_response: responder error
[Thu Jul 30 08:32:34.057619 2026] [access_compat:error] [pid 2411023:tid 2411023] [client 20.48.234.177:34821] AH01797: client denied by server configuration: /home/thepryor/public_html/kq1.php
[Thu Jul 30 08:32:34.077828 2026] [ssl:error] [pid 2411002:tid 2411002] (EAI 2)Name or service not known: [client 144.76.19.72:29582] AH01972: could not resolve address of OCSP responder r10.o.lencr.org
[Thu Jul 30 08:32:34.077854 2026] [ssl:error] [pid 2411002:tid 2411002] AH01941: stapling_renew_response: responder error
[Thu Jul 30 08:32:34.306574 2026] [access_compat:error] [pid 2411614:tid 2411614] [client 106.215.157.145:24931] AH01797: client denied by server configuration: /home/thepryor/public_html/xmlrpc.php
[Thu Jul 30 08:32:34.517723 2026] [authz_core:error] [pid 2411294:tid 2411294] [client 57.141.0.70:42730] AH01630: client denied by server configuration: /home/candidejacobs/public_html/error_log
[Thu Jul 30 08:32:34.518344 2026] [authz_core:error] [pid 2411294:tid 2411294] [client 57.141.0.70:42730] AH01630: client denied by server configuration: /home/candidejacobs/public_html/php.ini
[Thu Jul 30 08:32:35.478223 2026] [authz_core:error] [pid 2411372:tid 2411372] [client 57.141.0.50:20778] AH01630: client denied by server configuration: /home/candidejacobs/public_html/error_log
[Thu Jul 30 08:32:35.478891 2026] [authz_core:error] [pid 2411372:tid 2411372] [client 57.141.0.50:20778] AH01630: client denied by server configuration: /home/candidejacobs/public_html/php.ini
[Thu Jul 30 08:32:35.735472 2026] [access_compat:error] [pid 2411023:tid 2411023] [client 20.48.234.177:34821] AH01797: client denied by server configuration: /home/thepryor/public_html/h02ugyh.php
[Thu Jul 30 08:32:36.016237 2026] [ssl:error] [pid 2411538:tid 2411538] (70014)End of file found: [client 216.73.216.199:56268] AH02013: coalesce failed to read from data bucket
[Thu Jul 30 08:32:36.181323 2026] [core:error] [pid 2411106:tid 2411106] [client 20.104.16.169:48288] AH00124: Request exceeded the limit of 10 internal redirects due to probable configuration error. Use 'LimitInternalRecursion' to increase the limit if necessary. Use 'LogLevel debug' to get a backtrace.
[Thu Jul 30 08:32:36.181350 2026] [core:error] [pid 2411106:tid 2411106] [client 20.104.16.169:48288] AH00124: Request exceeded the limit of 10 internal redirects due to probable configuration error. Use 'LimitInternalRecursion' to increase the limit if necessary. Use 'LogLevel debug' to get a backtrace.
[Thu Jul 30 08:32:36.313462 2026] [ssl:error] [pid 2411366:tid 2411366] (70014)End of file found: [client 216.73.216.199:15299] AH02013: coalesce failed to read from data bucket
[Thu Jul 30 08:32:36.485573 2026] [access_compat:error] [pid 2411023:tid 2411023] [client 20.48.234.177:34821] AH01797: client denied by server configuration: /home/thepryor/public_html/wp-temp.php
[Thu Jul 30 08:32:37.134349 2026] [ssl:error] [pid 2411411:tid 2411411] (EAI 2)Name or service not known: [client 144.76.19.72:29588] AH01972: could not resolve address of OCSP responder r10.o.lencr.org
[Thu Jul 30 08:32:37.134386 2026] [ssl:error] [pid 2411411:tid 2411411] AH01941: stapling_renew_response: responder error
[Thu Jul 30 08:32:37.203631 2026] [ssl:error] [pid 2411613:tid 2411613] (EAI 2)Name or service not known: [client 144.76.19.72:29598] AH01972: could not resolve address of OCSP responder r10.o.lencr.org
[Thu Jul 30 08:32:37.203666 2026] [ssl:error] [pid 2411613:tid 2411613] AH01941: stapling_renew_response: responder error
[Thu Jul 30 08:32:37.239491 2026] [access_compat:error] [pid 2411023:tid 2411023] [client 20.48.234.177:34821] AH01797: client denied by server configuration: /home/thepryor/public_html/wp-content/cong.php
[Thu Jul 30 08:32:37.713594 2026] [core:error] [pid 2411373:tid 2411373] (13)Permission denied: [client 216.73.216.199:7629] AH00132: file permissions deny server access: /home/healthki/public_html/wp-includes/js/swfupload/1/2/sys/class/tty/tty47/subsystem/ttyS0/flags
[Thu Jul 30 08:32:37.752185 2026] [access_compat:error] [pid 2411023:tid 2411023] [client 20.48.234.177:34821] AH01797: client denied by server configuration: /home/thepryor/public_html/wp-content/cong.php
[Thu Jul 30 08:32:37.893433 2026] [security2:error] [pid 2410998:tid 2410998] [client 94.154.43.185:19930] ModSecurity: Warning. Matched phrase "/.env" at REQUEST_FILENAME. [file "/etc/apache2/conf.d/modsec_vendor_configs/OWASP3/rules/REQUEST-930-APPLICATION-ATTACK-LFI.conf"] [line "49"] [id "930130"] [rev "1"] [msg "Restricted File Access Attempt"] [data "Matched Data: /.env found within REQUEST_FILENAME: /.env"] [severity "CRITICAL"] [ver "OWASP_CRS/3.0.0"] [maturity "7"] [accuracy "8"] [tag "application-multi"] [tag "language-multi"] [tag "platform-multi"] [tag "attack-lfi"] [tag "OWASP_CRS/WEB_ATTACK/FILE_INJECTION"] [tag "WASCTC/WASC-33"] [tag "OWASP_TOP_10/A4"] [tag "PCI/6.5.4"] [hostname "retrodisco.co.uk"] [uri "/.env"] [unique_id "amr-FWbO7Ve-VHuiZF2Y9AAAABU"]
[Thu Jul 30 08:32:37.893630 2026] [security2:error] [pid 2410998:tid 2410998] [client 94.154.43.185:19930] ModSecurity: Access denied with code 403 (phase 2). Operator GE matched 5 at TX:anomaly_score. [file "/etc/apache2/conf.d/modsec_vendor_configs/OWASP3/rules/REQUEST-949-BLOCKING-EVALUATION.conf"] [line "30"] [id "949110"] [msg "Inbound Anomaly Score Exceeded (Total Score: 5)"] [severity "CRITICAL"] [tag "application-multi"] [tag "language-multi"] [tag "platform-multi"] [tag "attack-generic"] [hostname "retrodisco.co.uk"] [uri "/.env"] [unique_id "amr-FWbO7Ve-VHuiZF2Y9AAAABU"]
[Thu Jul 30 08:32:38.065926 2026] [security2:error] [pid 2411413:tid 2411413] [client 54.38.147.118:32626] ModSecurity: Access denied with code 403 (phase 1). Matched phrase "AhrefsBot" at REQUEST_HEADERS:User-Agent. [file "/etc/apache2/conf.d/modsec/modsec2.user.conf"] [line "2"] [id "1000001"] [msg "Bad Bot Blocked"] [hostname "www.wurlitzer.co.uk"] [uri "/robots.txt"] [unique_id "amr-Fnfjr3JV1iQKHMojBAAAACY"]
[Thu Jul 30 08:32:38.123869 2026] [ssl:error] [pid 2411373:tid 2411373] (70014)End of file found: [client 216.73.216.199:7629] AH02013: coalesce failed to read from data bucket
[Thu Jul 30 08:32:38.373250 2026] [lsapi:warn] [pid 2411314:tid 2411314] [client 217.165.124.222:0] [host revoracing.org.uk] Backend log: PHP Deprecated: Automatically populating $HTTP_RAW_POST_DATA is deprecated and will be removed in a future version. To avoid this warning set 'always_populate_raw_post_data' to '-1' in php.ini and use the php://input stream instead. in Unknown on line 0\n
[Thu Jul 30 08:32:38.993315 2026] [core:error] [pid 2411316:tid 2411316] [client 20.104.16.169:60785] AH00124: Request exceeded the limit of 10 internal redirects due to probable configuration error. Use 'LimitInternalRecursion' to increase the limit if necessary. Use 'LogLevel debug' to get a backtrace.
[Thu Jul 30 08:32:38.993352 2026] [core:error] [pid 2411316:tid 2411316] [client 20.104.16.169:60785] AH00124: Request exceeded the limit of 10 internal redirects due to probable configuration error. Use 'LimitInternalRecursion' to increase the limit if necessary. Use 'LogLevel debug' to get a backtrace.
[Thu Jul 30 08:32:39.304617 2026] [security2:error] [pid 2410998:tid 2410998] [client 94.154.43.185:19930] ModSecurity: Warning. Operator GE matched 5 at TX:inbound_anomaly_score. [file "/etc/apache2/conf.d/modsec_vendor_configs/OWASP3/rules/RESPONSE-980-CORRELATION.conf"] [line "37"] [id "980130"] [msg "Inbound Anomaly Score Exceeded (Total Inbound Score: 5 - SQLI=0,XSS=0,RFI=0,LFI=5,RCE=0,PHPI=0,HTTP=0,SESS=0): Restricted File Access Attempt"] [tag "event-correlation"] [hostname "retrodisco.co.uk"] [uri "/index.php"] [unique_id "amr-FWbO7Ve-VHuiZF2Y9AAAABU"]
[Thu Jul 30 08:32:39.457758 2026] [security2:error] [pid 2411417:tid 2411417] [client 198.244.226.214:17562] ModSecurity: Access denied with code 403 (phase 1). Matched phrase "AhrefsBot" at REQUEST_HEADERS:User-Agent. [file "/etc/apache2/conf.d/modsec/modsec2.user.conf"] [line "2"] [id "1000001"] [msg "Bad Bot Blocked"] [hostname "www.wurlitzer.co.uk"] [uri "/omt-vinyl-200-2/"] [unique_id "amr-F9RH0BKfuOPG3wTKNwAAACs"]
[Thu Jul 30 08:32:39.473883 2026] [security2:error] [pid 2411075:tid 2411075] [client 94.154.43.177:57818] ModSecurity: Warning. Matched phrase "/.env" at REQUEST_FILENAME. [file "/etc/apache2/conf.d/modsec_vendor_configs/OWASP3/rules/REQUEST-930-APPLICATION-ATTACK-LFI.conf"] [line "49"] [id "930130"] [rev "1"] [msg "Restricted File Access Attempt"] [data "Matched Data: /.env found within REQUEST_FILENAME: /.env"] [severity "CRITICAL"] [ver "OWASP_CRS/3.0.0"] [maturity "7"] [accuracy "8"] [tag "application-multi"] [tag "language-multi"] [tag "platform-multi"] [tag "attack-lfi"] [tag "OWASP_CRS/WEB_ATTACK/FILE_INJECTION"] [tag "WASCTC/WASC-33"] [tag "OWASP_TOP_10/A4"] [tag "PCI/6.5.4"] [hostname "www.retrodisco.co.uk"] [uri "/.env"] [unique_id "amr-F6MQ5X2C9gyDd1iUWgAAAAI"]
[Thu Jul 30 08:32:39.474079 2026] [security2:error] [pid 2411075:tid 2411075] [client 94.154.43.177:57818] ModSecurity: Access denied with code 403 (phase 2). Operator GE matched 5 at TX:anomaly_score. [file "/etc/apache2/conf.d/modsec_vendor_configs/OWASP3/rules/REQUEST-949-BLOCKING-EVALUATION.conf"] [line "30"] [id "949110"] [msg "Inbound Anomaly Score Exceeded (Total Score: 5)"] [severity "CRITICAL"] [tag "application-multi"] [tag "language-multi"] [tag "platform-multi"] [tag "attack-generic"] [hostname "www.retrodisco.co.uk"] [uri "/.env"] [unique_id "amr-F6MQ5X2C9gyDd1iUWgAAAAI"]
[Thu Jul 30 08:32:40.258943 2026] [ssl:error] [pid 2411316:tid 2411316] (EAI 2)Name or service not known: [client 144.76.19.72:57388] AH01972: could not resolve address of OCSP responder r10.o.lencr.org
[Thu Jul 30 08:32:40.258980 2026] [ssl:error] [pid 2411316:tid 2411316] AH01941: stapling_renew_response: responder error
[Thu Jul 30 08:32:40.312517 2026] [ssl:error] [pid 2411415:tid 2411415] (EAI 2)Name or service not known: [client 144.76.19.72:57400] AH01972: could not resolve address of OCSP responder r10.o.lencr.org
[Thu Jul 30 08:32:40.312546 2026] [ssl:error] [pid 2411415:tid 2411415] AH01941: stapling_renew_response: responder error
[Thu Jul 30 08:32:40.372112 2026] [access_compat:error] [pid 2411023:tid 2411023] [client 20.48.234.177:34821] AH01797: client denied by server configuration: /home/thepryor/public_html/jj.php
[Thu Jul 30 08:32:40.734488 2026] [authz_core:error] [pid 2411613:tid 2411613] [client 57.141.0.21:44030] AH01630: client denied by server configuration: /home/candidejacobs/public_html/error_log
[Thu Jul 30 08:32:40.735117 2026] [authz_core:error] [pid 2411613:tid 2411613] [client 57.141.0.21:44030] AH01630: client denied by server configuration: /home/candidejacobs/public_html/php.ini
[Thu Jul 30 08:32:40.797590 2026] [access_compat:error] [pid 2411419:tid 2411419] [client 20.104.16.169:48284] AH01797: client denied by server configuration: /home/thepryor/public_html/dev2/ta0ol.php
[Thu Jul 30 08:32:40.797921 2026] [core:error] [pid 2411419:tid 2411419] [client 20.104.16.169:48284] AH00124: Request exceeded the limit of 10 internal redirects due to probable configuration error. Use 'LimitInternalRecursion' to increase the limit if necessary. Use 'LogLevel debug' to get a backtrace.
[Thu Jul 30 08:32:40.807252 2026] [security2:error] [pid 2411075:tid 2411075] [client 94.154.43.177:57818] ModSecurity: Warning. Operator GE matched 5 at TX:inbound_anomaly_score. [file "/etc/apache2/conf.d/modsec_vendor_configs/OWASP3/rules/RESPONSE-980-CORRELATION.conf"] [line "37"] [id "980130"] [msg "Inbound Anomaly Score Exceeded (Total Inbound Score: 5 - SQLI=0,XSS=0,RFI=0,LFI=5,RCE=0,PHPI=0,HTTP=0,SESS=0): Restricted File Access Attempt"] [tag "event-correlation"] [hostname "www.retrodisco.co.uk"] [uri "/index.php"] [unique_id "amr-F6MQ5X2C9gyDd1iUWgAAAAI"]
[Thu Jul 30 08:32:41.032787 2026] [access_compat:error] [pid 2410998:tid 2410998] [client 106.215.157.145:6844] AH01797: client denied by server configuration: /home/thepryor/public_html/xmlrpc.php
[Thu Jul 30 08:32:41.128908 2026] [access_compat:error] [pid 2411023:tid 2411023] [client 20.48.234.177:34821] AH01797: client denied by server configuration: /home/thepryor/public_html/class-walker-footer-dev.php
[Thu Jul 30 08:32:41.431237 2026] [ssl:error] [pid 2411128:tid 2411128] (70014)End of file found: [client 216.73.216.199:40229] AH02013: coalesce failed to read from data bucket
[Thu Jul 30 08:32:41.844945 2026] [authz_core:error] [pid 2411000:tid 2411000] [client 57.141.0.14:37548] AH01630: client denied by server configuration: /home/candidejacobs/public_html/error_log
[Thu Jul 30 08:32:41.845571 2026] [authz_core:error] [pid 2411000:tid 2411000] [client 57.141.0.14:37548] AH01630: client denied by server configuration: /home/candidejacobs/public_html/php.ini
[Thu Jul 30 08:32:42.299274 2026] [access_compat:error] [pid 2411023:tid 2411023] [client 20.48.234.177:34821] AH01797: client denied by server configuration: /home/thepryor/public_html/xpwer1.php
[Thu Jul 30 08:32:42.938463 2026] [access_compat:error] [pid 2411023:tid 2411023] [client 20.48.234.177:34821] AH01797: client denied by server configuration: /home/thepryor/public_html/flox.php
[Thu Jul 30 08:32:43.368301 2026] [ssl:error] [pid 2411406:tid 2411406] (EAI 2)Name or service not known: [client 144.76.19.72:57412] AH01972: could not resolve address of OCSP responder r10.o.lencr.org
[Thu Jul 30 08:32:43.368334 2026] [ssl:error] [pid 2411406:tid 2411406] AH01941: stapling_renew_response: responder error
[Thu Jul 30 08:32:43.422856 2026] [ssl:error] [pid 2411317:tid 2411317] (EAI 2)Name or service not known: [client 144.76.19.72:57424] AH01972: could not resolve address of OCSP responder r10.o.lencr.org
[Thu Jul 30 08:32:43.422883 2026] [ssl:error] [pid 2411317:tid 2411317] AH01941: stapling_renew_response: responder error
[Thu Jul 30 08:32:43.703355 2026] [access_compat:error] [pid 2411023:tid 2411023] [client 20.48.234.177:34821] AH01797: client denied by server configuration: /home/thepryor/public_html/popo.php
[Thu Jul 30 08:32:44.469759 2026] [access_compat:error] [pid 2411023:tid 2411023] [client 20.48.234.177:34821] AH01797: client denied by server configuration: /home/thepryor/public_html/yas.php
[Thu Jul 30 08:32:44.706101 2026] [access_compat:error] [pid 2411000:tid 2411000] [client 106.215.157.145:20302] AH01797: client denied by server configuration: /home/thepryor/public_html/xmlrpc.php
[Thu Jul 30 08:32:44.771278 2026] [authz_core:error] [pid 2411369:tid 2411369] [client 57.141.0.47:52406] AH01630: client denied by server configuration: /home/candidejacobs/public_html/error_log
[Thu Jul 30 08:32:44.771936 2026] [authz_core:error] [pid 2411369:tid 2411369] [client 57.141.0.47:52406] AH01630: client denied by server configuration: /home/candidejacobs/public_html/php.ini
[Thu Jul 30 08:32:45.445415 2026] [access_compat:error] [pid 2411023:tid 2411023] [client 20.48.234.177:34821] AH01797: client denied by server configuration: /home/thepryor/public_html/water.php
[Thu Jul 30 08:32:45.809641 2026] [authz_core:error] [pid 2411416:tid 2411416] [client 57.141.0.8:39718] AH01630: client denied by server configuration: /home/candidejacobs/public_html/error_log
[Thu Jul 30 08:32:45.810266 2026] [authz_core:error] [pid 2411416:tid 2411416] [client 57.141.0.8:39718] AH01630: client denied by server configuration: /home/candidejacobs/public_html/php.ini
